{"id":961,"date":"2014-03-25T20:34:22","date_gmt":"2014-03-25T18:34:22","guid":{"rendered":"https:\/\/www.lieksanurheilijat.com\/?page_id=961"},"modified":"2014-05-10T08:19:19","modified_gmt":"2014-05-10T05:19:19","slug":"piirinmestaruusmaastot","status":"publish","type":"page","link":"https:\/\/www.lieksanurheilijat.com\/?page_id=961","title":{"rendered":"Piirinmestaruusmaastot"},"content":{"rendered":"<div>\n<p>Valtimo 20.05<\/p>\n<p>P15 Maasto 2,15km<br \/>\n1 Juha Rokkonen Lieksan Urheilijat 7.48<\/p>\n<p>P13 Maasto 2,15km<br \/>\n1 Lauri Keinonen H\u00f6yti\u00e4isten Urheilijat 8.28<br \/>\n2 Timo Ryyn\u00e4nen Lieksan Urheilijat 8.30<br \/>\n3 Eppu Honkanen Lieksan Urheilijat 8.35<\/p>\n<p>P12 Maasto 2,15km<br \/>\n1 Arttu Simanainen Joensuun Kataja 8.02<br \/>\n2 Eeki Kokkonen Lieksan Urheilijat 8.24<br \/>\n4 Aapo Saastamoinen Lieksan Urheilijat 9.41<br \/>\n7 Atte Honkanen Lieksan Urheilijat 12.01<\/p>\n<p>P12 Maasto 2,15km joukkuekilpailu<br \/>\n1 Lieksan Urheilijat 13 pistett\u00e4<br \/>\nEeki Kokkonen<br \/>\nAapo Saastamoinen<br \/>\nAtte Honkanen<\/p>\n<p>T11 Maasto 1km<br \/>\n1 Tanja Ryyn\u00e4nen Lieksan Urheilijat 4.12<br \/>\n3 Riina Kettunen Lieksan Urheilijat 4.40<br \/>\n4 Kristiina Oinonen Lieksan Urheilijat 4.42<\/p>\n<p>T11 Maasto 1km joukkuekilpailu<br \/>\n1 Lieksan Urheilijat 8 pistett\u00e4<br \/>\nTanja Ryyn\u00e4nen<br \/>\nRiina Kettunen<br \/>\nKristiina Oinonen<\/p>\n<\/div>\n","protected":false},"excerpt":{"rendered":"<p>Valtimo 20.05 P15 Maasto 2,15km 1 Juha Rokkonen Lieksan Urheilijat 7.48 P13 Maasto 2,15km 1 Lauri Keinonen H\u00f6yti\u00e4isten Urheilijat 8.28 2 Timo Ryyn\u00e4nen Lieksan Urheilijat 8.30 3 Eppu Honkanen Lieksan Urheilijat 8.35 P12 Maasto 2,15km 1 Arttu Simanainen Joensuun Kataja 8.02 2 Eeki Kokkonen Lieksan Urheilijat 8.24 4 Aapo Saastamoinen &hellip;<\/p>\n","protected":false},"author":3,"featured_media":0,"parent":827,"menu_order":0,"comment_status":"closed","ping_status":"closed","template":"templates\/template-threecolumns-center.php","meta":{"footnotes":""},"categories":[7],"tags":[],"class_list":["post-961","page","type-page","status-publish","hentry","category-tulokset"],"_links":{"self":[{"href":"https:\/\/www.lieksanurheilijat.com\/index.php?rest_route=\/wp\/v2\/pages\/961","targetHints":{"allow":["GET"]}}],"collection":[{"href":"https:\/\/www.lieksanurheilijat.com\/index.php?rest_route=\/wp\/v2\/pages"}],"about":[{"href":"https:\/\/www.lieksanurheilijat.com\/index.php?rest_route=\/wp\/v2\/types\/page"}],"author":[{"embeddable":true,"href":"https:\/\/www.lieksanurheilijat.com\/index.php?rest_route=\/wp\/v2\/users\/3"}],"replies":[{"embeddable":true,"href":"https:\/\/www.lieksanurheilijat.com\/index.php?rest_route=%2Fwp%2Fv2%2Fcomments&post=961"}],"version-history":[{"count":1,"href":"https:\/\/www.lieksanurheilijat.com\/index.php?rest_route=\/wp\/v2\/pages\/961\/revisions"}],"predecessor-version":[{"id":962,"href":"https:\/\/www.lieksanurheilijat.com\/index.php?rest_route=\/wp\/v2\/pages\/961\/revisions\/962"}],"up":[{"embeddable":true,"href":"https:\/\/www.lieksanurheilijat.com\/index.php?rest_route=\/wp\/v2\/pages\/827"}],"wp:attachment":[{"href":"https:\/\/www.lieksanurheilijat.com\/index.php?rest_route=%2Fwp%2Fv2%2Fmedia&parent=961"}],"wp:term":[{"taxonomy":"category","embeddable":true,"href":"https:\/\/www.lieksanurheilijat.com\/index.php?rest_route=%2Fwp%2Fv2%2Fcategories&post=961"},{"taxonomy":"post_tag","embeddable":true,"href":"https:\/\/www.lieksanurheilijat.com\/index.php?rest_route=%2Fwp%2Fv2%2Ftags&post=961"}],"curies":[{"name":"wp","href":"https:\/\/api.w.org\/{rel}","templated":true}]}}