{"id":937,"date":"2014-03-25T20:25:29","date_gmt":"2014-03-25T18:25:29","guid":{"rendered":"https:\/\/www.lieksanurheilijat.com\/?page_id=937"},"modified":"2014-05-10T08:20:04","modified_gmt":"2014-05-10T05:20:04","slug":"vaaksyn-kansainvaliset-moniottelut","status":"publish","type":"page","link":"https:\/\/www.lieksanurheilijat.com\/?page_id=937","title":{"rendered":"V\u00e4\u00e4ksyn Kansainv\u00e4liset moniottelut"},"content":{"rendered":"<div>\n<p>V\u00e4\u00e4ksy 05.08<\/p>\n<p>N 7-ottelu<br \/>\n1 Katsiaryna Netsviatayeva Valko-Ven\u00e4j\u00e4 5940<br \/>\n6 Jutta Heikkinen Lieksan Urheilijat 5314<br \/>\n8 Hertta Heikkinen Lieksan Urheilijat 4721<br \/>\n18 Maarit Kiiskinen Lieksan Urheilijat 3356<\/p>\n<p>N Pituus<br \/>\n1 Luvia Slanickova Slovakia 599 -0,9<br \/>\n11 Jutta Heikkinen Lieksan Urheilijat 540 -0,2<br \/>\n13 Hertta Heikkinen Lieksan Urheilijat 520 -0,7<br \/>\n19 Maarit Kiiskinen Lieksan Urheilijat 485 -0,3<\/p>\n<p>N Keih\u00e4s<br \/>\n1 Niina Kelo Keski-Uudenmaan Yleisurheilu 49,88<br \/>\n3 Jutta Heikkinen Lieksan Urheilijat 44,96<br \/>\n11 Hertta Heikkinen Lieksan Urheilijat 32,88<br \/>\n18 Maarit Kiiskinen Lieksan Urheilijat 25,01<\/p>\n<p>N 800m<br \/>\n1 Katsiaryna Netsviatayeva Valko-Ven\u00e4j\u00e4 2.14,17<br \/>\n3 Jutta Heikkinen Lieksan Urheilijat 2.22,68<br \/>\n12 Hertta Heikkinen Lieksan Urheilijat 2.35,04<br \/>\n13 Maarit Kiiskinen Lieksan Urheilijat 2.36,30<\/p>\n<p>V\u00e4\u00e4ksy 04.08<\/p>\n<p>N 100m aj<br \/>\n1 Katsiaryna Netsviatayeva Valko-Ven\u00e4j\u00e4 13,77 +0,5<br \/>\n9 Jutta Heikkinen Lieksan Urheilijat 14,73 +0,5<br \/>\n12 Hertta Heikkinen Lieksan Urheilijat 15,00 +0,1<br \/>\n21 Maarit Kiiskinen Lieksan Urheilijat 16,63 +0,1<\/p>\n<p>N Korkeus<br \/>\n1 Miia Sillman Tampereen Pyrint\u00f6 171<br \/>\n7 Jutta Heikkinen Lieksan Urheilijat 165<br \/>\n7 Hertta Heikkinen Lieksan Urheilijat 165<br \/>\nMaarit Kiiskinen Lieksan Urheilijat NH<\/p>\n<p>N Kuula<br \/>\n1 Niina Kelo Keski-Uudenmaan Yleisurheilu 14,59<br \/>\n11 Jutta Heikkinen Lieksan Urheilijat 10,93<br \/>\n15 Hertta Heikkinen Lieksan Urheilijat 10,23<br \/>\n21 Maarit Kiiskinen Lieksan Urheilijat 09,07<\/p>\n<p>N 200m<br \/>\n1 Katsiaryna Netsviatayeva Valko-Ven\u00e4j\u00e4 24,60 -0,1<br \/>\n4 Jutta Heikkinen Lieksan Urheilijat 25,64 -0,1<br \/>\n6 Hertta Heikkinen Lieksan Urheilijat 26,39 +1,0<br \/>\n12 Maarit Kiiskinen Lieksan Urheilijat 26,77 +1,0<\/p>\n<\/div>\n","protected":false},"excerpt":{"rendered":"<p>V\u00e4\u00e4ksy 05.08 N 7-ottelu 1 Katsiaryna Netsviatayeva Valko-Ven\u00e4j\u00e4 5940 6 Jutta Heikkinen Lieksan Urheilijat 5314 8 Hertta Heikkinen Lieksan Urheilijat 4721 18 Maarit Kiiskinen Lieksan Urheilijat 3356 N Pituus 1 Luvia Slanickova Slovakia 599 -0,9 11 Jutta Heikkinen Lieksan Urheilijat 540 -0,2 13 Hertta Heikkinen Lieksan Urheilijat 520 -0,7 19 &hellip;<\/p>\n","protected":false},"author":3,"featured_media":0,"parent":827,"menu_order":0,"comment_status":"closed","ping_status":"closed","template":"templates\/template-threecolumns-center.php","meta":{"footnotes":""},"categories":[7],"tags":[],"class_list":["post-937","page","type-page","status-publish","hentry","category-tulokset"],"_links":{"self":[{"href":"https:\/\/www.lieksanurheilijat.com\/index.php?rest_route=\/wp\/v2\/pages\/937","targetHints":{"allow":["GET"]}}],"collection":[{"href":"https:\/\/www.lieksanurheilijat.com\/index.php?rest_route=\/wp\/v2\/pages"}],"about":[{"href":"https:\/\/www.lieksanurheilijat.com\/index.php?rest_route=\/wp\/v2\/types\/page"}],"author":[{"embeddable":true,"href":"https:\/\/www.lieksanurheilijat.com\/index.php?rest_route=\/wp\/v2\/users\/3"}],"replies":[{"embeddable":true,"href":"https:\/\/www.lieksanurheilijat.com\/index.php?rest_route=%2Fwp%2Fv2%2Fcomments&post=937"}],"version-history":[{"count":1,"href":"https:\/\/www.lieksanurheilijat.com\/index.php?rest_route=\/wp\/v2\/pages\/937\/revisions"}],"predecessor-version":[{"id":938,"href":"https:\/\/www.lieksanurheilijat.com\/index.php?rest_route=\/wp\/v2\/pages\/937\/revisions\/938"}],"up":[{"embeddable":true,"href":"https:\/\/www.lieksanurheilijat.com\/index.php?rest_route=\/wp\/v2\/pages\/827"}],"wp:attachment":[{"href":"https:\/\/www.lieksanurheilijat.com\/index.php?rest_route=%2Fwp%2Fv2%2Fmedia&parent=937"}],"wp:term":[{"taxonomy":"category","embeddable":true,"href":"https:\/\/www.lieksanurheilijat.com\/index.php?rest_route=%2Fwp%2Fv2%2Fcategories&post=937"},{"taxonomy":"post_tag","embeddable":true,"href":"https:\/\/www.lieksanurheilijat.com\/index.php?rest_route=%2Fwp%2Fv2%2Ftags&post=937"}],"curies":[{"name":"wp","href":"https:\/\/api.w.org\/{rel}","templated":true}]}}