{"id":857,"date":"2014-03-24T21:38:05","date_gmt":"2014-03-24T19:38:05","guid":{"rendered":"https:\/\/www.lieksanurheilijat.com\/?page_id=857"},"modified":"2014-05-10T08:15:47","modified_gmt":"2014-05-10T05:15:47","slug":"tahtikisa-25-ja-moukarikisa","status":"publish","type":"page","link":"https:\/\/www.lieksanurheilijat.com\/?page_id=857","title":{"rendered":"T\u00e4htikisa 2\/5 ja moukarikisa"},"content":{"rendered":"<p>Lieksa 12.06<\/p>\n<p>Miehet Kuula<br \/>\n1 Joni Karvinen Yl\u00f6j\u00e4rven Urheilijat 12,92 B<\/p>\n<p>Miehet Moukari<br \/>\n1 Kai R\u00e4s\u00e4nen Pyh\u00e4sel\u00e4n Urheilijat 67,68 A<br \/>\n2 Markus Kokkonen Pyh\u00e4sel\u00e4n Urheilijat 62,50 A<\/p>\n<p>M17 Moukari<br \/>\n1 Kimmo Martikainen Lieksan Urheilijat 51,13 A<\/p>\n<p>P15 Moukari<br \/>\n1 Aleksi Timonen Polvij\u00e4rven Vauhti 42,72 A<\/p>\n<p>P14 100m<br \/>\n1 Samu Kempas Lieksan Urheilijat 12,90 B<br \/>\n2 Timo Ryyn\u00e4nen Lieksan Urheilijat 17,73<\/p>\n<p>P14 Kuula<br \/>\n1 Timo Ryyn\u00e4nen Lieksan Urheilijat 4,70<\/p>\n<p>P13 60m<br \/>\n1 Eeki Kokkonen Lieksan Urheilijat 8,98 C<\/p>\n<p>P13 Pituus<br \/>\n1 Eeki Kokkonen Lieksan Urheilijat 408 C<\/p>\n<p>P13 Kuula<br \/>\n1 Eeki Kokkonen Lieksan Urheilijat 8,46 C<\/p>\n<p>P12 60m<br \/>\n1 Teemu Malinen Pyh\u00e4sel\u00e4n Urheilijat 8,95 B<br \/>\n2 Miika Kempas Lieksan Urheilijat 8,99 B<\/p>\n<p>P10 60m<br \/>\n1 Rasmus Kuiri Lieksan Urheilijat 11,37<\/p>\n<p>P10 Pituus<br \/>\n1 Rasmus Kuiri Lieksan Urheilijat 306<\/p>\n<p>P10 Kuula<br \/>\n1 Rasmus Kuiri Lieksan Urheilijat 5,78 C<\/p>\n<p>P09 40m<br \/>\n1 Jyry Pesonen Lieksan Urheilijat 7,74<br \/>\n2 Mikael Oinonen Lieksan Urheilijat 8,08<\/p>\n<p>P09 Pituus<br \/>\n1 Jyry Pesonen Lieksan Urheilijat 289<br \/>\n2 Mikael Oinonen Lieksan Urheilijat 251<\/p>\n<p>P09 Kuula<br \/>\n1 Jyry Pesonen Lieksan Urheilijat 4,84<br \/>\n2 Mikael Oinonen Lieksan Urheilijat 4,34<\/p>\n<p>P08 40m<br \/>\n1 Eero Mauro Lieksan Urheilijat 7,73<br \/>\n2 Aarni Nyblom Lieksan Urheilijat 7,84<br \/>\n3 Niko Nevalainen Lieksan Urheilijat 8,06<br \/>\n4 Leo R\u00e4s\u00e4nen Lieksan Urheilijat 8,14<br \/>\n5 Luka T\u00f6yr\u00e4 Lieksan Urheilijat 8,44<br \/>\n6 Niko Oinonen Lieksan Urheilijat 8,65<br \/>\n7 Miika Palviainen Lieksan Urheilijat 8,97<br \/>\n8 Viljami Strengell Lieksan Urheilijat 10,42<\/p>\n<p>P08 Pituus<br \/>\n1 Eero Mauro Lieksan Urheilijat 273<br \/>\n2 Leo R\u00e4s\u00e4nen Lieksan Urheilijat 259<br \/>\n3 Miika Palviainen Lieksan Urheilijat 251<br \/>\n4 Niko Nevalainen Lieksan Urheilijat 251<br \/>\n5 Aarni Nyblom Lieksan Urheilijat 245<br \/>\n6 Luka T\u00f6yr\u00e4 Lieksan Urheilijat 243<br \/>\n7 Niko Oinonen Lieksan Urheilijat 206<br \/>\n8 Viljami Strengell Lieksan Urheilijat 152<\/p>\n<p>P08 Kuula<br \/>\n1 Aarni Nyblom Lieksan Urheilijat 5,70 C<br \/>\n2 Luka T\u00f6yr\u00e4 Lieksan Urheilijat 4,72<br \/>\n3 Eero Mauro Lieksan Urheilijat 4,62<br \/>\n4 Miika Palviainen Lieksan Urheilijat 4,61<br \/>\n5 Niko Nevalainen Lieksan Urheilijat 3,74<br \/>\n6 Leo R\u00e4s\u00e4nen Lieksan Urheilijat 3,43<br \/>\n7 Niko Oinonen Lieksan Urheilijat 3,21<br \/>\n8 Viljami Strengell Lieksan Urheilijat 2,39<\/p>\n<p>P07 40m<br \/>\n1 Aki-Petteri Eronen Lieksan Urheilijat 9,54<br \/>\n2 Netta Martikainen Lieksan Urheilijat 9,88<br \/>\n3 Eino R\u00e4s\u00e4nen Lieksan Urheilijat 9,90<br \/>\n4 Iivari K\u00e4rki Lieksan Urheilijat 11,03<\/p>\n<p>P07 Pituus<br \/>\n1 Eino R\u00e4s\u00e4nen Lieksan Urheilijat 194<br \/>\n2 Aki-Petteri Eronen Lieksan Urheilijat 187<br \/>\n3 Iivari K\u00e4rki Lieksan Urheilijat 184<\/p>\n<p>P07 Kuula<br \/>\n1 Aki-Petteri Eronen Lieksan Urheilijat 2,50<br \/>\n2 Iivari K\u00e4rki Lieksan Urheilijat 2,33<br \/>\n3 Eino R\u00e4s\u00e4nen Lieksan Urheilijat 2,30<\/p>\n<p>P06 40m<br \/>\n1 Touko Nyblom Lieksan Urheilijat 8,90<br \/>\n2 Martti Saraniemi Lieksan Urheilijat 9,80<br \/>\n3 Miika Lehto Lieksan Urheilijat 10,04<br \/>\n4 Lauri K\u00e4rkk\u00e4inen Lieksan Urheilijat 10,16<\/p>\n<p>P06 Pituus<br \/>\n1 Touko Nyblom Lieksan Urheilijat 234<br \/>\n2 Martti Saraniemi Lieksan Urheilijat 173<br \/>\n3 Miika Lehto Lieksan Urheilijat 151<\/p>\n<p>P06 Kuula<br \/>\n1 Martti Saraniemi Lieksan Urheilijat 2,81<br \/>\n2 Touko Nyblom Lieksan Urheilijat 2,69<br \/>\n3 Miika Lehto Lieksan Urheilijat 2,62<\/p>\n<p>P05 40m<br \/>\n1 Eetu Leivo Lieksan Urheilijat 11,66<br \/>\n2 Viljami K\u00e4rki Lieksan Urheilijat 12,55<br \/>\n3 Anton \u00d6ystil\u00e4 Lieksan Urheilijat 12,74<\/p>\n<p>P05 Pituus<br \/>\n1 Anton \u00d6ystil\u00e4 Lieksan Urheilijat 145<br \/>\n2 Viljami K\u00e4rki Lieksan Urheilijat 138<br \/>\n3 Eetu Leivo Lieksan Urheilijat 133<\/p>\n<p>P05 Kuula<br \/>\n1 Eetu Leivo Lieksan Urheilijat 1,86<br \/>\n2 Viljami K\u00e4rki Lieksan Urheilijat 1,39<br \/>\n3 Anton \u00d6ystil\u00e4 Lieksan Urheilijat 1,30<\/p>\n<p>P04 40m<br \/>\n1 Pasi K\u00e4rkk\u00e4inen Lieksan Urheilijat 82,77<\/p>\n<p>N19 Kuula<br \/>\n1 Jutta Heikkinen Lieksan Urheilijat 11,17 A<\/p>\n<p>T14 100m<br \/>\n1 Silja Kempas Lieksan Urheilijat 13,44 A<br \/>\n2 Annika Piiparinen Lieksan Urheilijat 14,47 C<br \/>\n3 Venla Kettunen Lieksan Urheilijat 14,86 C<\/p>\n<p>T14 Pituus<br \/>\n1 Venla Kettunen Lieksan Urheilijat 457 B<br \/>\n2 Silja Kempas Lieksan Urheilijat 449 B<br \/>\n3 Annika Piiparinen Lieksan Urheilijat 405 C<\/p>\n<p>T14 Kuula<br \/>\n1 Venla Kettunen Lieksan Urheilijat 9,46 B<br \/>\n2 Minea Suhonen Lieksan Urheilijat 8,39 C<br \/>\n3 Milja Pesonen Lieksan Urheilijat 8,11 C<br \/>\n4 Jutta Martikainen Lieksan Urheilijat 7,63<br \/>\n5 Silja Kempas Lieksan Urheilijat 6,99<\/p>\n<p>T14 Moukari<br \/>\n1 Venla Kettunen Lieksan Urheilijat 42,10 A<br \/>\n2 Milja Pesonen Lieksan Urheilijat 39,67 A<br \/>\n3 Jutta Martikainen Lieksan Urheilijat 28,35 B<br \/>\n4 Minea Suhonen Lieksan Urheilijat 25,21 B<\/p>\n<p>T13 60m<br \/>\n1 Riina Viertola Lieksan Urheilijat 10,96<\/p>\n<p>T13 Pituus<br \/>\n1 Riina Viertola Lieksan Urheilijat 297<\/p>\n<p>T13 Kuula<br \/>\n1 Riina Viertola Lieksan Urheilijat 5,48<\/p>\n<p>T12 60m<br \/>\n1 Riina Kettunen Lieksan Urheilijat 9,31 C<br \/>\n2 Tanja Ryyn\u00e4nen Lieksan Urheilijat 9,48<\/p>\n<p>T12 Pituus<br \/>\n1 Riina Kettunen Lieksan Urheilijat 431 B<br \/>\n2 Tanja Ryyn\u00e4nen Lieksan Urheilijat 394 C<\/p>\n<p>T12 Kuula<br \/>\n1 Riina Kettunen Lieksan Urheilijat 7,80 C<br \/>\n2 Tanja Ryyn\u00e4nen Lieksan Urheilijat 5,77<\/p>\n<p>T11 60m<br \/>\n1 Annika Porkka Lieksan Urheilijat 10,09<br \/>\n2 Milla Martikainen Lieksan Urheilijat 10,26<br \/>\n3 Lotta Martikainen Lieksan Urheilijat 10,90<br \/>\n4 Jatta Porkka Lieksan Urheilijat 11,31<br \/>\n5 Mari Tuovinen Lieksan Urheilijat 11,80<\/p>\n<p>T11 Pituus<br \/>\n1 Milla Martikainen Lieksan Urheilijat 343<br \/>\n2 Annika Porkka Lieksan Urheilijat 311<br \/>\n3 Lotta Martikainen Lieksan Urheilijat 292<br \/>\n4 Mari Tuovinen Lieksan Urheilijat 244<br \/>\n5 Jatta Porkka Lieksan Urheilijat 237<br \/>\n6 Helmi K\u00e4rkk\u00e4inen Lieksan Urheilijat 217<\/p>\n<p>T11 Kuula<br \/>\n1 Milla Martikainen Lieksan Urheilijat 7,06 C<br \/>\n2 Jatta Porkka Lieksan Urheilijat 6,52<br \/>\n3 Lotta Martikainen Lieksan Urheilijat 6,32<br \/>\n4 Annika Porkka Lieksan Urheilijat 6,21<br \/>\n5 Mari Tuovinen Lieksan Urheilijat 4,29<\/p>\n<p>T10 60m<br \/>\n1 Heta Kettunen Lieksan Urheilijat 9,92 C<br \/>\n2 Riina Palviainen Lieksan Urheilijat 10,70<br \/>\n3 Suvi Ignatius Lieksan Urheilijat 11,25<br \/>\n4 Viivi Sepp\u00e4nen Lieksan Urheilijat 11,75<\/p>\n<p>T10 Pituus<br \/>\n1 Heta Kettunen Lieksan Urheilijat 363 B<br \/>\n2 Riina Palviainen Lieksan Urheilijat 358 C<br \/>\n3 Suvi Ignatius Lieksan Urheilijat 298<br \/>\n4 Viivi Sepp\u00e4nen Lieksan Urheilijat 270<\/p>\n<p>T10 Kuula<br \/>\n1 Riina Palviainen Lieksan Urheilijat 6,65 B<br \/>\n2 Heta Kettunen Lieksan Urheilijat 5,11 C<br \/>\n3 Suvi Ignatius Lieksan Urheilijat 4,85<br \/>\n4 Viivi Sepp\u00e4nen Lieksan Urheilijat 3,50<\/p>\n<p>T09 40m<br \/>\n1 Maija Boren Lieksan Urheilijat 7,85<br \/>\n2 Pirita K\u00e4rkk\u00e4inen Lieksan Urheilijat 8,57<br \/>\n3 Nella Lehto Lieksan Urheilijat 8,83<\/p>\n<p>T09 Pituus<br \/>\n1 Maija Boren Lieksan Urheilijat 253<br \/>\n2 Nella Lehto Lieksan Urheilijat 204<\/p>\n<p>T09 Kuula<br \/>\n1 Maija Boren Lieksan Urheilijat 4,25<br \/>\n2 Nella Lehto Lieksan Urheilijat 3,38<\/p>\n<p>T08 40m<br \/>\n1 Aino Pyykk\u00f6 Lieksan Urheilijat 7,87<br \/>\n2 Nuppu Karjalainen Lieksan Urheilijat 8,53<br \/>\n3 Silja Viertola Lieksan Urheilijat 8,70<br \/>\n4 Ella Palviainen Lieksan Urheilijat 9,30<br \/>\n5 Elina Heikkinen Lieksan Urheilijat 9,79<\/p>\n<p>T08 Pituus<br \/>\n1 Aino Pyykk\u00f6 Lieksan Urheilijat 251<br \/>\n2 Nuppu Karjalainen Lieksan Urheilijat 246<br \/>\n3 Silja Viertola Lieksan Urheilijat 217<br \/>\n4 Ella Palviainen Lieksan Urheilijat 196<br \/>\n5 Elina Heikkinen Lieksan Urheilijat 174<\/p>\n<p>T08 Kuula<br \/>\n1 Silja Viertola Lieksan Urheilijat 3,47<br \/>\n2 Aino Pyykk\u00f6 Lieksan Urheilijat 3,39<br \/>\n3 Ella Palviainen Lieksan Urheilijat 3,01<br \/>\n4 Nuppu Karjalainen Lieksan Urheilijat 2,83<br \/>\n5 Elina Heikkinen Lieksan Urheilijat 2,26<\/p>\n<p>T07 40m<br \/>\n1 Saara Leivo Lieksan Urheilijat 9,74<br \/>\n2 Salla Karjalainen Lieksan Urheilijat 9,84<br \/>\n3 Ninni Karjunen Lieksan Urheilijat 10,05<br \/>\n4 Noora Ivanoff Lieksan Urheilijat 10,17<\/p>\n<p>T07 Pituus<br \/>\n1 Noora Ivanoff Lieksan Urheilijat 209<br \/>\n2 Saara Leivo Lieksan Urheilijat 186<br \/>\n3 Salla Karjalainen Lieksan Urheilijat 185<br \/>\n4 Netta Martikainen Lieksan Urheilijat 161<br \/>\n5 Ninni Karjunen Lieksan Urheilijat 158<\/p>\n<p>T07 Kuula<br \/>\n1 Netta Martikainen Lieksan Urheilijat 2,90<br \/>\n2 Salla Karjalainen Lieksan Urheilijat 2,54<\/p>\n<p>T06 40m<br \/>\n1 Emilia Heikkinen Lieksan Urheilijat 10,79<br \/>\n2 Essi Heikkinen Lieksan Urheilijat 10,84<br \/>\n3 Nanna Kamppari Lieksan Urheilijat 11,88<\/p>\n<p>T06 Pituus<br \/>\n1 Emilia Heikkinen Lieksan Urheilijat 171<br \/>\n2 Essi Heikkinen Lieksan Urheilijat 166<br \/>\n3 Nanna Kamppari Lieksan Urheilijat 118<\/p>\n<p>T04 40m<br \/>\n1 Maiju Saraniemi Lieksan Urheilijat 12,35<\/p>\n<p>T04 Pituus<br \/>\n1 Maiju Saraniemi Lieksan Urheilijat 143<\/p>\n<p>T04 Kuula<br \/>\n1 Maiju Saraniemi Lieksan Urheilijat 0,98<\/p>\n","protected":false},"excerpt":{"rendered":"<p>Lieksa 12.06 Miehet Kuula 1 Joni Karvinen Yl\u00f6j\u00e4rven Urheilijat 12,92 B Miehet Moukari 1 Kai R\u00e4s\u00e4nen Pyh\u00e4sel\u00e4n Urheilijat 67,68 A 2 Markus Kokkonen Pyh\u00e4sel\u00e4n Urheilijat 62,50 A M17 Moukari 1 Kimmo Martikainen Lieksan Urheilijat 51,13 A P15 Moukari 1 Aleksi Timonen Polvij\u00e4rven Vauhti 42,72 A P14 100m 1 Samu Kempas &hellip;<\/p>\n","protected":false},"author":3,"featured_media":0,"parent":821,"menu_order":0,"comment_status":"closed","ping_status":"closed","template":"templates\/template-threecolumns-center.php","meta":{"footnotes":""},"categories":[7],"tags":[],"class_list":["post-857","page","type-page","status-publish","hentry","category-tulokset"],"_links":{"self":[{"href":"https:\/\/www.lieksanurheilijat.com\/index.php?rest_route=\/wp\/v2\/pages\/857","targetHints":{"allow":["GET"]}}],"collection":[{"href":"https:\/\/www.lieksanurheilijat.com\/index.php?rest_route=\/wp\/v2\/pages"}],"about":[{"href":"https:\/\/www.lieksanurheilijat.com\/index.php?rest_route=\/wp\/v2\/types\/page"}],"author":[{"embeddable":true,"href":"https:\/\/www.lieksanurheilijat.com\/index.php?rest_route=\/wp\/v2\/users\/3"}],"replies":[{"embeddable":true,"href":"https:\/\/www.lieksanurheilijat.com\/index.php?rest_route=%2Fwp%2Fv2%2Fcomments&post=857"}],"version-history":[{"count":1,"href":"https:\/\/www.lieksanurheilijat.com\/index.php?rest_route=\/wp\/v2\/pages\/857\/revisions"}],"predecessor-version":[{"id":858,"href":"https:\/\/www.lieksanurheilijat.com\/index.php?rest_route=\/wp\/v2\/pages\/857\/revisions\/858"}],"up":[{"embeddable":true,"href":"https:\/\/www.lieksanurheilijat.com\/index.php?rest_route=\/wp\/v2\/pages\/821"}],"wp:attachment":[{"href":"https:\/\/www.lieksanurheilijat.com\/index.php?rest_route=%2Fwp%2Fv2%2Fmedia&parent=857"}],"wp:term":[{"taxonomy":"category","embeddable":true,"href":"https:\/\/www.lieksanurheilijat.com\/index.php?rest_route=%2Fwp%2Fv2%2Fcategories&post=857"},{"taxonomy":"post_tag","embeddable":true,"href":"https:\/\/www.lieksanurheilijat.com\/index.php?rest_route=%2Fwp%2Fv2%2Ftags&post=857"}],"curies":[{"name":"wp","href":"https:\/\/api.w.org\/{rel}","templated":true}]}}