{"id":849,"date":"2014-03-24T21:35:22","date_gmt":"2014-03-24T19:35:22","guid":{"rendered":"https:\/\/www.lieksanurheilijat.com\/?page_id=849"},"modified":"2014-05-10T08:15:47","modified_gmt":"2014-05-10T05:15:47","slug":"tahtikisa-55","status":"publish","type":"page","link":"https:\/\/www.lieksanurheilijat.com\/?page_id=849","title":{"rendered":"T\u00e4htikisa 5\/5"},"content":{"rendered":"<p>Lieksa 31.07<\/p>\n<p>M 200m<br \/>\n1 Ville-Pekka Kokko Joensuun Kataja 22,2h B<br \/>\n2 Niko Nyman Valtimon Vasama 22,4h B<\/p>\n<p>M Moukari<br \/>\n1 Kai R\u00e4s\u00e4nen Pyh\u00e4sel\u00e4n Urheilijat 65,79 A<\/p>\n<p>M17 Moukari<br \/>\n1 Kimmo Martikainen Lieksan Urheilijat 51,69 A<\/p>\n<p>P15 Moukari<br \/>\n1 Aleksi Timonen Polvij\u00e4rven Vauhti 40,92 A<\/p>\n<p>P14 300m<br \/>\n1 Timo Ryyn\u00e4nen Lieksan Urheilijat 54,87<\/p>\n<p>P14 3-Loikka<br \/>\n1 Timo Ryyn\u00e4nen Lieksan Urheilijat 8,00<\/p>\n<p>P14 Moukari<br \/>\n1 Timo Ryyn\u00e4nen Lieksan Urheilijat 14,82<\/p>\n<p>P13 200m<br \/>\n1 Eeki Kokkonen Lieksan Urheilijat 29,53 B<\/p>\n<p>P13 3-Loikka<br \/>\n1 Eeki Kokkonen Lieksan Urheilijat 9,23 B<\/p>\n<p>P13 Moukari<br \/>\n1 Eeki Kokkonen Lieksan Urheilijat 24,50 B<\/p>\n<p>P10 3-Loikka<br \/>\n1 Rasmus Kuiri Lieksan Urheilijat 6,66<\/p>\n<p>P10 Moukari<br \/>\n1 Rasmus Kuiri Lieksan Urheilijat 14,19 C<\/p>\n<p>P09 150m<br \/>\n1 Markus Vallius Lieksan Urheilijat 28,51<br \/>\n2 Jyry Pesonen Lieksan Urheilijat 28,84<\/p>\n<p>P09 Korkeus<br \/>\n1 Jyry Pesonen Lieksan Urheilijat 100 C<\/p>\n<p>P09 Kuula<br \/>\n1 Jyry Pesonen Lieksan Urheilijat 4,97<\/p>\n<p>P08 150m<br \/>\n1 Aarni Nyblom Lieksan Urheilijat 27,44<br \/>\n2 Niko Nevalainen Lieksan Urheilijat 28,98<br \/>\n3 Niko Oinonen Lieksan Urheilijat 31,29<br \/>\n4 Miika Palviainen Lieksan Urheilijat 33,86<\/p>\n<p>P08 Korkeus<br \/>\n1 Aarni Nyblom Lieksan Urheilijat 109 A<br \/>\n2 Miika Palviainen Lieksan Urheilijat 090 C<br \/>\n3 Niko Nevalainen Lieksan Urheilijat 085<br \/>\n4 Niko Oinonen Lieksan Urheilijat 075<\/p>\n<p>P08 Kuula<br \/>\n1 Aarni Nyblom Lieksan Urheilijat 5,69 C<br \/>\n2 Miika Palviainen Lieksan Urheilijat 4,91<br \/>\n3 Niko Nevalainen Lieksan Urheilijat 3,50<br \/>\n4 Niko Oinonen Lieksan Urheilijat 2,96<\/p>\n<p>P07 150m<br \/>\n1 Aki-Petteri Eronen Lieksan Urheilijat 35,55<br \/>\n2 Iivari K\u00e4rki Lieksan Urheilijat 37,67<\/p>\n<p>P07 Korkeus<br \/>\n1 Aki-Petteri Eronen Lieksan Urheilijat 65<br \/>\n2 Iivari K\u00e4rki Lieksan Urheilijat 60<\/p>\n<p>P07 Kuula<br \/>\n1 Iivari K\u00e4rki Lieksan Urheilijat 2,49<br \/>\n2 Aki-Petteri Eronen Lieksan Urheilijat 2,35<\/p>\n<p>P06 150m<br \/>\n1 Touko Nyblom Lieksan Urheilijat 34,01<br \/>\n2 Elias Fhur Lieksan Urheilijat 34,28<\/p>\n<p>P06 Korkeus<br \/>\n1 Elias Fhur Lieksan Urheilijat 65<\/p>\n<p>P06 Kuula<br \/>\n1 Touko Nyblom Lieksan Urheilijat 3,48<br \/>\n1 Elias Fhur Lieksan Urheilijat 1,80<\/p>\n<p>P05 150m<br \/>\n1 Viljami K\u00e4rki Lieksan Urheilijat 42,13<\/p>\n<p>P05 Korkeus<br \/>\n1 Eetu Leivo Lieksan Urheilijat 65<br \/>\n2 Viljami K\u00e4rki Lieksan Urheilijat 55<\/p>\n<p>P05 Kuula<br \/>\n1 Viljami K\u00e4rki Lieksan Urheilijat 1,97<br \/>\n2 Eetu Leivo Lieksan Urheilijat 1,77<\/p>\n<p>T14 300m<br \/>\n1 Annika Piiparinen Lieksan Urheilijat 46,84 B<\/p>\n<p>T14 3-Loikka<br \/>\n1 Annika Piiparinen Lieksan Urheilijat 9,33 B<br \/>\n2 Venla Kettunen Lieksan Urheilijat 8,81 C<\/p>\n<p>T14 Moukari<br \/>\n1 Venla Kettunen Lieksan Urheilijat 42,17 A<br \/>\n2 Milja Pesonen Lieksan Urheilijat 38,82 A<br \/>\n3 Jutta Martikainen Lieksan Urheilijat 27,73 B<\/p>\n<p>T13 200m<br \/>\n1 Riina Viertola Lieksan Urheilijat 38,46<\/p>\n<p>T13 3-Loikka<br \/>\n1 Riina Viertola Lieksan Urheilijat 6,49<\/p>\n<p>T12 200m<br \/>\n1 Riina Kettunen Lieksan Urheilijat 30,43 B<br \/>\n2 Tanja Ryyn\u00e4nen Lieksan Urheilijat 31,22 B<\/p>\n<p>T12 3-Loikka<br \/>\n1 Riina Kettunen Lieksan Urheilijat 9,14 A<br \/>\n2 Tanja Ryyn\u00e4nen Lieksan Urheilijat 7,88 C<\/p>\n<p>T12 Moukari<br \/>\n1 Riina Kettunen Lieksan Urheilijat 23,95 B<br \/>\n2 Tanja Ryyn\u00e4nen Lieksan Urheilijat 20,70 B<\/p>\n<p>T11 150m<br \/>\n1 Annika Porkka Lieksan Urheilijat 24,30 C<br \/>\n2 Milla Martikainen Lieksan Urheilijat 26,01<br \/>\n3 Lotta Martikainen Lieksan Urheilijat 27,48<\/p>\n<p>T11 3-Loikka<br \/>\n1 Milla Martikainen Lieksan Urheilijat 7,27 C<br \/>\n2 Lotta Martikainen Lieksan Urheilijat 6,70<\/p>\n<p>T11 Moukari<br \/>\n1 Annika Porkka Lieksan Urheilijat 21,38 A<br \/>\n2 Milla Martikainen Lieksan Urheilijat 17,14 B<br \/>\n3 Lotta Martikainen Lieksan Urheilijat 16,82 B<\/p>\n<p>T10 150m<br \/>\n1 Heta Kettunen Lieksan Urheilijat 24,13 B<br \/>\n2 Riina Palviainen Lieksan Urheilijat 25,90 C<br \/>\n3 Mari Tuovinen Lieksan Urheilijat 28,86<\/p>\n<p>T10 3-Loikka<br \/>\n1 Heta Kettunen Lieksan Urheilijat 7,95 A<br \/>\n2 Riina Palviainen Lieksan Urheilijat 7,34 B<\/p>\n<p>T10 Moukari<br \/>\n1 Riina Palviainen Lieksan Urheilijat 16,87 A<br \/>\n2 Heta Kettunen Lieksan Urheilijat 15,32 B<\/p>\n<p>T09 150m<br \/>\n1 Marjo Heikura Lieksan Urheilijat 28,45<br \/>\n2 Maija Boren Lieksan Urheilijat 29,56<\/p>\n<p>T09 Korkeus<br \/>\n1 Maija Boren Lieksan Urheilijat 080<\/p>\n<p>T09 Kuula<br \/>\n1 Marjo Heikura Lieksan Urheilijat 5,07 C<br \/>\n2 Maija Boren Lieksan Urheilijat 4,50<\/p>\n<p>T08 150m<br \/>\n1 Aino Pyykk\u00f6 Lieksan Urheilijat 29,60<br \/>\n2 Silja Viertola Lieksan Urheilijat 32,81<\/p>\n<p>T08 3-Loikka<br \/>\n1 Aino Pyykk\u00f6 Lieksan Urheilijat 5,60<\/p>\n<p>T08 Korkeus<br \/>\n1 Silja Viertola Lieksan Urheilijat 075<br \/>\n2 Aino Pyykk\u00f6 Lieksan Urheilijat 070<\/p>\n<p>T08 Kuula<br \/>\n1 Silja Viertola Lieksan Urheilijat 3,72<br \/>\n2 Aino Pyykk\u00f6 Lieksan Urheilijat 3,17<\/p>\n<p>T07 150m<br \/>\n1 Suvi Lampinen Lieksan Urheilijat 33,22<br \/>\n2 Netta Martikainen Lieksan Urheilijat 36,91<\/p>\n<p>T07 Korkeus<br \/>\n1 Netta Martikainen Lieksan Urheilijat 75<br \/>\n2 Suvi Lampinen Lieksan Urheilijat 75<\/p>\n<p>T07 Kuula<br \/>\n1 Netta Martikainen Lieksan Urheilijat 2,59<br \/>\n2 Suvi Lampinen Lieksan Urheilijat 2,00<\/p>\n<p>T04 Kuula<br \/>\n1 Iiris Fyhr Lieksan Urheilijat 0,62<\/p>\n","protected":false},"excerpt":{"rendered":"<p>Lieksa 31.07 M 200m 1 Ville-Pekka Kokko Joensuun Kataja 22,2h B 2 Niko Nyman Valtimon Vasama 22,4h B M Moukari 1 Kai R\u00e4s\u00e4nen Pyh\u00e4sel\u00e4n Urheilijat 65,79 A M17 Moukari 1 Kimmo Martikainen Lieksan Urheilijat 51,69 A P15 Moukari 1 Aleksi Timonen Polvij\u00e4rven Vauhti 40,92 A P14 300m 1 Timo Ryyn\u00e4nen &hellip;<\/p>\n","protected":false},"author":3,"featured_media":0,"parent":821,"menu_order":0,"comment_status":"closed","ping_status":"closed","template":"templates\/template-threecolumns-center.php","meta":{"footnotes":""},"categories":[7],"tags":[],"class_list":["post-849","page","type-page","status-publish","hentry","category-tulokset"],"_links":{"self":[{"href":"https:\/\/www.lieksanurheilijat.com\/index.php?rest_route=\/wp\/v2\/pages\/849","targetHints":{"allow":["GET"]}}],"collection":[{"href":"https:\/\/www.lieksanurheilijat.com\/index.php?rest_route=\/wp\/v2\/pages"}],"about":[{"href":"https:\/\/www.lieksanurheilijat.com\/index.php?rest_route=\/wp\/v2\/types\/page"}],"author":[{"embeddable":true,"href":"https:\/\/www.lieksanurheilijat.com\/index.php?rest_route=\/wp\/v2\/users\/3"}],"replies":[{"embeddable":true,"href":"https:\/\/www.lieksanurheilijat.com\/index.php?rest_route=%2Fwp%2Fv2%2Fcomments&post=849"}],"version-history":[{"count":1,"href":"https:\/\/www.lieksanurheilijat.com\/index.php?rest_route=\/wp\/v2\/pages\/849\/revisions"}],"predecessor-version":[{"id":850,"href":"https:\/\/www.lieksanurheilijat.com\/index.php?rest_route=\/wp\/v2\/pages\/849\/revisions\/850"}],"up":[{"embeddable":true,"href":"https:\/\/www.lieksanurheilijat.com\/index.php?rest_route=\/wp\/v2\/pages\/821"}],"wp:attachment":[{"href":"https:\/\/www.lieksanurheilijat.com\/index.php?rest_route=%2Fwp%2Fv2%2Fmedia&parent=849"}],"wp:term":[{"taxonomy":"category","embeddable":true,"href":"https:\/\/www.lieksanurheilijat.com\/index.php?rest_route=%2Fwp%2Fv2%2Fcategories&post=849"},{"taxonomy":"post_tag","embeddable":true,"href":"https:\/\/www.lieksanurheilijat.com\/index.php?rest_route=%2Fwp%2Fv2%2Ftags&post=849"}],"curies":[{"name":"wp","href":"https:\/\/api.w.org\/{rel}","templated":true}]}}