{"id":7306,"date":"2025-08-25T12:32:48","date_gmt":"2025-08-25T09:32:48","guid":{"rendered":"https:\/\/www.lieksanurheilijat.com\/?page_id=7306"},"modified":"2025-08-25T15:43:27","modified_gmt":"2025-08-25T12:43:27","slug":"lieksan-hyppykisat-23-8-2025","status":"publish","type":"page","link":"https:\/\/www.lieksanurheilijat.com\/?page_id=7306","title":{"rendered":"Lieksan Hyppykisat 23.8.2025"},"content":{"rendered":"<p>Lieksan Hyppykisat<\/p>\n<p>Lieksa<\/p>\n<p>23.08.2025<\/p>\n<p>&nbsp;<\/p>\n<p>T7 Pituus<\/p>\n<p>1) Viivi Mikkonen 2,16<\/p>\n<p>&nbsp;<\/p>\n<p>T9 Korkeus<\/p>\n<p>1) Oili Justander 121<\/p>\n<p>2) Anniina Hj\u00e4lm JoensKa 95<\/p>\n<p>&nbsp;<\/p>\n<p>T9 Seiv\u00e4s<\/p>\n<p>1) Anniina Hj\u00e4lm JoensKa 140<\/p>\n<p>&nbsp;<\/p>\n<p>P9 Pituus<\/p>\n<p>1) Leevi Tarvainen 2,78<\/p>\n<p>&nbsp;<\/p>\n<p>T9 Pituus<\/p>\n<p>1) Oili Justander 3,70<\/p>\n<p>2) Anniina Hj\u00e4lm JoensKa 3,62<\/p>\n<p>3) Jasmina Becker 3,13<\/p>\n<p>&nbsp;<\/p>\n<p>P11 Korkeus<\/p>\n<p>1) Maks Kempas 115<\/p>\n<p>2) Iivo Mikkonen 95<\/p>\n<p>&nbsp;<\/p>\n<p>&nbsp;<\/p>\n<p>T11 Korkeus<\/p>\n<p>1) Minja Pekkanen 110<\/p>\n<p>2) Ronja Tarvainen 100<\/p>\n<p>3) Kerttu K\u00e4rki 90<\/p>\n<p>&nbsp;<\/p>\n<p>P11 Seiv\u00e4s<\/p>\n<p>1) Urho Hyrskyl\u00e4 140<\/p>\n<p>2) Maks Kempas 140<\/p>\n<p>&nbsp;<\/p>\n<p>T11 Seiv\u00e4s<\/p>\n<p>1) Minja Pekkanen 160<\/p>\n<p>2) Ronja Tarvainen 90<\/p>\n<p>&nbsp;<\/p>\n<p>P11 Pituus<\/p>\n<p>1) Maks Kempas 3,59<\/p>\n<p>2) Iivo Mikkonen 3,17<\/p>\n<p>&nbsp;<\/p>\n<p>T11 Pituus<\/p>\n<p>1) Minja Pekkanen 4,01<\/p>\n<p>2) Ronja Tarvainen 3,26<\/p>\n<p>3) Kerttu K\u00e4rki 2,67<\/p>\n<p>&nbsp;<\/p>\n<p>T13 Korkeus<\/p>\n<p>1) Saima Becker 110<\/p>\n<div><\/div>\n","protected":false},"excerpt":{"rendered":"<p>Lieksan Hyppykisat Lieksa 23.08.2025 &nbsp; T7 Pituus 1) Viivi Mikkonen 2,16 &nbsp; T9 Korkeus 1) Oili Justander 121 2) Anniina Hj\u00e4lm JoensKa 95 &nbsp; T9 Seiv\u00e4s 1) Anniina Hj\u00e4lm JoensKa 140 &nbsp; P9 Pituus 1) Leevi Tarvainen 2,78 &nbsp; T9 Pituus 1) Oili Justander 3,70 2) Anniina Hj\u00e4lm JoensKa 3,62 &hellip;<\/p>\n","protected":false},"author":2,"featured_media":0,"parent":7220,"menu_order":4,"comment_status":"closed","ping_status":"closed","template":"","meta":{"footnotes":""},"categories":[],"tags":[],"class_list":["post-7306","page","type-page","status-publish","hentry"],"_links":{"self":[{"href":"https:\/\/www.lieksanurheilijat.com\/index.php?rest_route=\/wp\/v2\/pages\/7306","targetHints":{"allow":["GET"]}}],"collection":[{"href":"https:\/\/www.lieksanurheilijat.com\/index.php?rest_route=\/wp\/v2\/pages"}],"about":[{"href":"https:\/\/www.lieksanurheilijat.com\/index.php?rest_route=\/wp\/v2\/types\/page"}],"author":[{"embeddable":true,"href":"https:\/\/www.lieksanurheilijat.com\/index.php?rest_route=\/wp\/v2\/users\/2"}],"replies":[{"embeddable":true,"href":"https:\/\/www.lieksanurheilijat.com\/index.php?rest_route=%2Fwp%2Fv2%2Fcomments&post=7306"}],"version-history":[{"count":2,"href":"https:\/\/www.lieksanurheilijat.com\/index.php?rest_route=\/wp\/v2\/pages\/7306\/revisions"}],"predecessor-version":[{"id":7308,"href":"https:\/\/www.lieksanurheilijat.com\/index.php?rest_route=\/wp\/v2\/pages\/7306\/revisions\/7308"}],"up":[{"embeddable":true,"href":"https:\/\/www.lieksanurheilijat.com\/index.php?rest_route=\/wp\/v2\/pages\/7220"}],"wp:attachment":[{"href":"https:\/\/www.lieksanurheilijat.com\/index.php?rest_route=%2Fwp%2Fv2%2Fmedia&parent=7306"}],"wp:term":[{"taxonomy":"category","embeddable":true,"href":"https:\/\/www.lieksanurheilijat.com\/index.php?rest_route=%2Fwp%2Fv2%2Fcategories&post=7306"},{"taxonomy":"post_tag","embeddable":true,"href":"https:\/\/www.lieksanurheilijat.com\/index.php?rest_route=%2Fwp%2Fv2%2Ftags&post=7306"}],"curies":[{"name":"wp","href":"https:\/\/api.w.org\/{rel}","templated":true}]}}