{"id":6939,"date":"2022-06-23T09:45:55","date_gmt":"2022-06-23T06:45:55","guid":{"rendered":"https:\/\/www.lieksanurheilijat.com\/?page_id=6939"},"modified":"2022-06-23T12:13:45","modified_gmt":"2022-06-23T09:13:45","slug":"junnukisat-22-6-2022","status":"publish","type":"page","link":"https:\/\/www.lieksanurheilijat.com\/?page_id=6939","title":{"rendered":"Junnukisat 22.6.2022"},"content":{"rendered":"<p>Junnukisat<br \/>\nLieksa 22.6.2022<\/p>\n<p>P5 Pituus<br \/>\n1) Elias Meril\u00e4inen EsboIF 1,70<br \/>\n2) Sauli Simanainen 1,49<br \/>\n3) Jasper Nevalainen 1,47<br \/>\n4) Aleksei Luzin 1,25<br \/>\n5) Eino K\u00e4rkk\u00e4inen 1,23<br \/>\n6) Jeremias Nevalainen 1,06<\/p>\n<p>T5 Pituus<br \/>\n1) Kristina Radionova 1,68<br \/>\n2) Vilha Pekkanen 1,10<br \/>\n3) Emmi Ikonen 1,03<\/p>\n<p>P5 Pallonheitto<br \/>\n1) Eino K\u00e4rkk\u00e4inen 10,36<br \/>\n2) Jasper Nevalainen 8,94<br \/>\n3) Aleksei Luzin 7,15<br \/>\n4) Leevi Tarvainen 6,53<br \/>\n5) Viktor Jehan 5,40<br \/>\n6) Sauli Simanainen 4,25<br \/>\n7) Elias Meril\u00e4inen EsboIF 3,00<br \/>\n8) Junnu Tarvainen 2,70<br \/>\n9) Jeremias Nevalainen 2,09<br \/>\n10) Toivo Hollstr\u00f6m 1,40<\/p>\n<p>T5 Pallonheitto<br \/>\n1) Kristina Radionova 4,40<br \/>\n2) Emmi Ikonen 4,29<\/p>\n<p>P6 Pituus<br \/>\n1) Jimi Puumalainen 1,49<\/p>\n<p>T6 Pituus<br \/>\n1) Sinea Hollstr\u00f6m 1,35<\/p>\n<p>P6 Pallonheitto<br \/>\n1) Jimi Puumalainen 5,61<\/p>\n<p>T6 Pallonheitto<br \/>\n1) Sinea Hollstr\u00f6m 4,85<\/p>\n<p>P7 Pituus<br \/>\n1) Oliver Pyykk\u00f6 2,46<\/p>\n<p>T7 Pituus<br \/>\n1) Minja Pekkanen 2,67<br \/>\n2) Aino Hiltunen 2,15<br \/>\n3) Sylvi Kansala 2,10<br \/>\n4) Emmi Kiiskinen 2,08<br \/>\n5) Emmi Toivanen 1,96<br \/>\n6) Sanna Simanainen 1,79<br \/>\n7) Anni Pekkarinen 1,67<br \/>\n8) Neea Kekkonen 1,42<\/p>\n<p>P7 Pallonheitto<br \/>\n1) Oliver Pyykk\u00f6 20,70<\/p>\n<p>T7 Pallonheitto<br \/>\n1) Aino Hiltunen 10,49<br \/>\n2) Emmi Kiiskinen 8,53<br \/>\n3) Sylvi Kansala 7,72<br \/>\n4) Emmi Toivanen 7,65<br \/>\n5) Anni Pekkarinen 7,37<br \/>\n6) Sanna Simanainen 6,10<br \/>\n7) Neea Kekkonen 5,86<\/p>\n<p>P9 Pituus<br \/>\n1) Eetu Pyykk\u00f6 3,08<br \/>\n2) Maks Kempas 2,87<br \/>\n3) Peter Sychev 2,44<br \/>\n4) Urho Hyrskyl\u00e4 1,92<\/p>\n<p>T9 Pituus<br \/>\n1) Tiina Hiltunen 2,70<br \/>\n2) Iiris P\u00e4ivelin 2,59<br \/>\n3) Maria Ronkanen 2,54<br \/>\n4) Enni Kempas 2,43<br \/>\n5) Sura Tekin 2,43<br \/>\n6) Linnea Kekkonen 2,20<br \/>\n7) Oona Heikkinen 1,92<br \/>\n8) Sansa Hollstr\u00f6m 1,87<\/p>\n<p>P9 Pallonheitto<br \/>\n1) Urho Hyrskyl\u00e4 21,38<br \/>\n2) Peter Sychev 16,16<br \/>\n3) Eetu Pyykk\u00f6 14,30<br \/>\n4) Elias Jehan 12,14<br \/>\n5) Maks Kempas 11,41<\/p>\n<p>T9 Pallonheitto<br \/>\n1) Ronja Tarvainen 15,45<br \/>\n2) Sara Tekin 14,55<br \/>\n3) Enni Kempas 13,81<br \/>\n4) Tiina Hiltunen 12,14<br \/>\n5) Maria Ronkanen 11,68<br \/>\n6) Oona Heikkinen 9,44<br \/>\n7) Sansa Hollstr\u00f6m 7,32<br \/>\n8) Linnea Kekkonen 6,17<\/p>\n<p>P11 Pituus<br \/>\n1) Elias Pyykk\u00f6 3,30<\/p>\n<p>T11 Pituus<br \/>\n1) Elsi P\u00e4ivelin 3,78<br \/>\n2) Vilja Kansala 2,92<br \/>\n3) Nelli Ikonen 2,64<br \/>\n4) Ellen Kekkonen 2,26<\/p>\n<p>P11 Keih\u00e4s<br \/>\n1) Veikko Hyrskyl\u00e4 20,66<br \/>\n2) Elias Pyykk\u00f6 18,25<\/p>\n<p>T11 Keih\u00e4s<br \/>\n1) Elsi P\u00e4ivelin 11,81<br \/>\n2) Vilja Kansala 11,74<br \/>\n3) Nelli Ikonen 8,41<br \/>\n4) Ellen Kekkonen 4,54<\/p>\n<p>P15 Keih\u00e4s<br \/>\n1) Onni Hyrskyl\u00e4 36,76<\/p>\n<p>N17 Pituus<br \/>\n1) Aino Pyykk\u00f6 4,77 +0,2<br \/>\n2) Nea Nevalainen 4,65 +0,1<\/p>\n<p>M17 Keih\u00e4s<br \/>\n1) Juho Eskelinen TuupovU 63,29<\/p>\n","protected":false},"excerpt":{"rendered":"<p>Junnukisat Lieksa 22.6.2022 P5 Pituus 1) Elias Meril\u00e4inen EsboIF 1,70 2) Sauli Simanainen 1,49 3) Jasper Nevalainen 1,47 4) Aleksei Luzin 1,25 5) Eino K\u00e4rkk\u00e4inen 1,23 6) Jeremias Nevalainen 1,06 T5 Pituus 1) Kristina Radionova 1,68 2) Vilha Pekkanen 1,10 3) Emmi Ikonen 1,03 P5 Pallonheitto 1) Eino K\u00e4rkk\u00e4inen 10,36 &hellip;<\/p>\n","protected":false},"author":2,"featured_media":0,"parent":6916,"menu_order":6,"comment_status":"closed","ping_status":"closed","template":"","meta":{"footnotes":""},"categories":[],"tags":[],"class_list":["post-6939","page","type-page","status-publish","hentry"],"_links":{"self":[{"href":"https:\/\/www.lieksanurheilijat.com\/index.php?rest_route=\/wp\/v2\/pages\/6939","targetHints":{"allow":["GET"]}}],"collection":[{"href":"https:\/\/www.lieksanurheilijat.com\/index.php?rest_route=\/wp\/v2\/pages"}],"about":[{"href":"https:\/\/www.lieksanurheilijat.com\/index.php?rest_route=\/wp\/v2\/types\/page"}],"author":[{"embeddable":true,"href":"https:\/\/www.lieksanurheilijat.com\/index.php?rest_route=\/wp\/v2\/users\/2"}],"replies":[{"embeddable":true,"href":"https:\/\/www.lieksanurheilijat.com\/index.php?rest_route=%2Fwp%2Fv2%2Fcomments&post=6939"}],"version-history":[{"count":4,"href":"https:\/\/www.lieksanurheilijat.com\/index.php?rest_route=\/wp\/v2\/pages\/6939\/revisions"}],"predecessor-version":[{"id":6948,"href":"https:\/\/www.lieksanurheilijat.com\/index.php?rest_route=\/wp\/v2\/pages\/6939\/revisions\/6948"}],"up":[{"embeddable":true,"href":"https:\/\/www.lieksanurheilijat.com\/index.php?rest_route=\/wp\/v2\/pages\/6916"}],"wp:attachment":[{"href":"https:\/\/www.lieksanurheilijat.com\/index.php?rest_route=%2Fwp%2Fv2%2Fmedia&parent=6939"}],"wp:term":[{"taxonomy":"category","embeddable":true,"href":"https:\/\/www.lieksanurheilijat.com\/index.php?rest_route=%2Fwp%2Fv2%2Fcategories&post=6939"},{"taxonomy":"post_tag","embeddable":true,"href":"https:\/\/www.lieksanurheilijat.com\/index.php?rest_route=%2Fwp%2Fv2%2Ftags&post=6939"}],"curies":[{"name":"wp","href":"https:\/\/api.w.org\/{rel}","templated":true}]}}