{"id":6876,"date":"2021-08-22T18:00:17","date_gmt":"2021-08-22T15:00:17","guid":{"rendered":"https:\/\/www.lieksanurheilijat.com\/?page_id=6876"},"modified":"2021-08-22T18:00:42","modified_gmt":"2021-08-22T15:00:42","slug":"pm-moniottelut-22-8-2021","status":"publish","type":"page","link":"https:\/\/www.lieksanurheilijat.com\/?page_id=6876","title":{"rendered":"Pm-moniottelut 22.8.2021"},"content":{"rendered":"<p>Pohjois-Karjalan 9-13-vuotiaiden pm-moniottelut<br \/>\nLieksa, 22.08.2021<\/p>\n<p>Kokonaistulokset (yksitt\u00e4islajit alempana):<br \/>\nP9 4-ottelu<br \/>\n1) Aatu Tolonen LieksU 588<br \/>\n2) Jasper Mustonen PolvijU 580<br \/>\n3) Jare Ker\u00e4nen JoensKa 565<br \/>\n4) Aatos Kolmonen JoensKa 550<br \/>\n5) Eeli Alastalo Pyh\u00e4sU 400<br \/>\n6) Maks Kempas LieksU 313<\/p>\n<p>T9 4-ottelu<br \/>\n1) Sara Ker\u00e4nen JoensKa 703<br \/>\n2) Mette Fincke JoensKa 564<br \/>\n3) Liisa Keskisalo JoensKa 516<br \/>\n4) Evina Laakkonen Pyh\u00e4sU 488<br \/>\n5) Alissa Kivel\u00e4 PolvijU 487<br \/>\n6) Kerttu Vatanen LipTai 475<br \/>\n7) Helmi Kuronen Pyh\u00e4sU 469<br \/>\n8) Hilda Tanskanen PolvijU 420<br \/>\n9) Selma Purmonen LipTai 416<br \/>\n10) Pihla Karttunen PolvijU 396<br \/>\n11) Meea Varonen PolvijU 365<br \/>\n12) Vilja Kansala LieksU 358<br \/>\n13) Iiris P\u00e4ivelin LieksU 326<br \/>\n14) Venja Hiltunen OutokPa 313<br \/>\n15) Saimi Kolmonen JoensKa 308<br \/>\n16) Sanni Pursiainen Pyh\u00e4sU 227<\/p>\n<p>P10 4-ottelu<br \/>\n1) Hugo Lasaroff JoensKa 1126<br \/>\n2) Pietu Stenberg Pyh\u00e4sU 1022<\/p>\n<p>T10 4-ottelu<br \/>\n1) Sanni Lehikoinen JoensKa 903<br \/>\n2) Anette Alastalo Pyh\u00e4sU 898<br \/>\n3) Elsi P\u00e4ivelin LieksU 725<br \/>\n4) Helmi Tanskanen PolvijU 633<br \/>\n5) Vinka Pyylampi JoensKa 579<\/p>\n<p>P11 4-ottelu<br \/>\n1) Aleksis Kivel\u00e4 PolvijU 1253<br \/>\n2) Lauri Pietarinen LipTai 1088<br \/>\n3) Peetu Alastalo Pyh\u00e4sU 1023<br \/>\n4) Vili Hyv\u00e4rinen PolvijU 786<br \/>\n5) Marlo Tuhkanen Pyh\u00e4sU 720<\/p>\n<p>T11 4-ottelu<br \/>\n1) Aino Kolmonen JoensKa 1100<br \/>\n2) Jade Nousiainen Pyh\u00e4sU 1056<br \/>\n3) Ida Pelli PolvijU 1030<br \/>\n4) Ronja Eronen Pyh\u00e4sU 930<br \/>\n5) Heini Kuronen Pyh\u00e4sU 878<br \/>\n6) Senniina Huovinen Pyh\u00e4sU 845<br \/>\n7) Sara Noponen LipTai 807<br \/>\n8) Amanda Keronen OutokPa 749<br \/>\n9) Viida Hiltunen OutokPa 590<br \/>\n10) Venla Huttunen PolvijU 512<\/p>\n<p>P12 5-ottelu<br \/>\n1) Topias Poutiainen OutokPa 2330<br \/>\n2) Arttu Kylm\u00e4nen Pyh\u00e4sU 1046<br \/>\n3) Joona Mustonen PolvijU 816<\/p>\n<p>T12 5-ottelu<br \/>\n1) Pinja Stenberg Pyh\u00e4sU 1590<br \/>\n2) Minessa Miettinen JoensKa 1248<br \/>\n3) Maiju Saraniemi LieksU 1065<br \/>\n4) Linda Mononen JoensKa 1060<br \/>\n5) Iida Huttunen OutokPa 975<\/p>\n<p>P13 5-ottelu<br \/>\n1) Renne Kankkunen JoensKa 1788<br \/>\n2) Jerkko Kinnunen Pyh\u00e4sU 1471<\/p>\n<p>T13 5-ottelu<br \/>\n1) Martta Muuttoranta LipTai 1385<br \/>\n2) Sointu Kuiri PolvijU 1126<br \/>\n3) Helmi Ahosola PolvijU 858<br \/>\n4) Eevi Ratilainen PolvijU 818<\/p>\n<p>Yksitt\u00e4islajien tulokset:<br \/>\nP9 4-ottelu 40m<br \/>\n1) Aatu Tolonen LieksU 7,16<br \/>\n2) Aatos Kolmonen JoensKa 7,41<br \/>\n3) Jasper Mustonen PolvijU 7,51<br \/>\n4) Jare Ker\u00e4nen JoensKa 7,63<br \/>\n5) Maks Kempas LieksU 8,03<br \/>\n6) Eeli Alastalo Pyh\u00e4sU 8,05<\/p>\n<p>P9 4-ottelu 800m<br \/>\n1) Jare Ker\u00e4nen JoensKa 2.58,69<br \/>\n2) Aatos Kolmonen JoensKa 3.04,57<br \/>\n3) Aatu Tolonen LieksU 3.13,80<br \/>\n4) Jasper Mustonen PolvijU 3.21,70<br \/>\n5) Maks Kempas LieksU 3.23,24<br \/>\n6) Eeli Alastalo Pyh\u00e4sU 3.27,97<\/p>\n<p>P9 4-ottelu Korkeus<br \/>\n1) Jasper Mustonen PolvijU 100<br \/>\n2) Aatu Tolonen LieksU 95<br \/>\n3) Eeli Alastalo Pyh\u00e4sU 90<br \/>\n3) Jare Ker\u00e4nen JoensKa 90<br \/>\n5) Aatos Kolmonen JoensKa 90<br \/>\n6) Maks Kempas LieksU 70<\/p>\n<p>P9 4-ottelu Keih\u00e4s<br \/>\n1) Jasper Mustonen PolvijU 16,23<br \/>\n2) Aatu Tolonen LieksU 12,80<br \/>\n3) Jare Ker\u00e4nen JoensKa 12,70<br \/>\n4) Aatos Kolmonen JoensKa 11,46<br \/>\n5) Eeli Alastalo Pyh\u00e4sU 10,28<br \/>\n6) Maks Kempas LieksU 6,26<\/p>\n<p>T9 4-ottelu 40m<br \/>\n1) Sara Ker\u00e4nen JoensKa 7,02<br \/>\n2) Alissa Kivel\u00e4 PolvijU 7,25<br \/>\n3) Mette Fincke JoensKa 7,29<br \/>\n4) Evina Laakkonen Pyh\u00e4sU 7,30<br \/>\n5) Liisa Keskisalo JoensKa 7,36<br \/>\n6) Kerttu Vatanen LipTai 7,49<br \/>\n7) Hilda Tanskanen PolvijU 7,52<br \/>\n8) Pihla Karttunen PolvijU 7,60<br \/>\n9) Helmi Kuronen Pyh\u00e4sU 7,64<br \/>\n10) Selma Purmonen LipTai 7,75<br \/>\n11) Meea Varonen PolvijU 8,04<br \/>\n12) Iiris P\u00e4ivelin LieksU 8,11<br \/>\n13) Vilja Kansala LieksU 8,15<br \/>\n14) Venja Hiltunen OutokPa 8,18<br \/>\n15) Saimi Kolmonen JoensKa 8,19<br \/>\n16) Sanni Pursiainen Pyh\u00e4sU 8,87<\/p>\n<p>T9 4-ottelu 800m<br \/>\n1) Sara Ker\u00e4nen JoensKa 2.54,36<br \/>\n2) Liisa Keskisalo JoensKa 3.05,54<br \/>\n3) Helmi Kuronen Pyh\u00e4sU 3.08,43<br \/>\n4) Mette Fincke JoensKa 3.12,69<br \/>\n5) Evina Laakkonen Pyh\u00e4sU 3.18,50<br \/>\n6) Saimi Kolmonen JoensKa 3.23,93<br \/>\n7) Alissa Kivel\u00e4 PolvijU 3.25,00<br \/>\n8) Kerttu Vatanen LipTai 3.26,87<br \/>\n9) Sanni Pursiainen Pyh\u00e4sU 3.29,60<br \/>\n10) Pihla Karttunen PolvijU 3.31,84<br \/>\n11) Iiris P\u00e4ivelin LieksU 3.32,31<br \/>\n12) Venja Hiltunen OutokPa 3.33,94<br \/>\n13) Meea Varonen PolvijU 3.50,72<br \/>\n14) Vilja Kansala LieksU 3.52,53<br \/>\n15) Selma Purmonen LipTai 3.57,60<br \/>\n16) Hilda Tanskanen PolvijU 4.14,07<\/p>\n<p>T9 4-ottelu Korkeus<br \/>\n1) Hilda Tanskanen PolvijU 110<br \/>\n2) Mette Fincke JoensKa 105<br \/>\n3) Sara Ker\u00e4nen JoensKa 100<br \/>\n4) Meea Varonen PolvijU 100<br \/>\n5) Evina Laakkonen Pyh\u00e4sU 95<br \/>\n6) Vilja Kansala LieksU 95<br \/>\n7) Selma Purmonen LipTai 95<br \/>\n8) Alissa Kivel\u00e4 PolvijU 90<br \/>\n8) Kerttu Vatanen LipTai 90<br \/>\n10) Iiris P\u00e4ivelin LieksU 85<br \/>\n10) Liisa Keskisalo JoensKa 85<br \/>\n12) Saimi Kolmonen JoensKa 85<br \/>\n13) Venja Hiltunen OutokPa 80<br \/>\n14) Helmi Kuronen Pyh\u00e4sU 80<br \/>\n15) Pihla Karttunen PolvijU 80<br \/>\n16) Sanni Pursiainen Pyh\u00e4sU 70<\/p>\n<p>T9 4-ottelu Keih\u00e4s<br \/>\n1) Sara Ker\u00e4nen JoensKa 12,05<br \/>\n2) Selma Purmonen LipTai 11,84<br \/>\n3) Kerttu Vatanen LipTai 11,71<br \/>\n4) Helmi Kuronen Pyh\u00e4sU 10,74<br \/>\n5) Liisa Keskisalo JoensKa 9,70<br \/>\n6) Alissa Kivel\u00e4 PolvijU 9,66<br \/>\n7) Pihla Karttunen PolvijU 9,65<br \/>\n8) Vilja Kansala LieksU 9,29<br \/>\n9) Mette Fincke JoensKa 8,61<br \/>\n10) Evina Laakkonen Pyh\u00e4sU 7,37<br \/>\n11) Meea Varonen PolvijU 7,26<br \/>\n12) Venja Hiltunen OutokPa 7,20<br \/>\n13) Iiris P\u00e4ivelin LieksU 6,37<br \/>\n14) Hilda Tanskanen PolvijU 5,62<br \/>\n15) Sanni Pursiainen Pyh\u00e4sU 4,09<br \/>\n16) Saimi Kolmonen JoensKa 3,43<\/p>\n<p>P10 4-ottelu 60m aidat<br \/>\n1) Hugo Lasaroff JoensKa 11,59<br \/>\n2) Pietu Stenberg Pyh\u00e4sU 12,67<\/p>\n<p>P10 4-ottelu 800m<br \/>\n1) Pietu Stenberg Pyh\u00e4sU 2.43,59<br \/>\n2) Hugo Lasaroff JoensKa 2.51,26<\/p>\n<p>P10 4-ottelu Korkeus<br \/>\n1) Hugo Lasaroff JoensKa 125<br \/>\n2) Pietu Stenberg Pyh\u00e4sU 115<\/p>\n<p>P10 4-ottelu Keih\u00e4s<br \/>\n1) Pietu Stenberg Pyh\u00e4sU 22,50<br \/>\n2) Hugo Lasaroff JoensKa 22,47<\/p>\n<p>T10 4-ottelu 60m aidat<br \/>\n1) Elsi P\u00e4ivelin LieksU 11,76<br \/>\n2) Sanni Lehikoinen JoensKa 11,88<br \/>\n3) Anette Alastalo Pyh\u00e4sU 11,89<br \/>\n4) Helmi Tanskanen PolvijU 12,75<br \/>\n5) Vinka Pyylampi JoensKa 13,98<\/p>\n<p>T10 4-ottelu 800m<br \/>\n1) Anette Alastalo Pyh\u00e4sU 3.01,54<br \/>\n2) Sanni Lehikoinen JoensKa 3.01,85<br \/>\n3) Vinka Pyylampi JoensKa 3.10,26<br \/>\n4) Helmi Tanskanen PolvijU 3.20,19<br \/>\n5) Elsi P\u00e4ivelin LieksU 3.26,67<\/p>\n<p>T10 4-ottelu Korkeus<br \/>\n1) Sanni Lehikoinen JoensKa 120<br \/>\n2) Anette Alastalo Pyh\u00e4sU 115<br \/>\n3) Elsi P\u00e4ivelin LieksU 110<br \/>\n4) Helmi Tanskanen PolvijU 105<br \/>\n5) Vinka Pyylampi JoensKa 100<\/p>\n<p>T10 4-ottelu Keih\u00e4s<br \/>\n1) Anette Alastalo Pyh\u00e4sU 16,00<br \/>\n2) Sanni Lehikoinen JoensKa 14,15<br \/>\n3) Vinka Pyylampi JoensKa 10,40<br \/>\n4) Elsi P\u00e4ivelin LieksU 9,57<br \/>\n5) Helmi Tanskanen PolvijU 9,56<\/p>\n<p>P11 4-ottelu 60m aidat<br \/>\n1) Lauri Pietarinen LipTai 11,67<br \/>\n2) Aleksis Kivel\u00e4 PolvijU 11,71<br \/>\n3) Peetu Alastalo Pyh\u00e4sU 11,79<br \/>\n4) Vili Hyv\u00e4rinen PolvijU 13,35<br \/>\n5) Marlo Tuhkanen Pyh\u00e4sU 14,29<\/p>\n<p>P11 4-ottelu 800m<br \/>\n1) Lauri Pietarinen LipTai 2.51,98<br \/>\n2) Aleksis Kivel\u00e4 PolvijU 2.53,47<br \/>\n3) Peetu Alastalo Pyh\u00e4sU 2.58,38<br \/>\n4) Vili Hyv\u00e4rinen PolvijU 3.10,76<br \/>\n5) Marlo Tuhkanen Pyh\u00e4sU 3.33,42<\/p>\n<p>P11 4-ottelu Korkeus<br \/>\n1) Aleksis Kivel\u00e4 PolvijU 140<br \/>\n2) Peetu Alastalo Pyh\u00e4sU 120<br \/>\n3) Lauri Pietarinen LipTai 120<br \/>\n4) Vili Hyv\u00e4rinen PolvijU 115<br \/>\n5) Marlo Tuhkanen Pyh\u00e4sU 100<\/p>\n<p>P11 4-ottelu Keih\u00e4s<br \/>\n1) Marlo Tuhkanen Pyh\u00e4sU 26,85<br \/>\n2) Aleksis Kivel\u00e4 PolvijU 25,62<br \/>\n3) Lauri Pietarinen LipTai 22,81<br \/>\n4) Peetu Alastalo Pyh\u00e4sU 21,47<br \/>\n5) Vili Hyv\u00e4rinen PolvijU 18,61<\/p>\n<p>T11 4-ottelu 60m aidat<br \/>\n1) Jade Nousiainen Pyh\u00e4sU 10,90<br \/>\n2) Aino Kolmonen JoensKa 11,08<br \/>\n3) Ida Pelli PolvijU 11,22<br \/>\n4) Ronja Eronen Pyh\u00e4sU 11,37<br \/>\n5) Amanda Keronen OutokPa 11,66<br \/>\n6) Venla Huttunen PolvijU 12,05<br \/>\n6) Senniina Huovinen Pyh\u00e4sU 12,05<br \/>\n8) Heini Kuronen Pyh\u00e4sU 12,13<br \/>\n9) Sara Noponen LipTai 12,26<br \/>\n10) Viida Hiltunen OutokPa 16,67<\/p>\n<p>T11 4-ottelu 800m<br \/>\n1) Senniina Huovinen Pyh\u00e4sU 2.47,94<br \/>\n2) Heini Kuronen Pyh\u00e4sU 2.54,21<br \/>\n3) Aino Kolmonen JoensKa 2.58,72<br \/>\n4) Sara Noponen LipTai 2.58,96<br \/>\n5) Ronja Eronen Pyh\u00e4sU 3.03,57<br \/>\n6) Jade Nousiainen Pyh\u00e4sU 3.03,65<br \/>\n7) Viida Hiltunen OutokPa 3.13,76<br \/>\n8) Ida Pelli PolvijU 3.16,22<br \/>\n9) Amanda Keronen OutokPa 3.18,61<br \/>\n10) Venla Huttunen PolvijU 3.32,82<\/p>\n<p>T11 4-ottelu Korkeus<br \/>\n1) Ida Pelli PolvijU 125<br \/>\n2) Jade Nousiainen Pyh\u00e4sU 125<br \/>\n3) Aino Kolmonen JoensKa 125<br \/>\n4) Viida Hiltunen OutokPa 115<br \/>\n5) Heini Kuronen Pyh\u00e4sU 110<br \/>\n6) Amanda Keronen OutokPa 110<br \/>\n7) Sara Noponen LipTai 110<br \/>\n8) Senniina Huovinen Pyh\u00e4sU 105<br \/>\n9) Ronja Eronen Pyh\u00e4sU 100<br \/>\nVenla Huttunen PolvijU NH<\/p>\n<p>T11 4-ottelu Keih\u00e4s<br \/>\n1) Ronja Eronen Pyh\u00e4sU 20,50<br \/>\n2) Ida Pelli PolvijU 20,00<br \/>\n3) Aino Kolmonen JoensKa 18,94<br \/>\n4) Jade Nousiainen Pyh\u00e4sU 15,48<br \/>\n5) Heini Kuronen Pyh\u00e4sU 15,43<br \/>\n6) Viida Hiltunen OutokPa 13,65<br \/>\n7) Sara Noponen LipTai 12,59<br \/>\n8) Senniina Huovinen Pyh\u00e4sU 11,22<br \/>\n9) Venla Huttunen PolvijU 10,19<br \/>\n10) Amanda Keronen OutokPa 8,95<\/p>\n<p>P12 5-ottelu 60m aidat<br \/>\n1) Topias Poutiainen OutokPa 10,47<br \/>\n2) Arttu Kylm\u00e4nen Pyh\u00e4sU 12,81<br \/>\n3) Joona Mustonen PolvijU 13,07<\/p>\n<p>P12 5-ottelu 800m<br \/>\n1) Topias Poutiainen OutokPa 2.35,30<br \/>\n2) Arttu Kylm\u00e4nen Pyh\u00e4sU 2.59,04<br \/>\n3) Joona Mustonen PolvijU 3.44,19<\/p>\n<p>P12 5-ottelu Pituus<br \/>\n1) Topias Poutiainen OutokPa 5,19<br \/>\n2) Arttu Kylm\u00e4nen Pyh\u00e4sU 3,80<br \/>\n3) Joona Mustonen PolvijU 3,68<\/p>\n<p>P12 5-ottelu Kiekko<br \/>\n1) Topias Poutiainen OutokPa 35,26<br \/>\n2) Arttu Kylm\u00e4nen Pyh\u00e4sU 14,33<br \/>\nJoona Mustonen PolvijU NM<\/p>\n<p>P12 5-ottelu Keih\u00e4s<br \/>\n1) Topias Poutiainen OutokPa 33,45<br \/>\n2) Joona Mustonen PolvijU 24,24<br \/>\n3) Arttu Kylm\u00e4nen Pyh\u00e4sU 16,35<\/p>\n<p>T12 5-ottelu 60m aidat<br \/>\n1) Pinja Stenberg Pyh\u00e4sU 10,76<br \/>\n2) Minessa Miettinen JoensKa 11,20<br \/>\n3) Maiju Saraniemi LieksU 13,05<br \/>\n4) Linda Mononen JoensKa 13,25<br \/>\n5) Iida Huttunen OutokPa 13,55<\/p>\n<p>T12 5-ottelu 800m<br \/>\n1) Pinja Stenberg Pyh\u00e4sU 2.56,02<br \/>\n2) Iida Huttunen OutokPa 3.04,90<br \/>\n3) Linda Mononen JoensKa 3.06,77<br \/>\n4) Minessa Miettinen JoensKa 3.12,82<br \/>\n5) Maiju Saraniemi LieksU 3.42,14<\/p>\n<p>T12 5-ottelu Korkeus<br \/>\n1) Pinja Stenberg Pyh\u00e4sU 125<br \/>\n2) Minessa Miettinen JoensKa 125<br \/>\n3) Linda Mononen JoensKa 125<br \/>\n4) Iida Huttunen OutokPa 115<br \/>\n5) Maiju Saraniemi LieksU 110<\/p>\n<p>T12 5-ottelu Pituus<br \/>\n1) Pinja Stenberg Pyh\u00e4sU 4,26<br \/>\n2) Maiju Saraniemi LieksU 3,73<br \/>\n3) Minessa Miettinen JoensKa 3,71<br \/>\n4) Iida Huttunen OutokPa 3,49<br \/>\n5) Linda Mononen JoensKa 3,12<\/p>\n<p>T12 5-ottelu Keih\u00e4s<br \/>\n1) Maiju Saraniemi LieksU 28,33<br \/>\n2) Pinja Stenberg Pyh\u00e4sU 27,55<br \/>\n3) Linda Mononen JoensKa 22,45<br \/>\n4) Minessa Miettinen JoensKa 18,75<br \/>\n5) Iida Huttunen OutokPa 17,59<\/p>\n<p>P13 5-ottelu 60m aidat<br \/>\n1) Renne Kankkunen JoensKa 10,07<br \/>\n2) Jerkko Kinnunen Pyh\u00e4sU 12,53<\/p>\n<p>P13 5-ottelu 800m<br \/>\n1) Renne Kankkunen JoensKa 2.44,53<br \/>\n2) Jerkko Kinnunen Pyh\u00e4sU 2.46,40<\/p>\n<p>P13 5-ottelu Pituus<br \/>\n1) Renne Kankkunen JoensKa 4,36<br \/>\n2) Jerkko Kinnunen Pyh\u00e4sU 3,73<\/p>\n<p>P13 5-ottelu Kiekko<br \/>\n1) Jerkko Kinnunen Pyh\u00e4sU 25,10<br \/>\n2) Renne Kankkunen JoensKa 19,17<\/p>\n<p>P13 5-ottelu Keih\u00e4s<br \/>\n1) Jerkko Kinnunen Pyh\u00e4sU 28,92<br \/>\n2) Renne Kankkunen JoensKa 28,11<\/p>\n<p>T13 5-ottelu 60m aidat<br \/>\n1) Sointu Kuiri PolvijU 11,17<br \/>\n2) Martta Muuttoranta LipTai 12,16<br \/>\n3) Helmi Ahosola PolvijU 13,88<br \/>\n4) Eevi Ratilainen PolvijU 13,96<\/p>\n<p>T13 5-ottelu 800m<br \/>\n1) Sointu Kuiri PolvijU 3.05,54<br \/>\n2) Martta Muuttoranta LipTai 3.08,92<br \/>\n3) Helmi Ahosola PolvijU 3.14,03<br \/>\n4) Eevi Ratilainen PolvijU 3.29,42<\/p>\n<p>T13 5-ottelu Korkeus<br \/>\n1) Martta Muuttoranta LipTai 125<br \/>\n2) Sointu Kuiri PolvijU 115<br \/>\n3) Eevi Ratilainen PolvijU 115<br \/>\n4) Helmi Ahosola PolvijU 110<\/p>\n<p>T13 5-ottelu Pituus<br \/>\n1) Helmi Ahosola PolvijU 3,73<br \/>\n2) Martta Muuttoranta LipTai 3,59<br \/>\n3) Eevi Ratilainen PolvijU 3,45<br \/>\n4) Sointu Kuiri PolvijU 3,32<\/p>\n<p>T13 5-ottelu Keih\u00e4s<br \/>\n1) Martta Muuttoranta LipTai 35,79<br \/>\n2) Sointu Kuiri PolvijU 16,00<br \/>\n3) Eevi Ratilainen PolvijU 13,10<br \/>\n4) Helmi Ahosola PolvijU 11,60<\/p>\n<p>&nbsp;<\/p>\n","protected":false},"excerpt":{"rendered":"<p>Pohjois-Karjalan 9-13-vuotiaiden pm-moniottelut Lieksa, 22.08.2021 Kokonaistulokset (yksitt\u00e4islajit alempana): P9 4-ottelu 1) Aatu Tolonen LieksU 588 2) Jasper Mustonen PolvijU 580 3) Jare Ker\u00e4nen JoensKa 565 4) Aatos Kolmonen JoensKa 550 5) Eeli Alastalo Pyh\u00e4sU 400 6) Maks Kempas LieksU 313 T9 4-ottelu 1) Sara Ker\u00e4nen JoensKa 703 2) Mette Fincke &hellip;<\/p>\n","protected":false},"author":2,"featured_media":0,"parent":6805,"menu_order":2,"comment_status":"closed","ping_status":"closed","template":"","meta":{"footnotes":""},"categories":[],"tags":[],"class_list":["post-6876","page","type-page","status-publish","hentry"],"_links":{"self":[{"href":"https:\/\/www.lieksanurheilijat.com\/index.php?rest_route=\/wp\/v2\/pages\/6876","targetHints":{"allow":["GET"]}}],"collection":[{"href":"https:\/\/www.lieksanurheilijat.com\/index.php?rest_route=\/wp\/v2\/pages"}],"about":[{"href":"https:\/\/www.lieksanurheilijat.com\/index.php?rest_route=\/wp\/v2\/types\/page"}],"author":[{"embeddable":true,"href":"https:\/\/www.lieksanurheilijat.com\/index.php?rest_route=\/wp\/v2\/users\/2"}],"replies":[{"embeddable":true,"href":"https:\/\/www.lieksanurheilijat.com\/index.php?rest_route=%2Fwp%2Fv2%2Fcomments&post=6876"}],"version-history":[{"count":2,"href":"https:\/\/www.lieksanurheilijat.com\/index.php?rest_route=\/wp\/v2\/pages\/6876\/revisions"}],"predecessor-version":[{"id":6878,"href":"https:\/\/www.lieksanurheilijat.com\/index.php?rest_route=\/wp\/v2\/pages\/6876\/revisions\/6878"}],"up":[{"embeddable":true,"href":"https:\/\/www.lieksanurheilijat.com\/index.php?rest_route=\/wp\/v2\/pages\/6805"}],"wp:attachment":[{"href":"https:\/\/www.lieksanurheilijat.com\/index.php?rest_route=%2Fwp%2Fv2%2Fmedia&parent=6876"}],"wp:term":[{"taxonomy":"category","embeddable":true,"href":"https:\/\/www.lieksanurheilijat.com\/index.php?rest_route=%2Fwp%2Fv2%2Fcategories&post=6876"},{"taxonomy":"post_tag","embeddable":true,"href":"https:\/\/www.lieksanurheilijat.com\/index.php?rest_route=%2Fwp%2Fv2%2Ftags&post=6876"}],"curies":[{"name":"wp","href":"https:\/\/api.w.org\/{rel}","templated":true}]}}