{"id":6757,"date":"2020-08-23T22:04:50","date_gmt":"2020-08-23T19:04:50","guid":{"rendered":"https:\/\/www.lieksanurheilijat.com\/?page_id=6757"},"modified":"2020-08-23T22:04:51","modified_gmt":"2020-08-23T19:04:51","slug":"seipaan-tuloskisa-23-8-2020","status":"publish","type":"page","link":"https:\/\/www.lieksanurheilijat.com\/?page_id=6757","title":{"rendered":"Seip\u00e4\u00e4n tuloskisa 23.8.2020"},"content":{"rendered":"\n<p>Susirajan seip\u00e4\u00e4n tuloskisa<br>Lieksa 23.08.2020<\/p>\n\n\n\n<p>T15 Seiv\u00e4s<br>\n1)   Moona Heikkinen                  Jyv\u00e4skKU                  260               <br>\n     250    260    270    <br>\n     o      o      xxx    <\/p>\n\n\n\n<p>     Tuuli Saraniemi                  LieksU                    NH                <br>      270    <br>      xxx    <\/p>\n\n\n\n<p>N17 Seiv\u00e4s<br>\n1)   Maija Boren                      LieksU                    300               <br>\n     280    300    330    <br>\n     xxo    xxo    xxx    <\/p>\n","protected":false},"excerpt":{"rendered":"<p>Susirajan seip\u00e4\u00e4n tuloskisaLieksa 23.08.2020 T15 Seiv\u00e4s 1) Moona Heikkinen Jyv\u00e4skKU 260 250 260 270 o o xxx Tuuli Saraniemi LieksU NH 270 xxx N17 Seiv\u00e4s 1) Maija Boren LieksU 300 280 300 330 xxo xxo xxx<\/p>\n","protected":false},"author":2,"featured_media":0,"parent":6663,"menu_order":2,"comment_status":"closed","ping_status":"closed","template":"","meta":{"footnotes":""},"categories":[],"tags":[],"class_list":["post-6757","page","type-page","status-publish","hentry"],"_links":{"self":[{"href":"https:\/\/www.lieksanurheilijat.com\/index.php?rest_route=\/wp\/v2\/pages\/6757","targetHints":{"allow":["GET"]}}],"collection":[{"href":"https:\/\/www.lieksanurheilijat.com\/index.php?rest_route=\/wp\/v2\/pages"}],"about":[{"href":"https:\/\/www.lieksanurheilijat.com\/index.php?rest_route=\/wp\/v2\/types\/page"}],"author":[{"embeddable":true,"href":"https:\/\/www.lieksanurheilijat.com\/index.php?rest_route=\/wp\/v2\/users\/2"}],"replies":[{"embeddable":true,"href":"https:\/\/www.lieksanurheilijat.com\/index.php?rest_route=%2Fwp%2Fv2%2Fcomments&post=6757"}],"version-history":[{"count":1,"href":"https:\/\/www.lieksanurheilijat.com\/index.php?rest_route=\/wp\/v2\/pages\/6757\/revisions"}],"predecessor-version":[{"id":6758,"href":"https:\/\/www.lieksanurheilijat.com\/index.php?rest_route=\/wp\/v2\/pages\/6757\/revisions\/6758"}],"up":[{"embeddable":true,"href":"https:\/\/www.lieksanurheilijat.com\/index.php?rest_route=\/wp\/v2\/pages\/6663"}],"wp:attachment":[{"href":"https:\/\/www.lieksanurheilijat.com\/index.php?rest_route=%2Fwp%2Fv2%2Fmedia&parent=6757"}],"wp:term":[{"taxonomy":"category","embeddable":true,"href":"https:\/\/www.lieksanurheilijat.com\/index.php?rest_route=%2Fwp%2Fv2%2Fcategories&post=6757"},{"taxonomy":"post_tag","embeddable":true,"href":"https:\/\/www.lieksanurheilijat.com\/index.php?rest_route=%2Fwp%2Fv2%2Ftags&post=6757"}],"curies":[{"name":"wp","href":"https:\/\/api.w.org\/{rel}","templated":true}]}}