{"id":6374,"date":"2018-12-12T12:11:03","date_gmt":"2018-12-12T10:11:03","guid":{"rendered":"https:\/\/www.lieksanurheilijat.com\/?page_id=6374"},"modified":"2025-12-28T12:52:19","modified_gmt":"2025-12-28T10:52:19","slug":"rekisteriseloste","status":"publish","type":"page","link":"https:\/\/www.lieksanurheilijat.com\/?page_id=6374","title":{"rendered":"Rekisteriseloste"},"content":{"rendered":"<p>Rekisteriseloste<br \/>\nHenkil\u00f6tietolain (523\/99) 10 \u00a7:n mukainen rekisteriseloste. P\u00e4ivitetty: 28.12.2026 Hanna Hyrskyl\u00e4<\/p>\n<p>1. Rekisterinpit\u00e4j\u00e4<br \/>\nLieksan Urheilijat ry, 81720 Lieksa, Y:tunnus: 0207622-8, lieksan.urheilijat@outlook.com Suomisport<\/p>\n<p>2. Rekisteriasioista vastaava henkil\u00f6 ja\/tai yhteyshenkil\u00f6<br \/>\nSeuran puheenjohtaja Hanna Hyrskyl\u00e4 lieksan.urheilijat@outlook.com<\/p>\n<p>3. Rekisterin nimi<br \/>\nLieksan Urheilijat ry:n j\u00e4senrekisteri, joka sis\u00e4lt\u00e4\u00e4 my\u00f6s urheilukoululaisten yhteystiedot<\/p>\n<p>4. Rekisteritietojen k\u00e4ytt\u00f6tarkoitus<br \/>\nRekisteri on yhdistyslain 11\u00a7 mukainen luettelo seuran j\u00e4senist\u00e4, johon kootaan seuran j\u00e4senten tiedot. Rekisteriss\u00e4 olevia tietoja k\u00e4ytet\u00e4\u00e4n j\u00e4senasioista ja muusta seuran toiminnasta tiedottamiseen, tarvittavien vakuutusten ja urheilulisenssien hankintaan, seuran toiminnan raportointiin sek\u00e4 laskujen ja maksujen l\u00e4hett\u00e4miseen sek\u00e4 seuraamiseen.<\/p>\n<p>5. Rekisterin tietosis\u00e4lt\u00f6<br \/>\nK\u00e4ytt\u00e4j\u00e4rekisterin tiedot: &#8211; Etunimi- ja sukunimi &#8211; Henkil\u00f6n syntym\u00e4aika &#8211; Katuosoite &#8211; Postinumero &#8211; Postitoimipaikka &#8211; Ryhm\u00e4 johon osallistuu &#8211; Huoltajan nimi ja yhteystiedot (jos j\u00e4sen alaik\u00e4inen) &#8211; Huoltajan puhelinnumero &#8211; Huoltajan s\u00e4hk\u00f6postiosoite.<\/p>\n<p>6. S\u00e4\u00e4nn\u00f6nmukaiset tietol\u00e4hteet<br \/>\nTiedot on saatu asiakkaalta itselt\u00e4\u00e4n.<\/p>\n<p>7. S\u00e4\u00e4nn\u00f6nmukaiset tietojen luovutukset ja tietojen siirto EU:n tai Euroopan talousalueen puolelle<br \/>\nSeura voi luovuttaa viranomaisille rekisterin tietoja lain tai muiden m\u00e4\u00e4r\u00e4ysten niin vaatiessa. Seura ei luovuta tietoja kaupallisiin tarkoituksiin.<br \/>\nTietoja ei luovuteta EU:n tai Euroopan talousalueen ulkopuolelle.<\/p>\n<p>8. Rekisterin suojaus<br \/>\nTiedot tallentuvat Suomisportin j\u00e4rjestelm\u00e4\u00e4n.<\/p>\n<p>9. Tarkastusoikeus<br \/>\nK\u00e4ytt\u00e4j\u00e4ll\u00e4 on henkil\u00f6tietolain 26 \u00a7:n mukaisesti oikeus tarkastaa, mit\u00e4 h\u00e4nt\u00e4 koskevia tietoja henkil\u00f6rekisteriin on tallennettu. Tarkastuspyynt\u00f6 tulee l\u00e4hett\u00e4\u00e4 kirjallisesti ja allekirjoitettuna osoitteeseen: Lieksan Urheilijat, lieksan.urheiljat@outlook.com. Rekisterinpit\u00e4j\u00e4n on ilman aiheetonta viivytyst\u00e4 oma-aloitteisesti tai rekister\u00f6idyn henkil\u00f6n pyynn\u00f6st\u00e4 oikaistava, poistettava tai t\u00e4ydennett\u00e4v\u00e4 rekisteriss\u00e4 oleva, toiminnan tarkoituksen kannalta virheellinen, tarpeeton, puutteellinen tai vanhentunut henkil\u00f6tieto.<\/p>\n","protected":false},"excerpt":{"rendered":"<p>Rekisteriseloste Henkil\u00f6tietolain (523\/99) 10 \u00a7:n mukainen rekisteriseloste. P\u00e4ivitetty: 28.12.2026 Hanna Hyrskyl\u00e4 1. Rekisterinpit\u00e4j\u00e4 Lieksan Urheilijat ry, 81720 Lieksa, Y:tunnus: 0207622-8, lieksan.urheilijat@outlook.com Suomisport 2. Rekisteriasioista vastaava henkil\u00f6 ja\/tai yhteyshenkil\u00f6 Seuran puheenjohtaja Hanna Hyrskyl\u00e4 lieksan.urheilijat@outlook.com 3. Rekisterin nimi Lieksan Urheilijat ry:n j\u00e4senrekisteri, joka sis\u00e4lt\u00e4\u00e4 my\u00f6s urheilukoululaisten yhteystiedot 4. Rekisteritietojen k\u00e4ytt\u00f6tarkoitus Rekisteri on &hellip;<\/p>\n","protected":false},"author":2,"featured_media":0,"parent":11,"menu_order":7,"comment_status":"closed","ping_status":"closed","template":"","meta":{"footnotes":""},"categories":[],"tags":[],"class_list":["post-6374","page","type-page","status-publish","hentry"],"_links":{"self":[{"href":"https:\/\/www.lieksanurheilijat.com\/index.php?rest_route=\/wp\/v2\/pages\/6374","targetHints":{"allow":["GET"]}}],"collection":[{"href":"https:\/\/www.lieksanurheilijat.com\/index.php?rest_route=\/wp\/v2\/pages"}],"about":[{"href":"https:\/\/www.lieksanurheilijat.com\/index.php?rest_route=\/wp\/v2\/types\/page"}],"author":[{"embeddable":true,"href":"https:\/\/www.lieksanurheilijat.com\/index.php?rest_route=\/wp\/v2\/users\/2"}],"replies":[{"embeddable":true,"href":"https:\/\/www.lieksanurheilijat.com\/index.php?rest_route=%2Fwp%2Fv2%2Fcomments&post=6374"}],"version-history":[{"count":5,"href":"https:\/\/www.lieksanurheilijat.com\/index.php?rest_route=\/wp\/v2\/pages\/6374\/revisions"}],"predecessor-version":[{"id":7353,"href":"https:\/\/www.lieksanurheilijat.com\/index.php?rest_route=\/wp\/v2\/pages\/6374\/revisions\/7353"}],"up":[{"embeddable":true,"href":"https:\/\/www.lieksanurheilijat.com\/index.php?rest_route=\/wp\/v2\/pages\/11"}],"wp:attachment":[{"href":"https:\/\/www.lieksanurheilijat.com\/index.php?rest_route=%2Fwp%2Fv2%2Fmedia&parent=6374"}],"wp:term":[{"taxonomy":"category","embeddable":true,"href":"https:\/\/www.lieksanurheilijat.com\/index.php?rest_route=%2Fwp%2Fv2%2Fcategories&post=6374"},{"taxonomy":"post_tag","embeddable":true,"href":"https:\/\/www.lieksanurheilijat.com\/index.php?rest_route=%2Fwp%2Fv2%2Ftags&post=6374"}],"curies":[{"name":"wp","href":"https:\/\/api.w.org\/{rel}","templated":true}]}}