{"id":6295,"date":"2018-08-15T21:04:00","date_gmt":"2018-08-15T18:04:00","guid":{"rendered":"https:\/\/www.lieksanurheilijat.com\/?page_id=6295"},"modified":"2018-08-16T10:00:25","modified_gmt":"2018-08-16T07:00:25","slug":"kaupunginmestaruuskilpailut","status":"publish","type":"page","link":"https:\/\/www.lieksanurheilijat.com\/?page_id=6295","title":{"rendered":"Kaupunginmestaruuskilpailut"},"content":{"rendered":"<p>Lieksan kaupungin yleisurheilumestaruuskilpailut<\/p>\n<p>Lieksa 15.8.2018<\/p>\n<p>M 100m +0,0<br \/>\n1) Joni Korhonen Lieksa 12,54<br \/>\n2) Simo N\u00e4ykki Lieksa 12,84<br \/>\n3) Esko M\u00e4lk\u00f6nen JuuanU 13,98<br \/>\n4) Janne Reittu Lieksa 14,19<br \/>\n5) Antti K\u00e4rkk\u00e4inen Lieksa 14,27<\/p>\n<p>M kuula<br \/>\n1) Janne Reittu Lieksa 8,98<br \/>\n2) Veikka Rantanen Lieksa 8,70<\/p>\n<p>P15 100m +0,6<br \/>\nEero Mauro LieksU 12,72<br \/>\n1) Juho Soikkeli Lieksa 16,60<\/p>\n<p>P13 60m +0,9<br \/>\n1) Eero Mauro LieksU 7,99<\/p>\n<p>P13 kuula<br \/>\n1) Eero Mauro LieksU 10,96<\/p>\n<p>P11 60m<br \/>\n1) Niko Pulkkinen LieksU 11,04<\/p>\n<p>P11 keih\u00e4s<br \/>\n1) Niko Pulkkinen LieksU 9,05<\/p>\n<p>P9 40m<br \/>\n1) Eppu Ahvenainen LieksU 7,11<br \/>\n2) Jimi Ahvenainen LieksU 7,61<\/p>\n<p>P9 pallo<br \/>\n1) Eppu Ahvenainen LieksU 23,78<br \/>\n2) Jimi Ahvenainen LieksU 14,45<\/p>\n<p>P7 40m<br \/>\n1) Valtteri Turunen LieksU 8,35<br \/>\n2) Aatu Tolonen LieksU 8,36<br \/>\n3) Otso Heikkinen LieksU 8,72<br \/>\n4) Vilho Heikkinen LieksU 8,89<br \/>\n5) Veikka Turunen LieksU 9,81<\/p>\n<p>P7 pallo<br \/>\n1) Aatu Tolonen LieksU 11,75<br \/>\n2) Valtteri Turunen LieksU 9,82<br \/>\n3) Otso Heikkinen LieksU 7,89<br \/>\n4) Vilho Heikkinen LieksU 7,30<br \/>\n5) Veikka Turunen LieksU 7,11<\/p>\n<p>N 100m -0,2<br \/>\n1) Bettiina Kiiskinen Pyh\u00e4sU 14,48<br \/>\n2) Liisa V\u00e4nsk\u00e4 LieksU 20,88<\/p>\n<p>N kuula<br \/>\n1) Riina Kettunen LieksU 9,24<br \/>\n2) Marika Hyv\u00e4rinen LieksU 8,87<br \/>\n3) Bettiina Kiiskinen Pyh\u00e4sU 7,76<br \/>\n4) Mervi Martikainen LieksU 7,23<br \/>\n5) Liisa V\u00e4nsk\u00e4 LieksU 6,32<\/p>\n<p>T15 100m -0,2<br \/>\nAino Pyykk\u00f6 LieksU 14,59<br \/>\nTuuli Saraniemi LieksU 16,36<\/p>\n<p>T13 60m +0,9<br \/>\n1) Nea Nevalainen LieksU 9,04<br \/>\n2) Aino Pyykk\u00f6 LieksU 9,09<br \/>\n3) Tuuli Saraniemi LieksU 9,75<\/p>\n<p>T13 kuula<br \/>\n1) Aino Pyykk\u00f6 LieksU 8,65<br \/>\n2) Nea Nevalainen LieksU 7,39<br \/>\n3) Tuuli Saraniemi LieksU 6,91<\/p>\n<p>T11 60m<br \/>\n1) Aino Kiiskinen Pyh\u00e4sU 10,06<br \/>\n2) Netta Oinonen LieksU 10,51<\/p>\n<p>T11 keih\u00e4s<br \/>\n1) Aino Kiiskinen Pyh\u00e4sU 14,68<br \/>\n2) Netta Oinonen LieksU 8,05<\/p>\n<p>T9 40m<br \/>\n1) Maiju Saraniemi LieksU 7,02<br \/>\n2) Heini Kuronen Pyh\u00e4sU 7,54<br \/>\n3) Noora Oinonen LieksU 8,04<\/p>\n<p>T9 pallo<br \/>\n1) Maiju Saraniemi LieksU 25,30<br \/>\n2) Noora Oinonen LieksU 15,23<br \/>\n3) Heini Kuronen Pyh\u00e4sU 15,08<\/p>\n<p>T7 40m<br \/>\n1) Elsi P\u00e4ivelin LieksU 7,65<br \/>\n2) Helmi Kuronen LieksU 8,61<br \/>\n3) Nelli Ikonen LieksU 9,57<\/p>\n<p>T7 pallo<br \/>\n1) Elsi P\u00e4ivelin LieksU 10,67<br \/>\n2) Helmi Kuronen LieksU 10,09<br \/>\n3) Nelli Ikonen LieksU 8,13<\/p>\n<p>T5 40m<br \/>\n1) Iiris P\u00e4ivelin LieksU 9,91<br \/>\n2) Peppi Oinonen LieksU 10,05<br \/>\n3) Minja Pekkanen LieksU 11,77<br \/>\n4) Oona Heikkinen LieksU 11,84<br \/>\n5) Toini Kuronen LieksU 12,39<br \/>\n6) Sansa Hollstr\u00f6m LieksU 12,81<\/p>\n<p>T5 pallo<br \/>\n1) Iiris P\u00e4ivelin LieksU 5,11<br \/>\n2) Peppi Oinonen LieksU 3,88<br \/>\n3) Oona Heikkinen LieksU 3,27<br \/>\n4) Sansa Hollstr\u00f6m LieksU 2,81<br \/>\n5) Minja Pekkanen LieksU 2,40<br \/>\n6) Toini Kuronen LieksU 1,76<\/p>\n","protected":false},"excerpt":{"rendered":"<p>Lieksan kaupungin yleisurheilumestaruuskilpailut Lieksa 15.8.2018 M 100m +0,0 1) Joni Korhonen Lieksa 12,54 2) Simo N\u00e4ykki Lieksa 12,84 3) Esko M\u00e4lk\u00f6nen JuuanU 13,98 4) Janne Reittu Lieksa 14,19 5) Antti K\u00e4rkk\u00e4inen Lieksa 14,27 M kuula 1) Janne Reittu Lieksa 8,98 2) Veikka Rantanen Lieksa 8,70 P15 100m +0,6 Eero Mauro &hellip;<\/p>\n","protected":false},"author":2,"featured_media":0,"parent":6060,"menu_order":4,"comment_status":"closed","ping_status":"closed","template":"","meta":{"footnotes":""},"categories":[7],"tags":[],"class_list":["post-6295","page","type-page","status-publish","hentry","category-tulokset"],"_links":{"self":[{"href":"https:\/\/www.lieksanurheilijat.com\/index.php?rest_route=\/wp\/v2\/pages\/6295","targetHints":{"allow":["GET"]}}],"collection":[{"href":"https:\/\/www.lieksanurheilijat.com\/index.php?rest_route=\/wp\/v2\/pages"}],"about":[{"href":"https:\/\/www.lieksanurheilijat.com\/index.php?rest_route=\/wp\/v2\/types\/page"}],"author":[{"embeddable":true,"href":"https:\/\/www.lieksanurheilijat.com\/index.php?rest_route=\/wp\/v2\/users\/2"}],"replies":[{"embeddable":true,"href":"https:\/\/www.lieksanurheilijat.com\/index.php?rest_route=%2Fwp%2Fv2%2Fcomments&post=6295"}],"version-history":[{"count":2,"href":"https:\/\/www.lieksanurheilijat.com\/index.php?rest_route=\/wp\/v2\/pages\/6295\/revisions"}],"predecessor-version":[{"id":6299,"href":"https:\/\/www.lieksanurheilijat.com\/index.php?rest_route=\/wp\/v2\/pages\/6295\/revisions\/6299"}],"up":[{"embeddable":true,"href":"https:\/\/www.lieksanurheilijat.com\/index.php?rest_route=\/wp\/v2\/pages\/6060"}],"wp:attachment":[{"href":"https:\/\/www.lieksanurheilijat.com\/index.php?rest_route=%2Fwp%2Fv2%2Fmedia&parent=6295"}],"wp:term":[{"taxonomy":"category","embeddable":true,"href":"https:\/\/www.lieksanurheilijat.com\/index.php?rest_route=%2Fwp%2Fv2%2Fcategories&post=6295"},{"taxonomy":"post_tag","embeddable":true,"href":"https:\/\/www.lieksanurheilijat.com\/index.php?rest_route=%2Fwp%2Fv2%2Ftags&post=6295"}],"curies":[{"name":"wp","href":"https:\/\/api.w.org\/{rel}","templated":true}]}}