{"id":6194,"date":"2018-06-28T00:22:16","date_gmt":"2018-06-27T21:22:16","guid":{"rendered":"https:\/\/www.lieksanurheilijat.com\/?page_id=6194"},"modified":"2018-07-11T21:52:39","modified_gmt":"2018-07-11T18:52:39","slug":"junnukisat-2","status":"publish","type":"page","link":"https:\/\/www.lieksanurheilijat.com\/?page_id=6194","title":{"rendered":"Junnukisat"},"content":{"rendered":"<p>Lieksa 27.6.2018<\/p>\n<p>N 200m -0,3<br \/>\n1. Bettiina Kiiskinen Pyh\u00e4sU 30,59<\/p>\n<p>N17 200m -0,3<br \/>\n1. Lumi K\u00e4rkk\u00e4inen JoensKa 29,77<\/p>\n<p>N17 keih\u00e4s<br \/>\n1. Tuuli Kinnunen JoensKa 28,38<\/p>\n<p>N17 pituus<br \/>\n1. Lumi K\u00e4rkk\u00e4inen JoensKa 458 -1,7<br \/>\n2. Tuuli Kinnunen JoensKa 440 -1,7<\/p>\n<p>P5 150m<br \/>\n1. Severi N\u00e4s\u00e4nen LieksU 44,26<\/p>\n<p>P5 pituus<br \/>\n1. Severi N\u00e4s\u00e4nen LieksU 158<\/p>\n<p>P5 pallo<br \/>\n1. Severi N\u00e4s\u00e4nen LieksU 6,47<\/p>\n<p>P6 150m<br \/>\n1. Aatu Tolonen LieksU 34,70<br \/>\n2. Otso Heikkinen LieksU 38,74<br \/>\n3. Topi Pyykk\u00f6 LieksU 43,45<br \/>\n4. Eetu Kiiskinen LieksU 47,39<br \/>\n5. Roni Saastamoinen LieksU 1.01,11<\/p>\n<p>P6 pallo<br \/>\n1. Aatu Tolonen LieksU 9,80<br \/>\n2. Otso Heikkinen LieksU 7,15<br \/>\n3. Eetu Kiiskinen LieksU 6,46<br \/>\n4. Topi Pyykk\u00f6 LieksU 5,38<br \/>\n5. Roni Saastamoinen LieksU 4,01<\/p>\n<p>P6 pituus<br \/>\n1. Aatu Tolonen LieksU 234<br \/>\n2. Otso Heikkinen LieksU 175<br \/>\n3. Eetu Kiiskinen LieksU 150<br \/>\n4. Topi Pyykk\u00f6 LieksU 119<br \/>\n5. Roni Saastamoinen LieksU 097<\/p>\n<p>P7 150m<br \/>\n1. Peetu Toivanen LieksU 29,22<br \/>\n2. Miro Kaakkunen LieksU 36,30<\/p>\n<p>P7 pallo<br \/>\n1. Peetu Toivanen LieksU 18,60<br \/>\n2. Miro Kaakkunen LieksU 9,50<\/p>\n<p>P7 pituus<br \/>\n1. Peetu Toivanen LieksU 245<br \/>\n2. Miro Kaakkunen LieksU 240<\/p>\n<p>P9 150m<br \/>\n1. Eppu Ahvenainen LieksU 27,17<br \/>\n2. Aapo Ryyn\u00e4nen JuuanU 27,20<br \/>\n3. Pasi K\u00e4rkk\u00e4inen LieksU 27,95<br \/>\n4. Onni Kallioja Espoo 28,29<br \/>\n5. Olli-Pekka Kaasila LieksU 29,53<br \/>\n6. Juho Klinberg LieksU 30,67<br \/>\n7. Oiva Hiltunen LieksU 32,53<br \/>\n8. Veeti Toivanen LieksU 34,22<\/p>\n<p>P9 keih\u00e4s<br \/>\n1. Aapo Ryyn\u00e4nen JuuanU 18,01<br \/>\n2. Eppu Ahvenainen LieksU 17,56<br \/>\n3. Juho Klinberg LieksU 14,53<br \/>\n4. Onni Kallioja Espoo 12,45<br \/>\n5. Veeti Toivanen LieksU 11,46<br \/>\n6. Pasi K\u00e4rkk\u00e4inen LieksU 10,69<br \/>\n7. Oiva Hiltunen LieksU 8,44<\/p>\n<p>P9 pituus<br \/>\n1. Eppu Ahvenainen LieksU 330<br \/>\n2. Aapo Ryyn\u00e4nen JuuanU 327<br \/>\n3. Onni Kallioja Espoo 292<br \/>\n4. Pasi K\u00e4rkk\u00e4inen LieksU 284<br \/>\n5. Oiva Hiltunen LieksU 273<br \/>\n6. Juho Klinberg LieksU 271<br \/>\n7. Veeti Toivanen LieksU 238<br \/>\n8. Olli-Pekka Kaasila LieksU 234<\/p>\n<p>P10 150m<br \/>\n1. Niko Pulkkinen LieksU 29,57<\/p>\n<p>P10 keih\u00e4s<br \/>\n1. Niko Pulkkinen LieksU 14,67<\/p>\n<p>P10 pituus<br \/>\n1. Niko Pulkkinen LieksU 304<\/p>\n<p>P11 150m<br \/>\n1. Hugo R\u00e4ty Uimaharju 35,07<\/p>\n<p>P11 keih\u00e4s<br \/>\n1. Hugo R\u00e4ty Uimaharju 15,17<\/p>\n<p>P11 pituus<br \/>\n1. Hugo R\u00e4ty Uimaharju 187<\/p>\n<p>P12 200m -0,3<br \/>\n1. Juho Hyttinen JuuanU 42,08<\/p>\n<p>P12 keih\u00e4s<br \/>\n1. Juho Hyttinen JuuanU 24,72<\/p>\n<p>P12 pituus<br \/>\n1. Juho Hyttinen JuuanU 279 -1,3<\/p>\n<p>P13 keih\u00e4s<br \/>\n1. Janne Oinonen JoensKa 48,68<br \/>\n2. Aleksi Haukka JuuanU 35,02<\/p>\n<p>T5 150m<br \/>\n1. Maija Kallioja Espoo 40,74<br \/>\n2. Tiina Hiltunen LieksU 45,26<br \/>\n3. Valpuri N\u00e4s\u00e4nen LieksU 1.00,90<br \/>\n4. Toini Kuronen LieksU 1.01,43<br \/>\n5. Ronja Tarvainen LieksU 2.16,07<\/p>\n<p>T5 pallo<br \/>\n1. Maija Kallioja Espoo 6,36<br \/>\n2. Ronja Tarvainen LieksU 3,40<br \/>\n3. Toini Kuronen LieksU 2,25<br \/>\n4. Valpuri N\u00e4s\u00e4nen LieksU 2,00<\/p>\n<p>T5 pituus<br \/>\n1. Maija Kallioja Espoo 161<br \/>\n2. Ronja Tarvainen LieksU 110<br \/>\n3. Valpuri N\u00e4s\u00e4nen LieksU 078<\/p>\n<p>T6 150m<br \/>\n1. Helmi Kuronen Pyh\u00e4sU 34,38<br \/>\n2. Nelli Ikonen LieksU 38,30<br \/>\n3. Milja Pyykk\u00f6 LieksU 38,32<\/p>\n<p>T6 pallo<br \/>\n1. Nelli Ikonen LieksU 9,70<br \/>\n2. Helmi Kuronen Pyh\u00e4sU 9,56<br \/>\n3. Milja Pyykk\u00f6 LieksU 3,55<\/p>\n<p>T6 pituus<br \/>\n1. Helmi Kuronen Pyh\u00e4sU 224<br \/>\n2. Nelli Ikonen LieksU 175<br \/>\n3. Milja Pyykk\u00f6 LieksU 093<\/p>\n<p>T7 150m<br \/>\n1. Kerttu Kallioja Espoo 29,43<br \/>\n2. Kiia Muikku LieksU 36,50<\/p>\n<p>T7 pallo<br \/>\n1. Kerttu Kallioja Espoo 8,77<br \/>\n2. Kiia Muikku LieksU 7,45<\/p>\n<p>T7 pituus<br \/>\n1. Kerttu Kallioja Espoo 232<br \/>\n2. Kiia Muikku LieksU 183<\/p>\n<p>T9 150m<br \/>\n1. Heini Kuronen Pyh\u00e4sU 28,98<br \/>\n2. Noora Oinonen LieksU 30,23<br \/>\n3. Oona Kotoaro LieksU 31,81<\/p>\n<p>T9 keih\u00e4s<br \/>\n1. Heini Kuronen Pyh\u00e4sU 7,00<\/p>\n<p>T9 pituus<br \/>\n1. Heini Kuronen Pyh\u00e4sU 280<br \/>\n2. Noora Oinonen LieksU 263<\/p>\n<p>T10 150m<br \/>\n1. Netta Oinonen LieksU 26,74<br \/>\n2. Saara K\u00e4rki LieksU 29,10<br \/>\n3. Sohvi Hiltunen LieksU 30,76<\/p>\n<p>T10 keih\u00e4s<br \/>\n1. Netta Oinonen LieksU 10,27<br \/>\n2. Saara K\u00e4rki LieksU 8,50<br \/>\n3. Sohvi Hiltunen LieksU 6,94<\/p>\n<p>T10 pituus<br \/>\n1. Netta Oinonen LieksU 311<br \/>\n2. Saara K\u00e4rki LieksU 299<br \/>\n3. Sohvi Hiltunen LieksU 269<\/p>\n<p>T11 150m<br \/>\n1. Iina Kukkonen JuuanU 25,13<br \/>\n2. Aino Kiiskinen Pyh\u00e4sU 25,57<br \/>\n3. Hilla Ryyn\u00e4nen JuuanU 29,03<\/p>\n<p>T11 keih\u00e4s<br \/>\n1. Aino Kiiskinen Pyh\u00e4sU 12,10<\/p>\n<p>T11 pituus<br \/>\n1. Aino Kiiskinen Pyh\u00e4sU 347<br \/>\n2. Hilla Ryyn\u00e4nen JuuanU 285<br \/>\n3. Iina Kukkonen JuuanU 260<\/p>\n<p>T13 200m -0,3<br \/>\n1. Moona Kukkonen JuuanU 34,00<br \/>\n2. Aino Eronen JuuanU 34,11<\/p>\n<p>T13 pituus<br \/>\n1. Aino Eronen JuuanU 370 -0,2<br \/>\n2. Moona Kukkonen JuuanU 353 -0,5<\/p>\n","protected":false},"excerpt":{"rendered":"<p>Lieksa 27.6.2018 N 200m -0,3 1. Bettiina Kiiskinen Pyh\u00e4sU 30,59 N17 200m -0,3 1. Lumi K\u00e4rkk\u00e4inen JoensKa 29,77 N17 keih\u00e4s 1. Tuuli Kinnunen JoensKa 28,38 N17 pituus 1. Lumi K\u00e4rkk\u00e4inen JoensKa 458 -1,7 2. Tuuli Kinnunen JoensKa 440 -1,7 P5 150m 1. Severi N\u00e4s\u00e4nen LieksU 44,26 P5 pituus 1. Severi &hellip;<\/p>\n","protected":false},"author":2,"featured_media":0,"parent":6060,"menu_order":9,"comment_status":"closed","ping_status":"closed","template":"","meta":{"footnotes":""},"categories":[7],"tags":[],"class_list":["post-6194","page","type-page","status-publish","hentry","category-tulokset"],"_links":{"self":[{"href":"https:\/\/www.lieksanurheilijat.com\/index.php?rest_route=\/wp\/v2\/pages\/6194","targetHints":{"allow":["GET"]}}],"collection":[{"href":"https:\/\/www.lieksanurheilijat.com\/index.php?rest_route=\/wp\/v2\/pages"}],"about":[{"href":"https:\/\/www.lieksanurheilijat.com\/index.php?rest_route=\/wp\/v2\/types\/page"}],"author":[{"embeddable":true,"href":"https:\/\/www.lieksanurheilijat.com\/index.php?rest_route=\/wp\/v2\/users\/2"}],"replies":[{"embeddable":true,"href":"https:\/\/www.lieksanurheilijat.com\/index.php?rest_route=%2Fwp%2Fv2%2Fcomments&post=6194"}],"version-history":[{"count":2,"href":"https:\/\/www.lieksanurheilijat.com\/index.php?rest_route=\/wp\/v2\/pages\/6194\/revisions"}],"predecessor-version":[{"id":6220,"href":"https:\/\/www.lieksanurheilijat.com\/index.php?rest_route=\/wp\/v2\/pages\/6194\/revisions\/6220"}],"up":[{"embeddable":true,"href":"https:\/\/www.lieksanurheilijat.com\/index.php?rest_route=\/wp\/v2\/pages\/6060"}],"wp:attachment":[{"href":"https:\/\/www.lieksanurheilijat.com\/index.php?rest_route=%2Fwp%2Fv2%2Fmedia&parent=6194"}],"wp:term":[{"taxonomy":"category","embeddable":true,"href":"https:\/\/www.lieksanurheilijat.com\/index.php?rest_route=%2Fwp%2Fv2%2Fcategories&post=6194"},{"taxonomy":"post_tag","embeddable":true,"href":"https:\/\/www.lieksanurheilijat.com\/index.php?rest_route=%2Fwp%2Fv2%2Ftags&post=6194"}],"curies":[{"name":"wp","href":"https:\/\/api.w.org\/{rel}","templated":true}]}}