{"id":5938,"date":"2017-09-07T11:59:18","date_gmt":"2017-09-07T08:59:18","guid":{"rendered":"https:\/\/www.lieksanurheilijat.com\/?page_id=5938"},"modified":"2017-09-08T12:01:00","modified_gmt":"2017-09-08T09:01:00","slug":"motonet-kuukausikisat","status":"publish","type":"page","link":"https:\/\/www.lieksanurheilijat.com\/?page_id=5938","title":{"rendered":"Motonet-kuukausikisat"},"content":{"rendered":"<p>7.9.2017<br \/>\nJoensuu<\/p>\n<p>T15 seiv\u00e4s<br \/>\n1. <strong>Maija Bor\u00e9n LieksU 270<\/strong><br \/>\n2. Peppi Penttinen JoensKa 190<\/p>\n<p>T15 2000m<br \/>\n1. <strong>Maija Bor\u00e9n LieksU 7.59,15<\/strong><\/p>\n","protected":false},"excerpt":{"rendered":"<p>7.9.2017 Joensuu T15 seiv\u00e4s 1. Maija Bor\u00e9n LieksU 270 2. Peppi Penttinen JoensKa 190 T15 2000m 1. Maija Bor\u00e9n LieksU 7.59,15<\/p>\n","protected":false},"author":3,"featured_media":0,"parent":5141,"menu_order":3,"comment_status":"closed","ping_status":"closed","template":"","meta":{"footnotes":""},"categories":[7],"tags":[],"class_list":["post-5938","page","type-page","status-publish","hentry","category-tulokset"],"_links":{"self":[{"href":"https:\/\/www.lieksanurheilijat.com\/index.php?rest_route=\/wp\/v2\/pages\/5938","targetHints":{"allow":["GET"]}}],"collection":[{"href":"https:\/\/www.lieksanurheilijat.com\/index.php?rest_route=\/wp\/v2\/pages"}],"about":[{"href":"https:\/\/www.lieksanurheilijat.com\/index.php?rest_route=\/wp\/v2\/types\/page"}],"author":[{"embeddable":true,"href":"https:\/\/www.lieksanurheilijat.com\/index.php?rest_route=\/wp\/v2\/users\/3"}],"replies":[{"embeddable":true,"href":"https:\/\/www.lieksanurheilijat.com\/index.php?rest_route=%2Fwp%2Fv2%2Fcomments&post=5938"}],"version-history":[{"count":1,"href":"https:\/\/www.lieksanurheilijat.com\/index.php?rest_route=\/wp\/v2\/pages\/5938\/revisions"}],"predecessor-version":[{"id":5939,"href":"https:\/\/www.lieksanurheilijat.com\/index.php?rest_route=\/wp\/v2\/pages\/5938\/revisions\/5939"}],"up":[{"embeddable":true,"href":"https:\/\/www.lieksanurheilijat.com\/index.php?rest_route=\/wp\/v2\/pages\/5141"}],"wp:attachment":[{"href":"https:\/\/www.lieksanurheilijat.com\/index.php?rest_route=%2Fwp%2Fv2%2Fmedia&parent=5938"}],"wp:term":[{"taxonomy":"category","embeddable":true,"href":"https:\/\/www.lieksanurheilijat.com\/index.php?rest_route=%2Fwp%2Fv2%2Fcategories&post=5938"},{"taxonomy":"post_tag","embeddable":true,"href":"https:\/\/www.lieksanurheilijat.com\/index.php?rest_route=%2Fwp%2Fv2%2Ftags&post=5938"}],"curies":[{"name":"wp","href":"https:\/\/api.w.org\/{rel}","templated":true}]}}