{"id":5663,"date":"2017-07-04T09:26:05","date_gmt":"2017-07-04T06:26:05","guid":{"rendered":"https:\/\/www.lieksanurheilijat.com\/?page_id=5663"},"modified":"2017-07-04T09:26:05","modified_gmt":"2017-07-04T06:26:05","slug":"lajikarnevaalit","status":"publish","type":"page","link":"https:\/\/www.lieksanurheilijat.com\/?page_id=5663","title":{"rendered":"Lajikarnevaalit"},"content":{"rendered":"<p>Keih\u00e4skarnevaalit<\/p>\n<p>28.6.2017<br \/>\nPihtipudas<\/p>\n<p>T15 Keih\u00e4s<br \/>\n1) Viivi Raatikainen ViitVie 48,59<br \/>\n2) <strong>Milla Martikainen LieksU 46,09<\/strong><br \/>\n3) Pinja Kianta LempKiYU 44,24<br \/>\n4) Olivia L\u00e4hdesm\u00e4ki Jyv\u00e4skKU 42,32<br \/>\n5) Nea Roiha ParikkU 41,73<br \/>\n6) Varpu-Sofia Heinonen Jyv\u00e4skKU 38,32<br \/>\n7) Elin K\u00e4llberg IFFemman 37,48<br \/>\n8) Erica Linnala YlivKu 35,96<br \/>\n9) Emilia Peltoheimo KarhKa 33,90<br \/>\n10) Hanna Toivanen JuuanU 31,69<br \/>\n11) Emmi Korhonen NilsNu 31,65<br \/>\n12) Ada P\u00f6ll\u00e4nen NaantL\u00f6y 30,82<br \/>\n13) Reetta Naumanen OutokPa 30,39<br \/>\n14) Amelia Cairns GBR 29,73<br \/>\n15) Viivi Myllyaho KuivAu 28,38<br \/>\n16) Milla Korhonen VarpVi 23,23<br \/>\n17) Liisa R\u00f6ytt\u00e4 OulHui 19,86<\/p>\n<p>Kilpailun ulkopuolella<br \/>\nBobbie Griffiths GBR 43,63<br \/>\nOttilie Knight GBR 28,89<\/p>\n<p>Henriikka P\u00f6lkky Sein\u00e4jSU DNS<br \/>\nMoona Makkonen KerimU DNS<br \/>\nWilma Sundqvist IFKraft DNS<\/p>\n<p>Seiv\u00e4skarnevaalit<\/p>\n<p>29.6.2017<br \/>\nSomero<\/p>\n<p>P13 Seiv\u00e4s<\/p>\n<p>1. Verneri Vesala ForssSa 315<br \/>\n2. Philip Kuben Norja 315<br \/>\n3. Otto Hiivola KalVa 305<br \/>\n4. Akseli Hyyti\u00e4 LaitJy 295<br \/>\n5. <strong>Eero Mauro LieksU 285<\/strong><br \/>\n6. Petteri Tuomaala SalSa 245<br \/>\n7. Joonatan Lindberg RiihimKi 245<br \/>\n8. Eetu Tornberg RaahVe 235<br \/>\n9. Aatu Sihvonen KarhKa 225<br \/>\n10. Martti Hyv\u00e4rinen LappUM 215<br \/>\n11. Miika Niemel\u00e4 LempKiYU 215<br \/>\n12. Eliel Mulari KarhKa 205<br \/>\n13. Erik Korpiaho MarttMu 185<br \/>\n13. Olli Heikkil\u00e4 TuUL 185<br \/>\n15. Antti Pettersson SomE 175<\/p>\n<p>T13 Seiv\u00e4s<\/p>\n<p>1. Lotta Sariola SomE 275<br \/>\n2. Viivi Kupiainen HartVoi 275<br \/>\n3. <strong>Maija Bor\u00e9n LieksU 265<\/strong><br \/>\n4. Ellanoora Haapalehto LempKiYU 255<br \/>\n5. Vanessa Lindberg RiihimKi 255<br \/>\n6. Edith Rantala LahdA 245<br \/>\n7. Riikka Virkki SomE 225<br \/>\n8. Viivi N\u00e4rv\u00e4 ValkHa 215<br \/>\n9. Tuisku Vaattovaara VesU 205<br \/>\n10. <strong>Aino Pyykk\u00f6 LieksU 195<\/strong><br \/>\n10. Rugile Miklyciute Latvia 195<br \/>\n12. Tiitu Niiranen VesU 195<br \/>\n13. Vilja-Matilda Koskela RiihimKi 185<\/p>\n<p>2.7.2017<\/p>\n<p>P13 Seiv\u00e4s<\/p>\n<p>1. Philip Kuben Norja 320<br \/>\n2. Verneri Vesala ForssSa 310<br \/>\n3. Otto Hiivola KalVa 300<br \/>\n4. <strong>Eero Mauro LieksU 300<\/strong><br \/>\n5. Akseli Hyyti\u00e4 LaitJy 290<br \/>\n6. Joonatan Lindberg RiihimKi 270<br \/>\n7. Martti Hyv\u00e4rinen LappUM 260<br \/>\n8. Eetu Tornberg RaahVe 250<br \/>\n9. Petteri Tuomaala SalSa 240<br \/>\n10. Aatu Sihvonen KarhKa 230<br \/>\n11. Miika Niemel\u00e4 LempKiYU 220<br \/>\n12. Eliel Mulari KarhKa 210<br \/>\n13. Olli Heikkil\u00e4 TuUL 200<br \/>\n14. Antti Pettersson SomE 180<\/p>\n<p>T13 Seiv\u00e4s<\/p>\n<p>1. Lotta Sariola SomE 290<br \/>\n2. Viivi Kupiainen HartVoi 270<br \/>\n3. Vanessa Lindberg RiihimKi 270<br \/>\n4. <strong>Maija Bor\u00e9n LieksU 270<\/strong><br \/>\n5. Riikka Virkki SomE 250<br \/>\n6. Ellanoora Haapalehto LempKiYU 240<br \/>\n7. Ilona J\u00e4rvenp\u00e4\u00e4 KeurKi 240<br \/>\n8. Viivi N\u00e4rv\u00e4 ValkHa 230<br \/>\n9. Tuisku Vaattovaara VesU 210<br \/>\n9. <strong>Aino Pyykk\u00f6 LieksU 210<\/strong><br \/>\n9. Vilja-Matilda Koskela RiihimKi 210<br \/>\n12. Tiitu Niiranen VesU 210<br \/>\n12. Rugile Miklyciute Liettua 210<\/p>\n<p>Loikkakarnevaalit<\/p>\n<p>29.6.2017<br \/>\nJ\u00e4ms\u00e4<\/p>\n<p>T15 Kolmiloikka<br \/>\n1. Maria Dudareva T\u00fcask 11,66 +1,5<br \/>\n10,19 11,66 11,18 11,64<br \/>\n+0,2 +1,5 +1,8 +0,7<br \/>\n2. Wilhelmiina Harju Jyv\u00e4skKU 11,28 +1,0<br \/>\nX X 11,09 X 11,28<br \/>\n-0,8 +1,3 +0,2 -0,8 +1,0<br \/>\n3. Milla Pirkkalainen SavonlRie 11,10 -0,2<br \/>\n11,10 X X 10,37<br \/>\n-0,2 -0,9 -0,3 +0,1<br \/>\n4. Olivia Asikainen KaipVi 11,01 -0,1 PB<br \/>\n11,01 X 10,61 10,49<br \/>\n-0,1 +0,7 -0,5 +0,6<br \/>\n5. Riikka Savolainen Jyv\u00e4skKU 10,65 +1,3 PB<br \/>\n10,51 10,65 10,26 X<br \/>\n+0,3 +1,3 +2,0 -0,1<br \/>\n6. Sofia Ylinen Sein\u00e4jSU 10,64 -1,0 PB<br \/>\n10,64 9,41 10,30 10,51<br \/>\n-1,0 +2,3 -0,2 +0,3<br \/>\n7. Beda Salmi Jyv\u00e4skKU 10,51 +0,5 PB<br \/>\nX 10,18 10,51 10,16<br \/>\n+0,3 +1,2 +0,5 -0,4<br \/>\n8. Oona R\u00e4is\u00e4nen EspTa 10,43 -0,2 PB<br \/>\n9,99 10,43 10,41 10,22<br \/>\n+0,3 -0,2 -0,5 -0,1<br \/>\n9. Janika Jokinen TampU 10,42 +1,1<br \/>\n10,42 X 9,89 X<br \/>\n+1,1 +3,0 -0,2 -1,0<br \/>\n10. Siiri Nyyss\u00f6nen SavonlRie 10,36 +0,2 PB<br \/>\n10,03 10,33 10,36 9,74<br \/>\n+0,7 +1,0 +0,2 -0,6<br \/>\n11. <strong>Satu Liimatta LieksU 10,12 -0,3 PB<\/strong><br \/>\n9,96 10,02 10,01 10,12<br \/>\n+0,3 +0,5 +0,3 -0,3<br \/>\n12. Aino Koskela RiihimKi 10,06 -0,2 PB<br \/>\n9,81 10,06 &#8211; &#8211;<br \/>\n-0,3 -0,2<br \/>\n13. Pinja Ruoho LahdA 10,02 -0,7 PB<br \/>\n10,02 9,89 9,95 9,64<br \/>\n-0,7 +0,3 +0,8 -1,4<br \/>\n14. Tessa Moisio KaipVi 9,94 +1,7 PB<br \/>\n9,60 9,92 9,94 9,94<br \/>\n+0,3 +2,2 +1,7 +1,9<br \/>\n15. Elli Huovinen Jyv\u00e4skKU 9,59 -1,0 PB<br \/>\n9,59 9,21 9,24 8,49<br \/>\n-1,0 -0,2 +0,4 -0,2<br \/>\n16. Aleksandra Viljanen HKV 9,58 +1,7<br \/>\n9,54 9,50 9,58 9,57<br \/>\n-0,2 -0,5 +1,7 +1,6<br \/>\n17. Stiina Kokkonen TampU 9,52 +0,3<br \/>\n9,52 9,31 X X<br \/>\n+0,3 +1,9 -0,7 -0,4<br \/>\n18. Lilli Virtanen LauttLu 9,46 +0,2<br \/>\n9,14 9,35 9,46 9,09<br \/>\n-0,2 +0,3 +0,2 -1,4<br \/>\n19. Venla Laine LahdA 9,06 +0,7<br \/>\nX 9,06 X X<br \/>\n+0,4 +0,7 +0,9 -0,2<br \/>\n20. Kerttu Tikkanen Jyv\u00e4skKU 8,98 -0,9<br \/>\nX X X 8,98<br \/>\n+0,8 -0,4 +0,5 -0,9<br \/>\n21. Venla Lindroos RekRai 8,37 +0,3<br \/>\nX X X 8,37<br \/>\n-0,3 +1,3 +1,3 +0,3<br \/>\nAnna Pyykk\u00f6 OrivPo DNS<\/p>\n<p>N17 Pituus<br \/>\n1. Olivia M\u00e4kinen TampPy 5,91 +1,5 PB<br \/>\n5,64 5,50 5,65 X 5,91 X<br \/>\n+1,9 +0,8 +1,1 +1,8 +1,5 -0,5<br \/>\n2. Minttu Mattinen LappUM 5,51 +0,5 PB<br \/>\n5,09 5,14 5,31 5,29 5,48 5,51<br \/>\n-0,8 -0,5 +1,5 +1,6 +1,2 +0,5<br \/>\n3. Oona Nieminen Jyv\u00e4skKU 5,51 +1,0 SB<br \/>\nX 5,10 5,51 X 5,36 X<br \/>\n-0,7 +0,7 +1,0 +1,1 +0,7 +0,7<br \/>\n4. Janette Hanski KarhU 5,43 -0,7<br \/>\nX X 5,43 X X 4,98<br \/>\n-1,2 -0,6 -0,7 +1,6 -0,5 -0,5<br \/>\n5. Riikka Pitk\u00e4nen SavonlRie 5,34 +2,2 w 5,19 +0,6 PB<br \/>\n5,05 4,76 5,19 4,81 X 5,34<br \/>\n+1,6 +0,7 +0,6 -0,5 +2,7 +2,2<br \/>\n6. Emmi Hirvel\u00e4 Sein\u00e4jSU 5,27 +0,7 SB<br \/>\n5,17 5,25 X X 5,27 X<br \/>\n-0,5 -0,8 +1,2 -0,6 +0,7 +1,6<br \/>\n7. Edith Berden HKV 5,24 -0,6 PB<br \/>\n5,22 5,24 4,57 &#8211; &#8211; &#8211;<br \/>\n+1,4 -0,6 +0,7<br \/>\n8. Janna Koskela KarhKa 5,20 +0,8 PB<br \/>\nX 5,20 X 4,91 X 4,99<br \/>\n+0,7 +0,8 +2,2 -0,9 +1,7 -0,6<br \/>\n9. Noora Hautam\u00e4ki PyhtY 5,15 +0,5<br \/>\n5,15 5,11 X<br \/>\n+0,5 -1,2 +2,0<br \/>\n10. Erika Ahvenharju H\u00e4meenlTa 5,12 +1,1<br \/>\n5,12 4,77 X<br \/>\n+1,1 +0,7 -1,4<br \/>\n11. Jenny Skuth\u00e4lla IF\u00c5sar 5,04 +0,9 PB<br \/>\nX 5,04 4,98<br \/>\n+1,7 +0,9 +1,8<br \/>\n12. Elin Sundqvist IFNykn 5,02 +1,1 PB<br \/>\n4,66 4,96 5,02<br \/>\n-0,9 +1,2 +1,1<br \/>\n13. <strong>Riina Kettunen LieksU 4,99 +1,5 PB<\/strong><br \/>\n4,81 4,76 4,99<br \/>\n-0,5 +0,6 +1,5<br \/>\n14. Aino Hovinen KaipVi 4,96 +0,5 PB<br \/>\n4,94 4,96 4,75<br \/>\n-0,8 +0,5 +1,0<br \/>\n15. Ella Kokkinen KaipVi 4,89 -1,1<br \/>\n4,81 4,89 4,85<br \/>\n+1,9 -1,1 -0,7<br \/>\n16. Reeta-Mari M\u00e4ntyselk\u00e4 KuopRei 4,63 +1,0<br \/>\nX 4,17 4,63<br \/>\n-1,0 +0,8 +1,0<br \/>\nKilpailun ulkopuolella<br \/>\nSofia Storbj\u00f6rk IF\u00c5sar 5,04 +0,5<br \/>\nX 4,98 5,04<br \/>\n-0,6 -1,1 +0.5<\/p>\n<p>N19 Kolmiloikka<br \/>\n1. Ada Koistinen Jyv\u00e4skKU 12,38 +1,5<br \/>\n12,34 12,38 12,18 12,22 X X<br \/>\n+1,0 +1,5 +0,6 +0,6 -0,5 -0,7<br \/>\n2. Laura Rautiainen SaarijPu 12,20 -0,7<br \/>\nX 11,75 12,01 12,20 X X<br \/>\n-0,9 -0,8 -0,8 -0,7 +0,5 -0,5<br \/>\n3. Oona Hietala TampPy 12,06 -0,9 PB<br \/>\n11,96 11,89 11,93 11,58 11,80 12,06<br \/>\n-0,7 +0,7 +0,5 -0,7 +0,7 -0,9<br \/>\n4. Riina Heikkonen LappUM 11,74 +0,7 PB<br \/>\n11,74 11,29 11,63 11,44 11,64 11,38<br \/>\n+0,7 -0,6 +1,4 -0,7 -0,8 -0,9<br \/>\n5. Laura Koivisto Jyv\u00e4skKU 11,70 -0,9<br \/>\n11,46 11,70 X 11,51 11,29 X<br \/>\n-0,9 -0,9 +0,7 -1,4 -0,6 +0,5<br \/>\n6. Katariina Saarelainen Jyv\u00e4skKU 11,59 +0,8 PB<br \/>\nX 11,15 11,59 11,33 11,25 X<br \/>\n+0,7 -0,7 +0,8 0,0 +0,6 -0,6<br \/>\n7. Riikka Pitk\u00e4nen SavonlRie 11,52 +0,9 PB<br \/>\n11,52 11,42 11,17 10,74 &#8211; &#8211;<br \/>\n+0,9 -0,6 +0,7 -0,7<br \/>\n8. Ella Kokkinen KaipVi 11,08 -0,5 PB<br \/>\n10,77 10,64 11,06 10,93 10,64 11,08<br \/>\n+0,9 +0,5 +0,9 +0,9 +0,5 -0,5<br \/>\n9. Emmi Hirvel\u00e4 Sein\u00e4jSU 11,02 -0,5<br \/>\n11,02 10,99 X<br \/>\n-0,5 +0,7 +0,6<br \/>\n10. Hanna Peltola TampPy 10,90 -0,9<br \/>\n10,90 X 10,30<br \/>\n-0,9 +0,6 -0,5<br \/>\n11. Elin Sundqvist IFNykn 10,78 -1,2<br \/>\n10,32 10,38 10,78<br \/>\n+0,7 -0,9 -1,2<br \/>\n12. Sofia Storbj\u00f6rk IF\u00c5sar 10,75 +0,9<br \/>\n10,58 10,48 10,75<br \/>\n-1,5 +0,5 +0,9<br \/>\n13. Anastasia Kovesnikova T\u00fcask 10,46 +0,5<br \/>\n10,46 X X<br \/>\n+0,5 +0,7 -0,6<br \/>\n14. <strong>Riina Kettunen LieksU 10,42 -0,7 PB<\/strong><br \/>\nX 10,40 10,42<br \/>\n+0,6 -0,5 -0,7<br \/>\n15. Elina \u00c5kerlund TampPy 10,30 -0,6<br \/>\n10,30 X X<br \/>\n-0,6 +0,9 +1,5<br \/>\nJessica Miettinen SavonlRie NM -1,3<br \/>\nX X X<br \/>\n-1,3 +0,8 +0,5<br \/>\nJenny Skuth\u00e4lla IF\u00c5sar NM -0,7<br \/>\nX X X<br \/>\n-0,5 -0,7 +1,4<br \/>\nRoosa M\u00e4h\u00f6nen Jyv\u00e4skKU DNS<\/p>\n<p>Kilpailun ulkopuolella<br \/>\nSuvi Eerik\u00e4inen HIFK 11,54 +0,7<br \/>\nX 11,54 X<br \/>\n+0,8 +0,7 +0,8<br \/>\nHeini Vainionp\u00e4\u00e4 HIFK DNS<\/p>\n<p>&nbsp;<\/p>\n<p>Pika- ja aitajuoksukarnevaalit<\/p>\n<p>2.7.2017<br \/>\nJ\u00e4ms\u00e4nkoski<\/p>\n<p>N19 100 m Alkuer\u00e4t<\/p>\n<p>1. Jonna Alkula Sein\u00e4jSU 12,40<br \/>\n2. <strong>Silja Kempas LieksU 12,45<\/strong><br \/>\n3. Nea Laine H\u00e4meenlTa 12,49<br \/>\n4. Noora Juslin Borg\u00e5Ak 12,52<br \/>\n5. Julia Enarvi TampPy 12,54<br \/>\n6. Petra-Sofia Laakso SavonlRie 12,59<br \/>\n7. Ilona Luoma TampPy 12,63<br \/>\n8. Ilona Kekkonen LahdA 12,67<br \/>\n9. Irina Potinoja LohtVei 12,70<br \/>\n10. Anneka Kruuti Sein\u00e4jSU 12,76<br \/>\n11. Hanna Siiskonen JoensKa 12,79<br \/>\n12. Venla Saram\u00e4ki KarkkPo 12,81<br \/>\n13. Juulia Julkunen KuopRei 12,91<br \/>\n14. Sofia J\u00e4rvelin AlavU 12,94<br \/>\n15. Alisa Aalto TampPy 12,94<br \/>\n16. Viivi Hellman TampPy 13,05<br \/>\n17. Sofia Kompuinen S\u00e4kU 13,06<br \/>\n18. Gia Reinholm KarhKa 13,19<br \/>\n19. Essi V\u00e4\u00e4n\u00e4nen KuopRei 13,19<br \/>\n20. Niina Piiroinen MikkKV 13,23<br \/>\n21. Neea Zins TampPy 13,37<br \/>\n22. Jenna Kompuinen S\u00e4kU 13,42<br \/>\n23. Aliisa Rahikainen MikkKV 13,71<br \/>\n24. Iiris T\u00f6rr\u00f6nen OulPy 13,75<\/p>\n<p>Er\u00e4 2 Tuuli: +1,4<\/p>\n<p>1. Jonna Alkula Sein\u00e4jSU 12,40 PB<br \/>\n2. <strong>Silja Kempas LieksU 12,45 PB<\/strong><br \/>\n3. Noora Juslin Borg\u00e5Ak 12,52 PB<br \/>\n4. Petra-Sofia Laakso SavonlRie 12,59 PB<br \/>\n5. Irina Potinoja LohtVei 12,70 PB<br \/>\n6. Hanna Siiskonen JoensKa 12,79 PB<br \/>\n7. Sofia Kompuinen S\u00e4kU 13,06 PB<br \/>\n8. Essi V\u00e4\u00e4n\u00e4nen KuopRei 13,19<\/p>\n<p>&nbsp;<\/p>\n<p>N19 100 m Loppukilpailu<\/p>\n<p>Tuuli: +0,8<\/p>\n<p>1. Jonna Alkula Sein\u00e4jSU 12,30 PB<br \/>\n2. <strong>Silja Kempas LieksU 12,37 PB<\/strong><br \/>\n3. Ilona Kekkonen LahdA 12,46 PB<br \/>\n4. Petra-Sofia Laakso SavonlRie 12,54 PB<br \/>\n5. Noora Juslin Borg\u00e5Ak 12,57 PB<br \/>\n6. Nea Laine H\u00e4meenlTa 12,59 PB<br \/>\n7. Julia Enarvi TampPy 12,67 PB<br \/>\n8. Ilona Luoma TampPy 12,71 PB<\/p>\n<p>&nbsp;<\/p>\n<p>N19 200 m<\/p>\n<p>1. <strong>Silja Kempas LieksU 25,35<\/strong><br \/>\n2. Nea Laine H\u00e4meenlTa 25,67<br \/>\n3. Pinja Hirvilahti Jyv\u00e4skKU 26,00<br \/>\n4. Ilona Kekkonen LahdA 26,00<br \/>\n5. Alisa Aalto TampPy 26,03<br \/>\n6. Sandra-Sofia Kosonen SavonlRie 26,06<br \/>\n7. Sara Siltala HKV 26,06<br \/>\n8. Noora Juslin Borg\u00e5Ak 26,08<br \/>\n9. Petra H\u00e4ggqvist HKV 26,18<br \/>\n10. Jonna Alkula Sein\u00e4jSU 26,22<br \/>\n11. Pinja Heinonen TampPy 26,25<br \/>\n12. Sandra Piippo-Pinho HIFK 26,36<br \/>\n13. Ilona Luoma TampPy 26,36<br \/>\n14. Irina Potinoja LohtVei 26,46<br \/>\n15. Venla Saram\u00e4ki KarkkPo 26,49<br \/>\n16. Karoliina Kujanp\u00e4\u00e4 ValkHa 26,51<br \/>\n17. Kaisa Mikander EsboIF 26,72<br \/>\n18. Evelina Ojaniittu TurWei 26,72<br \/>\n19. Nora-Julia Isoluoma Jyv\u00e4skKU 26,81<br \/>\n20. Emilia Kokko LapVi 26,87<br \/>\n21. Hanna Siiskonen JoensKa 26,88<br \/>\n22. Anneka Kruuti Sein\u00e4jSU 26,88<br \/>\n23. Inka Puumalainen MikkKV 26,96<br \/>\n24. Sofia J\u00e4rvelin AlavU 26,97<br \/>\n25. Viivi Hellman TampPy 27,13<br \/>\n26. Kaisla Torppa EsboIF 27,22<br \/>\n27. Juulia Julkunen KuopRei 27,27<br \/>\n28. Essi V\u00e4\u00e4n\u00e4nen KuopRei 27,29<br \/>\n29. Iida Kosunen LapinlVe 27,37<br \/>\n30. Pipsa Lundberg VarkKV 27,43<br \/>\n31. Neea Zins TampPy 27,52<br \/>\n32. Sofia Kompuinen S\u00e4kU 27,74<br \/>\n33. Kiia Koivistoinen IisVi 28,06<br \/>\n34. Iiris T\u00f6rr\u00f6nen OulPy 28,92<br \/>\n35. Patricia Kellgren HIFK 29,45<\/p>\n<p>&nbsp;<\/p>\n<p>Er\u00e4 2 Tuuli: +0,6<\/p>\n<p>1. <strong>Silja Kempas LieksU 25,35 PB<\/strong><br \/>\n2. Pinja Hirvilahti Jyv\u00e4skKU 26,00 PB<br \/>\n3. Petra H\u00e4ggqvist HKV 26,18<br \/>\n4. Nora-Julia Isoluoma Jyv\u00e4skKU 26,81 PB<br \/>\n5. Essi V\u00e4\u00e4n\u00e4nen KuopRei 27,29<br \/>\n6. Kiia Koivistoinen IisVi 28,06<\/p>\n<p>&nbsp;<\/p>\n<p>N19 400 m<\/p>\n<p>1. <strong>Silja Kempas LieksU 58,48<\/strong><br \/>\n2. Reetta K\u00e4m\u00e4r\u00e4inen EspTa 58,70<br \/>\n3. Jemina Forss TampPy 58,75<br \/>\n4. Marika Aarnio TurWei 59,24<br \/>\n5. Hertta Hankimaa KeskiUYU 59,77<br \/>\n6. Lotta M\u00e4kinen Jyv\u00e4skKU 1.00,12<br \/>\n7. Emmi Kein\u00e4nen HKV 1.00,13<br \/>\n8. Sofie Roos HKV 1.00,19<br \/>\n9. Merituuli Saarela EspTa 1.00,41<br \/>\n10. Kiia Keinonen TampPy 1.00,45<br \/>\n11. Saana Pirttij\u00e4rvi EspTa 1.00,63<br \/>\n12. Julia Ylikahri NoormNo 1.00,88<br \/>\n13. Helmi Kortetmaa KannU 1.01,13<br \/>\n14. Eevi Siniketo TampPy 1.01,16<br \/>\n15. Heidi L\u00e4hdem\u00e4ki Sein\u00e4jSU 1.02,68<br \/>\n16. Hilla Nieminen Jyv\u00e4skKU 1.03,47<br \/>\n17. Heidi Haapam\u00e4ki Jyv\u00e4skKU 1.05,57<br \/>\n18. Nora-Julia Isoluoma Jyv\u00e4skKU 1.05,82<\/p>\n<p>&nbsp;<\/p>\n<p>Er\u00e4 3<\/p>\n<p>1. <strong>Silja Kempas LieksU 58,48 PB<\/strong><br \/>\n2. Jemina Forss TampPy 58,75 PB<br \/>\n3. Marika Aarnio TurWei 59,24 PB<br \/>\n4. Kiia Keinonen TampPy 1.00,45<br \/>\n5. Saana Pirttij\u00e4rvi EspTa 1.00,63<br \/>\n6. Helmi Kortetmaa KannU 1.01,13<\/p>\n","protected":false},"excerpt":{"rendered":"<p>Keih\u00e4skarnevaalit 28.6.2017 Pihtipudas T15 Keih\u00e4s 1) Viivi Raatikainen ViitVie 48,59 2) Milla Martikainen LieksU 46,09 3) Pinja Kianta LempKiYU 44,24 4) Olivia L\u00e4hdesm\u00e4ki Jyv\u00e4skKU 42,32 5) Nea Roiha ParikkU 41,73 6) Varpu-Sofia Heinonen Jyv\u00e4skKU 38,32 7) Elin K\u00e4llberg IFFemman 37,48 8) Erica Linnala YlivKu 35,96 9) Emilia Peltoheimo KarhKa 33,90 &hellip;<\/p>\n","protected":false},"author":3,"featured_media":0,"parent":5141,"menu_order":25,"comment_status":"closed","ping_status":"closed","template":"","meta":{"footnotes":""},"categories":[7],"tags":[],"class_list":["post-5663","page","type-page","status-publish","hentry","category-tulokset"],"_links":{"self":[{"href":"https:\/\/www.lieksanurheilijat.com\/index.php?rest_route=\/wp\/v2\/pages\/5663","targetHints":{"allow":["GET"]}}],"collection":[{"href":"https:\/\/www.lieksanurheilijat.com\/index.php?rest_route=\/wp\/v2\/pages"}],"about":[{"href":"https:\/\/www.lieksanurheilijat.com\/index.php?rest_route=\/wp\/v2\/types\/page"}],"author":[{"embeddable":true,"href":"https:\/\/www.lieksanurheilijat.com\/index.php?rest_route=\/wp\/v2\/users\/3"}],"replies":[{"embeddable":true,"href":"https:\/\/www.lieksanurheilijat.com\/index.php?rest_route=%2Fwp%2Fv2%2Fcomments&post=5663"}],"version-history":[{"count":1,"href":"https:\/\/www.lieksanurheilijat.com\/index.php?rest_route=\/wp\/v2\/pages\/5663\/revisions"}],"predecessor-version":[{"id":5664,"href":"https:\/\/www.lieksanurheilijat.com\/index.php?rest_route=\/wp\/v2\/pages\/5663\/revisions\/5664"}],"up":[{"embeddable":true,"href":"https:\/\/www.lieksanurheilijat.com\/index.php?rest_route=\/wp\/v2\/pages\/5141"}],"wp:attachment":[{"href":"https:\/\/www.lieksanurheilijat.com\/index.php?rest_route=%2Fwp%2Fv2%2Fmedia&parent=5663"}],"wp:term":[{"taxonomy":"category","embeddable":true,"href":"https:\/\/www.lieksanurheilijat.com\/index.php?rest_route=%2Fwp%2Fv2%2Fcategories&post=5663"},{"taxonomy":"post_tag","embeddable":true,"href":"https:\/\/www.lieksanurheilijat.com\/index.php?rest_route=%2Fwp%2Fv2%2Ftags&post=5663"}],"curies":[{"name":"wp","href":"https:\/\/api.w.org\/{rel}","templated":true}]}}