{"id":5603,"date":"2017-06-20T20:31:23","date_gmt":"2017-06-20T17:31:23","guid":{"rendered":"https:\/\/www.lieksanurheilijat.com\/?page_id=5603"},"modified":"2017-06-21T20:35:06","modified_gmt":"2017-06-21T17:35:06","slug":"pohjois-karjalan-seuracup-1-osakilpailu","status":"publish","type":"page","link":"https:\/\/www.lieksanurheilijat.com\/?page_id=5603","title":{"rendered":"Pohjois-Karjalan Seuracup 1. osakilpailu"},"content":{"rendered":"<p>20.6.2017<br \/>\nJoensuu<\/p>\n<p>T13 1000m<br \/>\nLoppukilpailu<br \/>\n1) Siiri Luostarinen JoensKa 3.26,81<br \/>\n2) Sara-Sofia Hyv\u00f6nen Pyh\u00e4sU 3.39,38<br \/>\n3) Riikka Jokinen Pyh\u00e4sU 3.43,20<br \/>\n4) Alina Tikka JoensKa 3.44,37<br \/>\n5) Iida Sallinen Pyh\u00e4sU 3.52,09<br \/>\n<strong>Maija Bor\u00e9n LieksU DNS<\/strong><\/p>\n<p>T15 Seiv\u00e4s<br \/>\nLoppukilpailu<br \/>\n1) <strong>Maija Bor\u00e9n LieksU 240<\/strong><br \/>\n200 210 220 230 240 250<br \/>\nxo xo xo xxo o xxx<\/p>\n<p>2) Nea Immonen JoensKa 220<br \/>\n170 180 190 200 210 220 230<br \/>\no o xo o o xo xxx<\/p>\n<p>3) <strong>Aino Pyykk\u00f6 LieksU 210<\/strong><br \/>\n170 180 190 200 210 220<br \/>\no o xo o o xxx<\/p>\n<p>4) Cindy Ahponen Pyh\u00e4sU 160<br \/>\n150 160 170<br \/>\no o xxx<\/p>\n","protected":false},"excerpt":{"rendered":"<p>20.6.2017 Joensuu T13 1000m Loppukilpailu 1) Siiri Luostarinen JoensKa 3.26,81 2) Sara-Sofia Hyv\u00f6nen Pyh\u00e4sU 3.39,38 3) Riikka Jokinen Pyh\u00e4sU 3.43,20 4) Alina Tikka JoensKa 3.44,37 5) Iida Sallinen Pyh\u00e4sU 3.52,09 Maija Bor\u00e9n LieksU DNS T15 Seiv\u00e4s Loppukilpailu 1) Maija Bor\u00e9n LieksU 240 200 210 220 230 240 250 xo xo &hellip;<\/p>\n","protected":false},"author":3,"featured_media":0,"parent":5141,"menu_order":28,"comment_status":"closed","ping_status":"closed","template":"","meta":{"footnotes":""},"categories":[7],"tags":[],"class_list":["post-5603","page","type-page","status-publish","hentry","category-tulokset"],"_links":{"self":[{"href":"https:\/\/www.lieksanurheilijat.com\/index.php?rest_route=\/wp\/v2\/pages\/5603","targetHints":{"allow":["GET"]}}],"collection":[{"href":"https:\/\/www.lieksanurheilijat.com\/index.php?rest_route=\/wp\/v2\/pages"}],"about":[{"href":"https:\/\/www.lieksanurheilijat.com\/index.php?rest_route=\/wp\/v2\/types\/page"}],"author":[{"embeddable":true,"href":"https:\/\/www.lieksanurheilijat.com\/index.php?rest_route=\/wp\/v2\/users\/3"}],"replies":[{"embeddable":true,"href":"https:\/\/www.lieksanurheilijat.com\/index.php?rest_route=%2Fwp%2Fv2%2Fcomments&post=5603"}],"version-history":[{"count":1,"href":"https:\/\/www.lieksanurheilijat.com\/index.php?rest_route=\/wp\/v2\/pages\/5603\/revisions"}],"predecessor-version":[{"id":5604,"href":"https:\/\/www.lieksanurheilijat.com\/index.php?rest_route=\/wp\/v2\/pages\/5603\/revisions\/5604"}],"up":[{"embeddable":true,"href":"https:\/\/www.lieksanurheilijat.com\/index.php?rest_route=\/wp\/v2\/pages\/5141"}],"wp:attachment":[{"href":"https:\/\/www.lieksanurheilijat.com\/index.php?rest_route=%2Fwp%2Fv2%2Fmedia&parent=5603"}],"wp:term":[{"taxonomy":"category","embeddable":true,"href":"https:\/\/www.lieksanurheilijat.com\/index.php?rest_route=%2Fwp%2Fv2%2Fcategories&post=5603"},{"taxonomy":"post_tag","embeddable":true,"href":"https:\/\/www.lieksanurheilijat.com\/index.php?rest_route=%2Fwp%2Fv2%2Ftags&post=5603"}],"curies":[{"name":"wp","href":"https:\/\/api.w.org\/{rel}","templated":true}]}}