{"id":5343,"date":"2017-05-16T22:06:20","date_gmt":"2017-05-16T19:06:20","guid":{"rendered":"https:\/\/www.lieksanurheilijat.com\/?page_id=5343"},"modified":"2017-05-17T05:08:07","modified_gmt":"2017-05-17T02:08:07","slug":"pm-maastot-2017","status":"publish","type":"page","link":"https:\/\/www.lieksanurheilijat.com\/?page_id=5343","title":{"rendered":"Pm maastot 2017"},"content":{"rendered":"<p>16.5.2017<br \/>\nLiperi<\/p>\n<p>T13 maastojuoksu 2km<\/p>\n<p>1 Maija Boren Lieksan Urheilijat 7,42<br \/>\n2 Siiri Luostarinen Joensuun Kataja 8,13<br \/>\n3 Iida Sallinen Pyh\u00e4sel\u00e4n Urheilijat 8,47<br \/>\n4 Asta Riikonen Polvij\u00e4rven Urheilijat 9,00<br \/>\n5 Cindy Ahponen Pyh\u00e4sel\u00e4n Urheilijat 9,31<br \/>\n6 Janna Huuho Pyh\u00e4sel\u00e4n Urheilijat 9,32<br \/>\n7 Josefina Ilvonen Juuan Urheilijat 10,37<\/p>\n","protected":false},"excerpt":{"rendered":"<p>16.5.2017 Liperi T13 maastojuoksu 2km 1 Maija Boren Lieksan Urheilijat 7,42 2 Siiri Luostarinen Joensuun Kataja 8,13 3 Iida Sallinen Pyh\u00e4sel\u00e4n Urheilijat 8,47 4 Asta Riikonen Polvij\u00e4rven Urheilijat 9,00 5 Cindy Ahponen Pyh\u00e4sel\u00e4n Urheilijat 9,31 6 Janna Huuho Pyh\u00e4sel\u00e4n Urheilijat 9,32 7 Josefina Ilvonen Juuan Urheilijat 10,37<\/p>\n","protected":false},"author":3,"featured_media":0,"parent":5141,"menu_order":38,"comment_status":"closed","ping_status":"closed","template":"","meta":{"footnotes":""},"categories":[39,7],"tags":[],"class_list":["post-5343","page","type-page","status-publish","hentry","category-maijaboren","category-tulokset"],"_links":{"self":[{"href":"https:\/\/www.lieksanurheilijat.com\/index.php?rest_route=\/wp\/v2\/pages\/5343","targetHints":{"allow":["GET"]}}],"collection":[{"href":"https:\/\/www.lieksanurheilijat.com\/index.php?rest_route=\/wp\/v2\/pages"}],"about":[{"href":"https:\/\/www.lieksanurheilijat.com\/index.php?rest_route=\/wp\/v2\/types\/page"}],"author":[{"embeddable":true,"href":"https:\/\/www.lieksanurheilijat.com\/index.php?rest_route=\/wp\/v2\/users\/3"}],"replies":[{"embeddable":true,"href":"https:\/\/www.lieksanurheilijat.com\/index.php?rest_route=%2Fwp%2Fv2%2Fcomments&post=5343"}],"version-history":[{"count":1,"href":"https:\/\/www.lieksanurheilijat.com\/index.php?rest_route=\/wp\/v2\/pages\/5343\/revisions"}],"predecessor-version":[{"id":5344,"href":"https:\/\/www.lieksanurheilijat.com\/index.php?rest_route=\/wp\/v2\/pages\/5343\/revisions\/5344"}],"up":[{"embeddable":true,"href":"https:\/\/www.lieksanurheilijat.com\/index.php?rest_route=\/wp\/v2\/pages\/5141"}],"wp:attachment":[{"href":"https:\/\/www.lieksanurheilijat.com\/index.php?rest_route=%2Fwp%2Fv2%2Fmedia&parent=5343"}],"wp:term":[{"taxonomy":"category","embeddable":true,"href":"https:\/\/www.lieksanurheilijat.com\/index.php?rest_route=%2Fwp%2Fv2%2Fcategories&post=5343"},{"taxonomy":"post_tag","embeddable":true,"href":"https:\/\/www.lieksanurheilijat.com\/index.php?rest_route=%2Fwp%2Fv2%2Ftags&post=5343"}],"curies":[{"name":"wp","href":"https:\/\/api.w.org\/{rel}","templated":true}]}}