{"id":4831,"date":"2016-07-30T23:06:45","date_gmt":"2016-07-30T20:06:45","guid":{"rendered":"https:\/\/www.lieksanurheilijat.com\/?page_id=4831"},"modified":"2016-07-31T15:12:33","modified_gmt":"2016-07-31T12:12:33","slug":"eliittikisat","status":"publish","type":"page","link":"https:\/\/www.lieksanurheilijat.com\/?page_id=4831","title":{"rendered":"Eliittikisat"},"content":{"rendered":"<p>30.7.2016<br \/>\nJoensuu<\/p>\n<p>Miehet 100m<\/p>\n<p>Alkuer\u00e4t |\u00a01. er\u00e4 |\u00a0Tuuli: 1.5<br \/>\n1 Dentarius Locke USA 10,24<br \/>\n2 Ville Myllym\u00e4ki KanksLei 10,49<br \/>\n3 Viljami Kaasalainen MikkKV 10,57<br \/>\n4 Petteri Monni Jyv\u00e4skKU 10,71<br \/>\n5 Mika Purmonen LappUM 11,20<br \/>\n6 Joonas Liukkonen JuvU 11,43<br \/>\n7 <strong>Eeki Kokkonen LieksU 11,45<\/strong><\/p>\n<p>Naiset 100m<\/p>\n<p>Finaali | Tuuli: 0.3<br \/>\n1 Krystsina Tsimanouskaja BLR 11,51<br \/>\n2 Maria R\u00e4s\u00e4nen KuopRei 12,04<br \/>\n3 Annika Haverinen KajKi 12,04<br \/>\n4 Milla Heiskanen IisVi 12,08<br \/>\n5 Essi V\u00e4\u00e4n\u00e4nen KuopRei 12,62<br \/>\n6 <strong>Silja Kempas LieksU 12,73<\/strong><br \/>\n7 Hanna Siiskonen JoensKa 12,81<br \/>\nSanna Erkinheimo HIFK 23.2.81 DNS<\/p>\n<p>Alkuer\u00e4t | 1. er\u00e4 |\u00a0Tuuli: -0.2<br \/>\n1 Maria R\u00e4s\u00e4nen KuopRei 12,14<br \/>\n2 Milla Heiskanen IisVi 12,20<br \/>\n3 Sanna Erkinheimo HIFK 12,45<br \/>\n4 <strong>Silja Kempas LieksU 12,71<\/strong><br \/>\n5 Tanja Kokkonen LappUM 12,89<br \/>\n6 Juulia Julkunen KuopRei 13,05<\/p>\n","protected":false},"excerpt":{"rendered":"<p>30.7.2016 Joensuu Miehet 100m Alkuer\u00e4t |\u00a01. er\u00e4 |\u00a0Tuuli: 1.5 1 Dentarius Locke USA 10,24 2 Ville Myllym\u00e4ki KanksLei 10,49 3 Viljami Kaasalainen MikkKV 10,57 4 Petteri Monni Jyv\u00e4skKU 10,71 5 Mika Purmonen LappUM 11,20 6 Joonas Liukkonen JuvU 11,43 7 Eeki Kokkonen LieksU 11,45 Naiset 100m Finaali | Tuuli: 0.3 &hellip;<\/p>\n","protected":false},"author":3,"featured_media":0,"parent":4129,"menu_order":14,"comment_status":"closed","ping_status":"closed","template":"","meta":{"footnotes":""},"categories":[26,7],"tags":[],"class_list":["post-4831","page","type-page","status-publish","hentry","category-siljakempas","category-tulokset"],"_links":{"self":[{"href":"https:\/\/www.lieksanurheilijat.com\/index.php?rest_route=\/wp\/v2\/pages\/4831","targetHints":{"allow":["GET"]}}],"collection":[{"href":"https:\/\/www.lieksanurheilijat.com\/index.php?rest_route=\/wp\/v2\/pages"}],"about":[{"href":"https:\/\/www.lieksanurheilijat.com\/index.php?rest_route=\/wp\/v2\/types\/page"}],"author":[{"embeddable":true,"href":"https:\/\/www.lieksanurheilijat.com\/index.php?rest_route=\/wp\/v2\/users\/3"}],"replies":[{"embeddable":true,"href":"https:\/\/www.lieksanurheilijat.com\/index.php?rest_route=%2Fwp%2Fv2%2Fcomments&post=4831"}],"version-history":[{"count":1,"href":"https:\/\/www.lieksanurheilijat.com\/index.php?rest_route=\/wp\/v2\/pages\/4831\/revisions"}],"predecessor-version":[{"id":4832,"href":"https:\/\/www.lieksanurheilijat.com\/index.php?rest_route=\/wp\/v2\/pages\/4831\/revisions\/4832"}],"up":[{"embeddable":true,"href":"https:\/\/www.lieksanurheilijat.com\/index.php?rest_route=\/wp\/v2\/pages\/4129"}],"wp:attachment":[{"href":"https:\/\/www.lieksanurheilijat.com\/index.php?rest_route=%2Fwp%2Fv2%2Fmedia&parent=4831"}],"wp:term":[{"taxonomy":"category","embeddable":true,"href":"https:\/\/www.lieksanurheilijat.com\/index.php?rest_route=%2Fwp%2Fv2%2Fcategories&post=4831"},{"taxonomy":"post_tag","embeddable":true,"href":"https:\/\/www.lieksanurheilijat.com\/index.php?rest_route=%2Fwp%2Fv2%2Ftags&post=4831"}],"curies":[{"name":"wp","href":"https:\/\/api.w.org\/{rel}","templated":true}]}}