{"id":4715,"date":"2016-06-11T22:06:41","date_gmt":"2016-06-11T19:06:41","guid":{"rendered":"https:\/\/www.lieksanurheilijat.com\/?page_id=4715"},"modified":"2016-06-21T07:15:34","modified_gmt":"2016-06-21T04:15:34","slug":"youth-athletics-games-2016","status":"publish","type":"page","link":"https:\/\/www.lieksanurheilijat.com\/?page_id=4715","title":{"rendered":"Youth Athletics Games 2016"},"content":{"rendered":"<p>10.-12.6.2016<br \/>\nP\u00e4\u00e4kaupunkiseutu<\/p>\n<p><strong>M17 100 m Alkuer\u00e4t<\/strong><br \/>\n1. Samuel Purola 2000 OulPy 10,88q<br \/>\n2. Daniel Savolainen 1999 Jyv\u00e4skKU 11,14q<br \/>\n3. Konsta Alatupa 1999 KokkTU 11,28q<br \/>\n4. Aaro Karjalainen 1999 LahdA 11,31q<br \/>\n5. Tommi M\u00e4kinen 2000 HKV 11,37q<br \/>\n6. Riku Illukka 1999 VantSa 11,38q<br \/>\n7. Aaron Yli-Hallila 1999 KokkTU 11,40q<br \/>\n8. Nico Agard 1999 VantSa 11,61q<br \/>\n9. Niko Viljola 2000 HKV 11,67q<br \/>\n10. Juuso Helpi\u00f6 1999 EspTa 11,70q<br \/>\n11. Joonas Liukkonen 2000 JuvU 11,70q<br \/>\n12. Casimir Engblom 1999 HIFK 11,77q<br \/>\n13. Anton Kunnas 1999 IFSibboV 11,77q<br \/>\n14. Jimi Nukala VasaIS 11,85q<br \/>\n15. Mihkel Holzmann EST 11,95q<br \/>\n16. Okko Makkonen 1999 EspTa 11,98q<br \/>\n17. Aleksi Sohlman 1999 HIFK 12,00<br \/>\n18. Konstantin Korchagin RUS 12,05<br \/>\n19. Roope Kariniemi 1999 OulPy 12,05<br \/>\n20. Daniel Aaltonen 2000 HKV 12,06<br \/>\n21. Luukas Koski 1999 ViipU 12,08<br \/>\n22. Riku Ahvenniemi TampPy 12,11<br \/>\n23. Hiski Jatkola 1999 EspTa 12,14<br \/>\n24. Janne Hentunen 1999 LappUM 12,16<br \/>\n25. Samu Laakso 2000 TapE 12,17<br \/>\n26. Eeli Purola 2000 OulPy 12,19<br \/>\n27. Michael Lowe 1999 EspTa 12,27<br \/>\n28. Toma Lahtinen 1999 HIFK 12,29<br \/>\n29. Akseli Myllym\u00e4ki 1999 OulPy 12,36<br \/>\n30. Pablo Rojas 2000 EspTa 12,41<br \/>\n31. Markus Sivula 2000 TapE 12,42<br \/>\n32. Matias Kari 1999 EsboIF 12,42<br \/>\n33. Kaapo Kerve 2000 TapE 12,56<br \/>\n34. Lauri Savolainen 2000 HIFK 12,59<br \/>\n35. Martin Ahlberg 1999 EsboIF 12,68<br \/>\n36. Aku K\u00e4rki 2000 VantSa 12,68<br \/>\n37. Veikka Mikkonen 2000 SavonlRie 12,77<br \/>\n38. Eino K\u00f6n\u00f6nen 2000 Borg\u00e5Ak 12,79<br \/>\n39. Miika Helminen 2000 EspTa 12,79<br \/>\n40. Michael Niskala 2000 KU-58 12,80<br \/>\n41. Tuomas Lehto 2000 EspTa 12,84<br \/>\n42. Oliver Sainio 2000 HIFK 12,88<br \/>\n43. Patrick F\u00e4lt 2000 RekRai 12,89<br \/>\n44. Grigori Degtyarev RUS 12,94<br \/>\n45. Saku Jatkola 2000 EspTa 13,66<br \/>\n<strong>Eeki Kokkonen 2000 LieksU DQ<\/strong><br \/>\nJustus Arvelin 2000 LahdA DQ<\/p>\n<p><strong>N17 100 m Loppukilpailu<\/strong><br \/>\n1. Viivi Lehikoinen 1999 HIFK 12,13<br \/>\n2. Sara Francis 2000 KiuruvU 12,41<br \/>\n3. Saara Keskitalo 2000 EspTa 12,48<br \/>\n4. Nea Mattila 1999 HIFK 12,58<br \/>\n5. Veera Miettinen 1999 HKV 12,72<br \/>\n6. Alisa Aalto TampPy 12,74<br \/>\n7. Olivia Ben Khalifa TampPy 12,77<br \/>\n8. Sanni Pajasmaa 1999 HIFK 12,77<br \/>\n9. Elina Kujala 2000 KeskiUYU 12,86<br \/>\n10. <strong>Silja Kempas 1999 LieksU 12,90<\/strong><br \/>\n11. Saga Andersson 2000 EsboIF 12,91<br \/>\n12. Camilla Kohl 2000 EspTa 12,96<br \/>\n13. Nea Laine 1999 H\u00e4meenlTa 13,05<br \/>\n14. Petra-Sofia Laakso 1999 SavonlRie 13,08<br \/>\n15. Ida Ounaslehto 2000 EsboIF 13,16<br \/>\n16. Anni Grekula 2000 RaahVe 13,19<\/p>\n<p><strong>Er\u00e4 2 Tuuli: -0,7<\/strong><br \/>\n1. Viivi Lehikoinen 1999 HIFK 12,13<br \/>\n2. Sara Francis 2000 KiuruvU 12,41<br \/>\n3. Saara Keskitalo 2000 EspTa 12,48 SB<br \/>\n4. Nea Mattila 1999 HIFK 12,58<br \/>\n5. Sanni Pajasmaa 1999 HIFK 12,77 PB<br \/>\n6. Elina Kujala 2000 KeskiUYU 12,86<br \/>\n7. <strong>Silja Kempas 1999 LieksU 12,90<\/strong><br \/>\n8. Petra-Sofia Laakso 1999 SavonlRie 13,08<\/p>\n<p><strong>N17 100 m Alkuer\u00e4t<\/strong><br \/>\n1. Viivi Lehikoinen 1999 HIFK 12,07q<br \/>\n2. Sara Francis 2000 KiuruvU 12,33q<br \/>\n3. Saara Keskitalo 2000 EspTa 12,35q<br \/>\n4. Nea Mattila 1999 HIFK 12,52q<br \/>\n5. Sanni Pajasmaa 1999 HIFK 12,75q<br \/>\n6. <strong>Silja Kempas 1999 LieksU 12,75q<\/strong><br \/>\n7. Petra-Sofia Laakso 1999 SavonlRie 12,77q<br \/>\n8. Elina Kujala 2000 KeskiUYU 12,78q<br \/>\n9. Veera Miettinen 1999 HKV 12,83q<br \/>\n10. Camilla Kohl 2000 EspTa 12,85q<br \/>\n11. Nea Laine 1999 H\u00e4meenlTa 12,87q<br \/>\n12. Olivia Ben Khalifa TampPy 12,89q<br \/>\n13. Alisa Aalto TampPy 12,92q<br \/>\n14. Anni Grekula 2000 RaahVe 12,98q<br \/>\n15. Saga Andersson 2000 EsboIF 13,00q<br \/>\n16. Ida Ounaslehto 2000 EsboIF 13,06q<br \/>\n17. Karoliina Kujanp\u00e4\u00e4 2000 ValkHa 13,07<br \/>\n18. Claudia Gripenberg 1999 EsboIF 13,08<br \/>\n19. Cassandra Karjalainen 1999 HIFK 13,09<br \/>\n20. Jonna Peritalo 1999 LapVi 13,09<br \/>\n21. Liisa S\u00e4til\u00e4 1999 EspTa 13,10<br \/>\n22. Katariina Kontio 2000 EspTa 13,14<br \/>\n23. Iida Lehtonen 2000 H\u00e4meenlTa 13,16<br \/>\n24. Nadja Bucher 1999 EsboIF 13,17<br \/>\n25. Susanna Kumpulainen 1999 EspTa 13,19<br \/>\n26. Reetta K\u00e4m\u00e4r\u00e4inen 2000 EspTa 13,21<br \/>\n27. Veera Pudas 2000 VeitsilKV 13,26<br \/>\n28. Eeva Immonen EspTa 13,27<br \/>\n29. Jessi Latvasalo 2000 KU-58 13,29<br \/>\n30. Jannika Niemel\u00e4 1999 EspTa 13,30<br \/>\n31. Hanna Siiskonen 1999 JoensKa 13,31<br \/>\n32. Pinja Konttinen 2000 HIFK 13,37<br \/>\n33. Anna-Kaisa Korhonen 1999 OulPy 13,40<br \/>\n34. Marisa V\u00e4rtinen 2000 HKV 13,46<br \/>\n35. Sara Niemi 2000 KeskiUYU 13,51<br \/>\n36. Anna-Maria Asargiotis 2000 HIFK 13,53<br \/>\n37. Mette Lukin KuopRei 13,54<br \/>\n38. Sandra Liljendal 2000 Borg\u00e5Ak 13,54<br \/>\n39. Petra Kallionp\u00e4\u00e4 2000 H\u00e4meenlTa 13,55<br \/>\n40. Tara Vaittinen 1999 LahdA 13,58<br \/>\n41. Molly Pastewka 2000 EsboIF 13,60<br \/>\n42. Annika Siitonen 2000 EspTa 13,70<br \/>\n43. Isabella J\u00e4\u00e4svuo 2000 EspTa 13,70<br \/>\n44. Sofie Westerberg 1999 EsboIF 13,71<br \/>\n45. Fanni Jauhiainen 1999 KuusKi 13,71<br \/>\n46. Venla Naapuri 2000 SavonlRie 13,74<br \/>\n47. Nina Kaitemo 2000 HKV 13,75<br \/>\n48. Viivi Laaksonen 2000 LapLu 13,77<br \/>\n49. Oona Rouhiainen 1999 VihdVie 13,77<br \/>\n50. Katriina Autti 1999 KuivAu 13,80<br \/>\n51. Neea Nurmi 2000 EspTa 13,81<br \/>\n52. Essi Davies 2000 HKV 13,82<br \/>\n53. Elin Sundqvist 2000 IFNykn 13,83<br \/>\n54. Iida M\u00e4kel\u00e4 1999 SavonlRie 13,92<br \/>\n55. Emma Relander 2000 ValkKa 13,99<br \/>\n56. Matilda Hiltunen 2000 KuusKi 14,00<br \/>\n57. Nea Kotilainen 2000 EsboIF 14,12<br \/>\n58. Etti Mehtonen 2000 SavonlRie 14,16<br \/>\n59. Jasmin M\u00e4nnist\u00f6 2000 KuivAu 14,20<br \/>\n60. Amanda Hiltula 1999 VeitsilKV 14,34<br \/>\n61. Elviira Kortessalo 2000 RaahVe 14,38<br \/>\n62. Madeleine Sabure 2000 HIFK 14,42<br \/>\n63. Essi Ukkonen 2000 EspTa 14,43<br \/>\n64. Rebecca Sinkkonen 1999 EsboIF 14,74<br \/>\n65. Henni Kangas-K\u00e4rki 2000 EspTa 15,24<br \/>\nEllinoora Karvinen 1999 SavonlRie DQ<\/p>\n<p><strong>Er\u00e4 3 Tuuli: +0,3<\/strong><br \/>\n1. Saara Keskitalo 2000 EspTa 12,35q PB<br \/>\n2. <strong>Silja Kempas 1999 LieksU 12,75q PB<\/strong><br \/>\n3. Camilla Kohl 2000 EspTa 12,85q PB<br \/>\n4. Cassandra Karjalainen 1999 HIFK 13,09 PB<br \/>\n5. Katariina Kontio 2000 EspTa 13,14 PB<br \/>\n6. Petra Kallionp\u00e4\u00e4 2000 H\u00e4meenlTa 13,55 PB<br \/>\n7. Henni Kangas-K\u00e4rki 2000 EspTa 15,24<br \/>\nEllinoora Karvinen 1999 SavonlRie DQ<\/p>\n<p><strong>N17 Kuula<\/strong><br \/>\n1. Helena Leveelahti 1999 VirtU 14,42<br \/>\n2. Riikka Purho 1999 KouvU 13,57<br \/>\n3. Andrea \u00d6sterman 1999 HIFK 12,83<br \/>\n4. Mari Kahilainen PihtipTui 12,60<br \/>\n5. Sanni Pajasmaa 1999 HIFK 12,41<br \/>\n6. Tara Vaittinen 1999 LahdA 12,12<br \/>\n7. Janette Hanski 2000 KarhU 11,88<br \/>\n8. Minka Nurro 1999 KU-58 11,67<br \/>\n9. Ida Ounaslehto 2000 EsboIF 11,45<br \/>\n10. Sofia P\u00f6lkky 2000 Sein\u00e4jSU 11,35<br \/>\n11. Emmi Kemppainen 1999 KeskiUYU 11,03<br \/>\n12. Marielle Gustafsson 2000 EsboIF 10,82<br \/>\n13. Eeva Immonen EspTa 10,40<br \/>\n14. <strong>Venla Kettunen 1999 LieksU 10,32<\/strong><br \/>\n15. Jenny Skuth\u00e4lla 2000 IF\u00c5sar 10,11<br \/>\n16. Teresa Pollari 2000 LeppSi 8,40<br \/>\n17. Pinja Konttinen 2000 HIFK 7,28<br \/>\nLaura Putkiranta EspTa NM<br \/>\nAnniina Kivim\u00e4ki 1999 LapVi DNS<br \/>\nKatri Erkkil\u00e4 2000 Borg\u00e5Ak DNS<\/p>\n<p><strong>M17 300 m<\/strong><br \/>\n1. Samuel Purola 2000 OulPy 34,96<br \/>\n2. Tommi M\u00e4kinen 2000 HKV 35,21<br \/>\n3. Daniel Savolainen 1999 Jyv\u00e4skKU 35,57<br \/>\n4. Riku Illukka 1999 VantSa 35,63<br \/>\n5. Atte Kurkikangas 1999 TammRy 36,58<br \/>\n6. Elias Tuominen 2000 NaantL\u00f6y 36,66<br \/>\n7. Nico Agard 1999 VantSa 36,92<br \/>\n8. Juha-Matti Brostr\u00f6m 1999 OulPy 37,34<br \/>\n9. Joni Takala 2000 LahdA 37,52<br \/>\n10. Joni Ruokaism\u00e4ki 1999 OrivPo 37,68<br \/>\n11. Lauri Savolainen TampPy 37,97<br \/>\n12. <strong>Eeki Kokkonen 2000 LieksU 38,20<\/strong><br \/>\n13. Pavel Grechanovski RUS 38,23<br \/>\n14. Roope Kariniemi 1999 OulPy 38,31<br \/>\n15. Casimir Engblom 1999 HIFK 38,45<br \/>\n16. Tomi Lehto 1999 EspTa 38,78<br \/>\n17. Eeli Purola 2000 OulPy 38,98<br \/>\n18. Konstantin Korchagin RUS 39,14<br \/>\n19. Samu Laakso 2000 TapE 39,17<br \/>\n20. Grigori Degtyarev RUS 39,22<br \/>\n21. Aleksi Sohlman 1999 HIFK 40,01<br \/>\n22. Michael Niskala 2000 KU-58 40,26<br \/>\n23. Lauri Savolainen 2000 HIFK 40,46<br \/>\n24. Matias Kari 1999 EsboIF 40,68<br \/>\n25. Tuomas Lehto 2000 EspTa 40,98<br \/>\n26. Oliver Sainio 2000 HIFK 41,35<br \/>\n27. Joni Huhtala 1999 KauhWi 41,57<br \/>\n28. Veikka Mikkonen 2000 SavonlRie 42,06<br \/>\n29. Patrick F\u00e4lt 2000 RekRai 43,34<br \/>\n30. Martin Ahlberg 1999 EsboIF 44,27<\/p>\n<p><strong>Er\u00e4 3<\/strong><br \/>\n1. Atte Kurkikangas 1999 TammRy 36,58<br \/>\n2. <strong>Eeki Kokkonen 2000 LieksU 38,20 PB<\/strong><br \/>\n3. Roope Kariniemi 1999 OulPy 38,31<br \/>\n4. Casimir Engblom 1999 HIFK 38,45<br \/>\n5. Tomi Lehto 1999 EspTa 38,78 PB<br \/>\n6. Eeli Purola 2000 OulPy 38,98 PB<br \/>\n7. Samu Laakso 2000 TapE 39,17<br \/>\n8. Aleksi Sohlman 1999 HIFK 40,01<\/p>\n<p><strong>M17 110 m aj<\/strong><br \/>\n1. M\u00e1rk Sz\u00fccs-B\u00e1rtfai 1999 EspTa 14,38<br \/>\n2. <strong>Eeki Kokkonen 2000 LieksU 15,21<\/strong><br \/>\n3. Tatu Heikkinen 2000 HIFK 15,59<br \/>\n4. Jori Turtiainen 2000 LappUM 15,66<br \/>\n5. Mihkel Holzmann EST 15,69<br \/>\n6. Joni J\u00e4rvinen 2000 LahdA 15,79<br \/>\n7. Daniel Aaltonen 2000 HKV 16,40<br \/>\nJoni Heikkinen 1999 OulPy DNS<br \/>\nDaniel Savolainen 1999 Jyv\u00e4skKU DQ<\/p>\n<p><strong>Er\u00e4 2 Tuuli: -2,2<\/strong><br \/>\n1. M\u00e1rk Sz\u00fccs-B\u00e1rtfai 1999 EspTa 14,38 SB<br \/>\n2. <strong>Eeki Kokkonen 2000 LieksU 15,21 PB<\/strong><br \/>\n3. Tatu Heikkinen 2000 HIFK 15,59<br \/>\n4. Jori Turtiainen 2000 LappUM 15,66 PB<br \/>\nDaniel Savolainen 1999 Jyv\u00e4skKU DQ<\/p>\n","protected":false},"excerpt":{"rendered":"<p>10.-12.6.2016 P\u00e4\u00e4kaupunkiseutu M17 100 m Alkuer\u00e4t 1. Samuel Purola 2000 OulPy 10,88q 2. Daniel Savolainen 1999 Jyv\u00e4skKU 11,14q 3. Konsta Alatupa 1999 KokkTU 11,28q 4. Aaro Karjalainen 1999 LahdA 11,31q 5. Tommi M\u00e4kinen 2000 HKV 11,37q 6. Riku Illukka 1999 VantSa 11,38q 7. Aaron Yli-Hallila 1999 KokkTU 11,40q 8. Nico &hellip;<\/p>\n","protected":false},"author":3,"featured_media":0,"parent":4129,"menu_order":27,"comment_status":"closed","ping_status":"closed","template":"","meta":{"footnotes":""},"categories":[26,7,23],"tags":[],"class_list":["post-4715","page","type-page","status-publish","hentry","category-siljakempas","category-tulokset","category-venlakettunen"],"_links":{"self":[{"href":"https:\/\/www.lieksanurheilijat.com\/index.php?rest_route=\/wp\/v2\/pages\/4715","targetHints":{"allow":["GET"]}}],"collection":[{"href":"https:\/\/www.lieksanurheilijat.com\/index.php?rest_route=\/wp\/v2\/pages"}],"about":[{"href":"https:\/\/www.lieksanurheilijat.com\/index.php?rest_route=\/wp\/v2\/types\/page"}],"author":[{"embeddable":true,"href":"https:\/\/www.lieksanurheilijat.com\/index.php?rest_route=\/wp\/v2\/users\/3"}],"replies":[{"embeddable":true,"href":"https:\/\/www.lieksanurheilijat.com\/index.php?rest_route=%2Fwp%2Fv2%2Fcomments&post=4715"}],"version-history":[{"count":1,"href":"https:\/\/www.lieksanurheilijat.com\/index.php?rest_route=\/wp\/v2\/pages\/4715\/revisions"}],"predecessor-version":[{"id":4716,"href":"https:\/\/www.lieksanurheilijat.com\/index.php?rest_route=\/wp\/v2\/pages\/4715\/revisions\/4716"}],"up":[{"embeddable":true,"href":"https:\/\/www.lieksanurheilijat.com\/index.php?rest_route=\/wp\/v2\/pages\/4129"}],"wp:attachment":[{"href":"https:\/\/www.lieksanurheilijat.com\/index.php?rest_route=%2Fwp%2Fv2%2Fmedia&parent=4715"}],"wp:term":[{"taxonomy":"category","embeddable":true,"href":"https:\/\/www.lieksanurheilijat.com\/index.php?rest_route=%2Fwp%2Fv2%2Fcategories&post=4715"},{"taxonomy":"post_tag","embeddable":true,"href":"https:\/\/www.lieksanurheilijat.com\/index.php?rest_route=%2Fwp%2Fv2%2Ftags&post=4715"}],"curies":[{"name":"wp","href":"https:\/\/api.w.org\/{rel}","templated":true}]}}