{"id":4499,"date":"2016-04-12T22:50:41","date_gmt":"2016-04-12T19:50:41","guid":{"rendered":"https:\/\/www.lieksanurheilijat.com\/?page_id=4499"},"modified":"2016-04-12T22:51:04","modified_gmt":"2016-04-12T19:51:04","slug":"mehtimaki-junior-indoor-games","status":"publish","type":"page","link":"https:\/\/www.lieksanurheilijat.com\/?page_id=4499","title":{"rendered":"Mehtim\u00e4ki Junior Indoor Games"},"content":{"rendered":"<p>9.4.2016 Joensuu<\/p>\n<p>T15 150m<br \/>\n1 Tanja Kokkonen LappUM 19,70<br \/>\nHanna Siiskonen JoensKa 19,97<br \/>\n2 Milla Pirkkalainen ParikkU 20,74<br \/>\n3 Jenna Riikonen JoensKa 21,11<br \/>\n4 Ella Kainulainen SavonlRie 21,30<br \/>\n5 Tiia Neuvonen ParikkU 21,88<br \/>\n6 Tuuli Turunen TuupovU 23,00<br \/>\n<strong>7 Milla Martikainen LieksU 24,58<\/strong><\/p>\n<p>P11 Kuula<br \/>\n1 Topi Parviainen TuupovU 7,94<br \/>\n2 Eeli Kinnunen JoensKa 7,53<br \/>\n<strong>3 Aarni Nyblom LieksU 6,97<\/strong><br \/>\n4 Eeli Mustonen JoensKa 6,55<br \/>\n5 Hannes Korhonen JoensKa 6,48<br \/>\n<strong>6 Eero Mauro LieksU 6,46<\/strong><br \/>\n7 Arttu Uusitalo Pyh\u00e4sU 5,20<\/p>\n<p>P11 150m<br \/>\n1 Veikka Neuvonen ParikkU 23,13<br \/>\n2 Aatu Hartikainen SavonlRie 23,62<br \/>\n<strong>3 Aarni Nyblom LieksU 23,67<\/strong><br \/>\n<strong> 4 Eero Mauro LieksU 23,96<\/strong><br \/>\n5 Mico R\u00e4ty Pyh\u00e4sU 24,33<br \/>\n6 Hannes Korhonen JoensKa 24,43<br \/>\n7 Eeli Mustonen JoensKa 25,57<br \/>\n8 Eeli Kinnunen JoensKa 25,64<br \/>\n9 Milo Kuivalainen Pyh\u00e4sU 26,42<br \/>\n10 Arttu Uusitalo Pyh\u00e4sU 33,01<br \/>\nLauri R\u00e4s\u00e4nen Pyh\u00e4sU DNS<\/p>\n<p>P11 60m aidat<br \/>\n1 Veikka Neuvonen ParikkU 11,09<br \/>\n<strong>2 Aarni Nyblom LieksU 11,20<\/strong><br \/>\n3 Aatu Hartikainen SavonlRie 11,45<br \/>\n4 Mico R\u00e4ty Pyh\u00e4sU 12,15<br \/>\n5 Eeli Mustonen JoensKa 12,27<br \/>\n6 Milo Kuivalainen Pyh\u00e4sU 14,13<\/p>\n<p>P9 Kuula<br \/>\n1 Elias Vanhanen KuopRei 7,34<br \/>\n2 Topias Mustonen JoensKa 5,59<br \/>\n<strong>3 Touko Nyblom LieksU 5,46<\/strong><br \/>\n4 Marlo Tuhkanen Pyh\u00e4sU 3,32<br \/>\n5 Jeremias Tuhkanen Pyh\u00e4sU 3,25<\/p>\n<p>P9 150m<br \/>\n1 Elias Vanhanen KuopRei 24,26<br \/>\n2 Sulo-Veikko Varonen JoensKa 26,61<br \/>\n3 Topias Mustonen JoensKa 27,26<br \/>\n<strong>4 Touko Nyblom LieksU 29,61<\/strong><br \/>\n5 Jeremias Tuhkanen Pyh\u00e4sU 37,66<br \/>\n6 Marlo Tuhkanen Pyh\u00e4sU 44,09<br \/>\nLuca R\u00e4ty Pyh\u00e4sU DNS<\/p>\n<p>P9 60m aidat<br \/>\n1 Topias Mustonen JoensKa 13,97<br \/>\n2 Sulo-Veikko Varonen JoensKa 14,27<br \/>\n<strong>3 Touko Nyblom LieksU 14,76<\/strong><\/p>\n<p>Keih\u00e4skoulun keih\u00e4skisa<br \/>\nJoensuu<br \/>\n9.4.2016<\/p>\n<p>P11 keih\u00e4s<br \/>\n1 Eeli Kinnunen JoensKa 31,57<br \/>\n2 Topi Parviainen TuupovU 30,86<br \/>\n3 Eeli Mustonen JoensKa 22,77<br \/>\n<strong>4 Eero Mauro LieksU 22,58<\/strong><\/p>\n<p>T15 keih\u00e4s<br \/>\n<strong>1 Milla Martikainen LieksU 35,20<\/strong><br \/>\n2 Veera Vastam\u00e4ki JoensKa 32,08<br \/>\n3 Hanna Toivanen JuuanU 30,44<\/p>\n<p>4 kilpailijaa Lieksan Urheilijoista<\/p>\n","protected":false},"excerpt":{"rendered":"<p>9.4.2016 Joensuu T15 150m 1 Tanja Kokkonen LappUM 19,70 Hanna Siiskonen JoensKa 19,97 2 Milla Pirkkalainen ParikkU 20,74 3 Jenna Riikonen JoensKa 21,11 4 Ella Kainulainen SavonlRie 21,30 5 Tiia Neuvonen ParikkU 21,88 6 Tuuli Turunen TuupovU 23,00 7 Milla Martikainen LieksU 24,58 P11 Kuula 1 Topi Parviainen TuupovU 7,94 &hellip;<\/p>\n","protected":false},"author":2,"featured_media":0,"parent":4129,"menu_order":36,"comment_status":"closed","ping_status":"closed","template":"","meta":{"footnotes":""},"categories":[14,32,7],"tags":[],"class_list":["post-4499","page","type-page","status-publish","hentry","category-aarninyblom","category-millamartikainen","category-tulokset"],"_links":{"self":[{"href":"https:\/\/www.lieksanurheilijat.com\/index.php?rest_route=\/wp\/v2\/pages\/4499","targetHints":{"allow":["GET"]}}],"collection":[{"href":"https:\/\/www.lieksanurheilijat.com\/index.php?rest_route=\/wp\/v2\/pages"}],"about":[{"href":"https:\/\/www.lieksanurheilijat.com\/index.php?rest_route=\/wp\/v2\/types\/page"}],"author":[{"embeddable":true,"href":"https:\/\/www.lieksanurheilijat.com\/index.php?rest_route=\/wp\/v2\/users\/2"}],"replies":[{"embeddable":true,"href":"https:\/\/www.lieksanurheilijat.com\/index.php?rest_route=%2Fwp%2Fv2%2Fcomments&post=4499"}],"version-history":[{"count":2,"href":"https:\/\/www.lieksanurheilijat.com\/index.php?rest_route=\/wp\/v2\/pages\/4499\/revisions"}],"predecessor-version":[{"id":4501,"href":"https:\/\/www.lieksanurheilijat.com\/index.php?rest_route=\/wp\/v2\/pages\/4499\/revisions\/4501"}],"up":[{"embeddable":true,"href":"https:\/\/www.lieksanurheilijat.com\/index.php?rest_route=\/wp\/v2\/pages\/4129"}],"wp:attachment":[{"href":"https:\/\/www.lieksanurheilijat.com\/index.php?rest_route=%2Fwp%2Fv2%2Fmedia&parent=4499"}],"wp:term":[{"taxonomy":"category","embeddable":true,"href":"https:\/\/www.lieksanurheilijat.com\/index.php?rest_route=%2Fwp%2Fv2%2Fcategories&post=4499"},{"taxonomy":"post_tag","embeddable":true,"href":"https:\/\/www.lieksanurheilijat.com\/index.php?rest_route=%2Fwp%2Fv2%2Ftags&post=4499"}],"curies":[{"name":"wp","href":"https:\/\/api.w.org\/{rel}","templated":true}]}}