{"id":4455,"date":"2016-03-06T22:39:31","date_gmt":"2016-03-06T20:39:31","guid":{"rendered":"https:\/\/www.lieksanurheilijat.com\/?page_id=4455"},"modified":"2016-03-07T12:41:01","modified_gmt":"2016-03-07T10:41:01","slug":"tampere-junior-indoor-games","status":"publish","type":"page","link":"https:\/\/www.lieksanurheilijat.com\/?page_id=4455","title":{"rendered":"Tampere Junior Indoor Games"},"content":{"rendered":"<p>6.3.2016<br \/>\nTampere<\/p>\n<p>T14 Keih\u00e4s<br \/>\n1 Anni-Linnea Alanen VaasVa 11.11.02 39,18 PB (14-v. ka 35.)<br \/>\n36,97 PB 38,28 PB 39,18 PB 38,73 36,17 36,90<br \/>\n2 <b>Milla Martikainen LieksU 1.3.02 39,04<\/b><br \/>\n35,89 38,31 37,13 39,04 37,31 37,48<br \/>\n3 Elin K\u00e4llberg IFFemman 26.6.02 38,83 PB (14-v. ka 37.)<br \/>\n35,28 37,49 PB 36,64 38,77 PB 36,72 38,83 PB<br \/>\n4 Peppi Koppanen TammRy 20.1.02 37,95 PB<br \/>\n37,95 PB 31,52 33,12 32,65 36,12 36,69<br \/>\n5 Elisa Heikkala KaustPV 24.4.02 37,22 PB<br \/>\n30,49 SB 33,72 PB 32,05 32,60 31,55 37,22 PB<br \/>\n6 Nea Roiha ParikkU 27.8.02 35,61 PB<br \/>\n35,61 PB 32,09 35,52 X 34,68 35,35<br \/>\n7 Wilma Sundqvist IFKraft 9.1.02 34,15<br \/>\n29,18 34,15 30,31 30,30 30,20 32,23<br \/>\n8 Eerika P\u00f6lkky Sein\u00e4jsU 11.1.02 32,99 PB<br \/>\n32,89 PB 32,99 PB 30,00 30,47 32,41 31,79<br \/>\n9 Silja Toivonen H\u00e4meenlTa 28.2.02 31,95 PB<br \/>\n31,60 PB 31,95 PB 31,55<br \/>\n10 Anette Eskeli Sein\u00e4jsU 27.3.02 31,69<br \/>\n30,31 30,40 31,69<br \/>\n11 Olivia L\u00e4hdesm\u00e4ki Jyv\u00e4skKU 29.1.02 31,21<br \/>\n31,21 P P<br \/>\n12 Viola Pennanen LempKiYU 24.2.02 29,31 PB<br \/>\n29,31 PB 28,50 28,30<br \/>\n13 Aleksandra Perova RUS 02 28,77<br \/>\n25,94 23,96 28,77<br \/>\n14 Venla Toivola HyvsU 25.10.02 27,70 PB<br \/>\nX 26,49 SB 27,70 PB<br \/>\n15 Eeva Laine LappUM 7.9.02 27,49<br \/>\n27,30 27,49 25,89<br \/>\n16 Mona Heino LahdA 9.11.02 26,99 SB<br \/>\n23,47 SB 26,99 SB 26,34<br \/>\n17 Malin Skog IFFemman 2.5.02 26,06 PB<br \/>\n26,06 PB X 22,77<br \/>\n18 Iida Uosukainen EspTa 15.12.02 25,84 SB<br \/>\n22,17 SB 25,84 SB 25,67<br \/>\n19 Stiina Kokkonen TampU 18.4.02 24,18 PB<br \/>\n24,18 PB 21,53 23,84<br \/>\n20 Ronja Kallionp\u00e4\u00e4 H\u00e4meenlTa 7.6.02 23,83 PB<br \/>\n21,80 SB 22,86 SB 23,83 PB<\/p>\n","protected":false},"excerpt":{"rendered":"<p>6.3.2016 Tampere T14 Keih\u00e4s 1 Anni-Linnea Alanen VaasVa 11.11.02 39,18 PB (14-v. ka 35.) 36,97 PB 38,28 PB 39,18 PB 38,73 36,17 36,90 2 Milla Martikainen LieksU 1.3.02 39,04 35,89 38,31 37,13 39,04 37,31 37,48 3 Elin K\u00e4llberg IFFemman 26.6.02 38,83 PB (14-v. ka 37.) 35,28 37,49 PB 36,64 38,77 &hellip;<\/p>\n","protected":false},"author":3,"featured_media":0,"parent":4129,"menu_order":38,"comment_status":"closed","ping_status":"closed","template":"","meta":{"footnotes":""},"categories":[32,7],"tags":[],"class_list":["post-4455","page","type-page","status-publish","hentry","category-millamartikainen","category-tulokset"],"_links":{"self":[{"href":"https:\/\/www.lieksanurheilijat.com\/index.php?rest_route=\/wp\/v2\/pages\/4455","targetHints":{"allow":["GET"]}}],"collection":[{"href":"https:\/\/www.lieksanurheilijat.com\/index.php?rest_route=\/wp\/v2\/pages"}],"about":[{"href":"https:\/\/www.lieksanurheilijat.com\/index.php?rest_route=\/wp\/v2\/types\/page"}],"author":[{"embeddable":true,"href":"https:\/\/www.lieksanurheilijat.com\/index.php?rest_route=\/wp\/v2\/users\/3"}],"replies":[{"embeddable":true,"href":"https:\/\/www.lieksanurheilijat.com\/index.php?rest_route=%2Fwp%2Fv2%2Fcomments&post=4455"}],"version-history":[{"count":1,"href":"https:\/\/www.lieksanurheilijat.com\/index.php?rest_route=\/wp\/v2\/pages\/4455\/revisions"}],"predecessor-version":[{"id":4456,"href":"https:\/\/www.lieksanurheilijat.com\/index.php?rest_route=\/wp\/v2\/pages\/4455\/revisions\/4456"}],"up":[{"embeddable":true,"href":"https:\/\/www.lieksanurheilijat.com\/index.php?rest_route=\/wp\/v2\/pages\/4129"}],"wp:attachment":[{"href":"https:\/\/www.lieksanurheilijat.com\/index.php?rest_route=%2Fwp%2Fv2%2Fmedia&parent=4455"}],"wp:term":[{"taxonomy":"category","embeddable":true,"href":"https:\/\/www.lieksanurheilijat.com\/index.php?rest_route=%2Fwp%2Fv2%2Fcategories&post=4455"},{"taxonomy":"post_tag","embeddable":true,"href":"https:\/\/www.lieksanurheilijat.com\/index.php?rest_route=%2Fwp%2Fv2%2Ftags&post=4455"}],"curies":[{"name":"wp","href":"https:\/\/api.w.org\/{rel}","templated":true}]}}