{"id":3926,"date":"2015-09-06T19:04:48","date_gmt":"2015-09-06T16:04:48","guid":{"rendered":"https:\/\/www.lieksanurheilijat.com\/?page_id=3926"},"modified":"2015-10-22T12:37:00","modified_gmt":"2015-10-22T09:37:00","slug":"pyhaselan-xv-heittohyppypaivat-2-paiva","status":"publish","type":"page","link":"https:\/\/www.lieksanurheilijat.com\/?page_id=3926","title":{"rendered":"Pyh\u00e4sel\u00e4n XV heittohyppyp\u00e4iv\u00e4t 2. p\u00e4iv\u00e4"},"content":{"rendered":"<p>6.9.2015<br \/>\nPyh\u00e4selk\u00e4<\/p>\n<p>T15 3-loikka<br \/>\n1. <strong>Riina Kettunen LieksU 9,80 (0,0)<\/strong><br \/>\n2. Jenna Riikonen JoKa 9,64 (+0,2)<br \/>\n3. Tuuli Turunen TuupovU 8,21 (-1,4)<br \/>\n4. Peppi Ahponen PyU 7,61 (-0,9)<\/p>\n<p>T15 kuula<br \/>\n1. Pinja Hulkko PyU 10,25<br \/>\n2. <strong>Riina Kettunen LieksU 9,22<\/strong><\/p>\n<p>T15 keih\u00e4s<br \/>\n1. <strong>Riina Kettunen LieksU 32,86<\/strong><br \/>\n2. Peppi Ahponen PyU 27,39<br \/>\n3. Tuuli Turunen TuupovU 26,35<\/p>\n<p>T13 3-loikka<br \/>\n1. Oona Majoinen JoKa 10,19 (+0,2), P-K:n pe, T12<br \/>\n2. <strong>Satu Liimatta LieksU 9,76 (0,0)<\/strong><br \/>\n3. Tara Saikkonen ParikkU 9,65 (+0,9)<br \/>\n4. Jasmina Ven\u00e4l\u00e4inen PyU 9,61 (+2,5), 9,42, -0,9<br \/>\n5. <strong>Milla Martikainen LieksU 8,62 (-0,6)<\/strong><br \/>\n6. Karla K\u00f6n\u00f6nen PyU 8,38 (+1,9)<br \/>\n7. Maria Sotikov PyU 8,04 (+0,5)<br \/>\n8. Hanna Toivanen JuuU 7,78 (-2,5)<br \/>\n9. Pilvi Turunen TuupovU 7,73(+2,3), (7,31; -0,4)<\/p>\n<p>T13 3-loikka\/joukkue<br \/>\n1. <strong>LieksU (Liimatta, Martikainen) 18,24<\/strong><br \/>\n2. PyU (Ven\u00e4l\u00e4inen, K\u00f6n\u00f6nen) 17,99<\/p>\n<p>T13 kuula<br \/>\n1. Tara Saikkonen ParikkU 11,41<br \/>\n2. Hanna Toivanen JuuU 9,57<br \/>\n3. <strong>Milla Martikainen LieksU 9,28<\/strong><br \/>\n4. Netta-Noora Lappalainen PyU 8,88<br \/>\n5. <strong>Riina Palviainen LieksU 8,54<\/strong><br \/>\n6. Sini Lehikoinen PyU 8,40<br \/>\n7. <strong>Lotta Martikainen LieksU 8,00<\/strong><br \/>\n8. Reetta Naumanen Outokummun Partio 6,84<br \/>\n9. Karla K\u00f6n\u00f6nen PyU 6,26<br \/>\n10. Pilvi Turunen TuupovU 6,07<\/p>\n<p>T13 kuula\/joukkue<br \/>\n1. <strong>LieksU (M.Martikainen, Palviainen) 17,63<\/strong><br \/>\n2. PyU (Lappalainen, Lehikoinen) 17,18<\/p>\n<p>T13 keih\u00e4s<br \/>\n1. <strong>Milla Martikainen LieksU 42,02<\/strong><br \/>\n2. Tara Saikkonen ParikkU 38,86<br \/>\n3. <strong>Riina Palviainen LieksU 29,69<\/strong><br \/>\n4. <strong>Heta Kettunen LieksU 28,22<\/strong><br \/>\n5. Hanna Toivanen JuuU 25,57<br \/>\n6. Sini Lehikoinen PyU 25,32<br \/>\n7. Reetta Naumanen OutokP 24,26<br \/>\n8. <strong>Lotta Martikainen LieksU 23,37<\/strong><br \/>\n9. Netta-Noora Lappalainen PyU 21,75<\/p>\n<p>T13 keih\u00e4s\/joukkue<br \/>\n1. <strong>LieksU 1 (M.Martikainen, Kettunen) 65,13<\/strong><br \/>\n2. <strong>LieksU 2 (Palviainen, L. Martikainen) 49,45<\/strong><br \/>\n3. PyU (Lehikoinen, Lappalainen) 46,85<\/p>\n<p>T9 kuula<br \/>\n1. Mira Saikkonen ParikkU 5,33<br \/>\n2. <strong>Netta Martikainen LieksU 4,10<\/strong><br \/>\n3. <strong>Titta Martikainen LieksU 3,81<\/strong><br \/>\n4. Sara Martikainen PyU 3,60<br \/>\n5. Ida-Liina Hyv\u00f6nen PyU 3,20<\/p>\n<p>T9 kuula\/joukkue<br \/>\n1. <strong>LieksU (N.Martikainen, T. Martikainen) 7,91<\/strong><br \/>\n2. PyU (S. Martikainen, Hyv\u00f6nen) 6,80<\/p>\n<p>T9 keih\u00e4s<br \/>\n1. Mira Saikkonen ParikkU 16,17<br \/>\n2. <strong>Netta Martikainen LieksU 11,81<\/strong><br \/>\n3. Sara Martikainen PyU 9,27<br \/>\n4. Ida-Liina Hyv\u00f6nen PyU 8,96<br \/>\n5. <strong>Titta Martikainen LieksU 6,63<\/strong><\/p>\n<p>T9 keih\u00e4s\/joukkue<br \/>\n1. <strong>LieksU (N. Martikainen, T. Martikainen) 18,44<\/strong><\/p>\n","protected":false},"excerpt":{"rendered":"<p>6.9.2015 Pyh\u00e4selk\u00e4 T15 3-loikka 1. Riina Kettunen LieksU 9,80 (0,0) 2. Jenna Riikonen JoKa 9,64 (+0,2) 3. Tuuli Turunen TuupovU 8,21 (-1,4) 4. Peppi Ahponen PyU 7,61 (-0,9) T15 kuula 1. Pinja Hulkko PyU 10,25 2. Riina Kettunen LieksU 9,22 T15 keih\u00e4s 1. Riina Kettunen LieksU 32,86 2. Peppi Ahponen &hellip;<\/p>\n","protected":false},"author":3,"featured_media":0,"parent":2811,"menu_order":7,"comment_status":"closed","ping_status":"closed","template":"","meta":{"footnotes":""},"categories":[34,38,32,49,31,47,7],"tags":[],"class_list":["post-3926","page","type-page","status-publish","hentry","category-hetakettunen","category-lottamartikainen","category-millamartikainen","category-nettamartikainen","category-riinakettunen","category-satuliimatta","category-tulokset"],"_links":{"self":[{"href":"https:\/\/www.lieksanurheilijat.com\/index.php?rest_route=\/wp\/v2\/pages\/3926","targetHints":{"allow":["GET"]}}],"collection":[{"href":"https:\/\/www.lieksanurheilijat.com\/index.php?rest_route=\/wp\/v2\/pages"}],"about":[{"href":"https:\/\/www.lieksanurheilijat.com\/index.php?rest_route=\/wp\/v2\/types\/page"}],"author":[{"embeddable":true,"href":"https:\/\/www.lieksanurheilijat.com\/index.php?rest_route=\/wp\/v2\/users\/3"}],"replies":[{"embeddable":true,"href":"https:\/\/www.lieksanurheilijat.com\/index.php?rest_route=%2Fwp%2Fv2%2Fcomments&post=3926"}],"version-history":[{"count":1,"href":"https:\/\/www.lieksanurheilijat.com\/index.php?rest_route=\/wp\/v2\/pages\/3926\/revisions"}],"predecessor-version":[{"id":3927,"href":"https:\/\/www.lieksanurheilijat.com\/index.php?rest_route=\/wp\/v2\/pages\/3926\/revisions\/3927"}],"up":[{"embeddable":true,"href":"https:\/\/www.lieksanurheilijat.com\/index.php?rest_route=\/wp\/v2\/pages\/2811"}],"wp:attachment":[{"href":"https:\/\/www.lieksanurheilijat.com\/index.php?rest_route=%2Fwp%2Fv2%2Fmedia&parent=3926"}],"wp:term":[{"taxonomy":"category","embeddable":true,"href":"https:\/\/www.lieksanurheilijat.com\/index.php?rest_route=%2Fwp%2Fv2%2Fcategories&post=3926"},{"taxonomy":"post_tag","embeddable":true,"href":"https:\/\/www.lieksanurheilijat.com\/index.php?rest_route=%2Fwp%2Fv2%2Ftags&post=3926"}],"curies":[{"name":"wp","href":"https:\/\/api.w.org\/{rel}","templated":true}]}}