{"id":3807,"date":"2015-08-08T18:41:18","date_gmt":"2015-08-08T15:41:18","guid":{"rendered":"https:\/\/www.lieksanurheilijat.com\/?page_id=3807"},"modified":"2015-08-08T18:41:18","modified_gmt":"2015-08-08T15:41:18","slug":"9-15-vuotiaiden-pohjois-karjalan-pm-huipentuma-1-paiva","status":"publish","type":"page","link":"https:\/\/www.lieksanurheilijat.com\/?page_id=3807","title":{"rendered":"9-15-vuotiaiden Pohjois-Karjalan pm-huipentuma, 1. p\u00e4iv\u00e4"},"content":{"rendered":"<p>8.8.2015<br \/>\nJoensuu<\/p>\n<p>P15 100m Tuuli: -3,9<br \/>\n1. <strong>Eeki Kokkonen LieksU 13,17<\/strong><br \/>\n2. Miikka Mutanen PolvijU 13,74<\/p>\n<p>P15 korkeus<br \/>\n1. <strong>Eeki Kokkonen LieksU 170<\/strong><br \/>\n2. Aki Mutanen OutokPa 165<\/p>\n<p>T15 100m Tuuli: -3,5<br \/>\nSara Francis KiuruvU 13,00<br \/>\n<strong>Silja Kempas LieksU 13,33<\/strong><br \/>\n1. Kaisa-Liisa Kainulainen JoensKa 14,21<br \/>\n2. Nina Mutanen JoensKa 14,41<br \/>\nIida Kauhanen Hein\u00e4vYU 14,63<br \/>\n3. Peppi Ahponen Pyh\u00e4sU 16,59<\/p>\n<p>T15 moukari<br \/>\n<strong>Venla Kettunen LieksU 50,73<\/strong><br \/>\nIida Heikkinen OutokPa 45,99<br \/>\n1. Nina Mutanen JoensKa 23,43<\/p>\n<p>P14 100m Tuuli: -3,9<br \/>\nAlbert Vauhkonen LapinlVe 13,31<br \/>\n1. <strong>Simo N\u00e4ykki LieksU 13,83<\/strong><br \/>\n2. Teemu Malinen Pyh\u00e4sU 13,99<\/p>\n<p>P14 korkeus<br \/>\n1. <strong>Simo N\u00e4ykki LieksU 155<\/strong><\/p>\n<p>T14 100m loppukilpailu Tuuli: -2,5<br \/>\n1. Jenna Riikonen JoensKa 14,01<br \/>\nKiia Paanila KuopRei 14,01<br \/>\n2. <strong>Riina Kettunen LieksU 14,17<\/strong><br \/>\n3. Riikka Lonkainen JoensKa 14,49<br \/>\n4. <strong>Ada Pakarinen LieksU 14,52<\/strong><br \/>\n5. Pinja Hulkko Pyh\u00e4sU 15,05<br \/>\n6. Lumi K\u00e4rkk\u00e4inen JoensKa 15,08<br \/>\n7. Anniina Turunen Pyh\u00e4sU 15,60<\/p>\n<p>T14 100m<br \/>\nEr\u00e4 1: Tuuli: -4,0<br \/>\n1. <strong>Riina Kettunen LieksU 14,49<\/strong><br \/>\n2. <strong>Ada Pakarinen LieksU 14,64<\/strong><br \/>\n3. Pinja Hulkko Pyh\u00e4sU 15,05<br \/>\n4. Anniina Turunen Pyh\u00e4sU 15,69<br \/>\n5. Amanda Oittinen Pyh\u00e4sU 16,16<\/p>\n<p>T14 pituus<br \/>\n1. <strong>Riina Kettunen LieksU 454 +3,4<\/strong><br \/>\n2. Jenna Riikonen JoensKa 445 +3,6<br \/>\nKiia Paanila KuopRei 451 +3,9<br \/>\n3. Anniina Turunen Pyh\u00e4sU 374 +4,2<\/p>\n<p>P13 1000m<br \/>\n1. Kalle Tanskanen SulkKi 3.20,40<br \/>\n2. Aatu Partanen JoensKa 3.42,23<br \/>\n3. <strong>Eemeli Boren LieksU 3.42,24<\/strong><br \/>\nJesse Paunonen SavonlRie 3.44,60<\/p>\n<p>T13 1000m<br \/>\n1. Veera Kontkanen Pyh\u00e4sU 3.23,10<br \/>\n2. <strong>Satu Liimatta LieksU 3.23,76<\/strong><br \/>\n3. Heta Siira NurmSe 3.54,33<\/p>\n<p>T13 seiv\u00e4s<br \/>\n1. <strong>Milla Martikainen LieksU 230<\/strong><br \/>\n2. Heta Siira NurmSe 150<\/p>\n<p>T13 pituus<br \/>\n1. <strong>Satu Liimatta LieksU 446 +3,0<\/strong><br \/>\n2. Tuuli Kinnunen JoensKa 438 +5,0<br \/>\nMilla Pirkkalainen SavonlRie 426 +3,6<br \/>\n3. Iida Hartikainen JuuanU 412 +5,1<br \/>\n4. Tiia H\u00e4tinen OutokPa 408 +4,3<br \/>\n5. Hanna Lehvonen JoensKa 378 +3,2<br \/>\n6. Kerttu R\u00e4s\u00e4nen Pyh\u00e4sU 372 +2,5<br \/>\n7. Mira Ylj\u00e4l\u00e4 Pyh\u00e4sU 333 +4,4<\/p>\n<p>T13 kiekko<br \/>\n1. Hanna Toivanen JuuanU 24,39<br \/>\n2. <strong>Lotta Martikainen LieksU 24,03<\/strong><br \/>\nMinttu Kovanen SavonlRie NM<\/p>\n<p>T13 moukari<br \/>\n1. <strong>Milla Martikainen LieksU 31,48<\/strong><br \/>\n2. <strong>Lotta Martikainen LieksU 25,57<\/strong><br \/>\n3. Hanna Toivanen JuuanU 22,03<\/p>\n<p>T12 60m<br \/>\nLoppukilpailu: Tuuli: -4,5<br \/>\n1. Oona Majoinen JoensKa 9,00<br \/>\nVeera Kauhanen Hein\u00e4vYU 9,15<br \/>\n2. Aada Kokko JoensKa 9,23<br \/>\n3. Jasmina Ven\u00e4l\u00e4inen Pyh\u00e4sU 9,26<br \/>\n4. <strong>Heta Kettunen LieksU 9,31<\/strong><br \/>\n5. Nea Immonen JoensKa 9,32<br \/>\n6. Elina Nivaj\u00e4rvi JoensKa 9,74<\/p>\n<p>T12 60m<br \/>\nEr\u00e4 1: Tuuli: -3,3<br \/>\n1. Oona Majoinen JoensKa 8,92<br \/>\n2. Jasmina Ven\u00e4l\u00e4inen Pyh\u00e4sU 9,01<br \/>\n3. <strong>Heta Kettunen LieksU 9,32<\/strong><br \/>\n4. Emilia Jolkkonen PolvijU 9,47<br \/>\n5. Elina Nivaj\u00e4rvi JoensKa 9,57<br \/>\nJessica Halonen SavonlRie 10,14<\/p>\n<p>T12 seiv\u00e4s<br \/>\n1. <strong>Riina Palviainen LieksU 230<\/strong><br \/>\n2. <strong>Heta Kettunen LieksU 210<\/strong><\/p>\n<p>T12 pituus<br \/>\n1. Oona Majoinen JoensKa 440<br \/>\n2. Jasmina Ven\u00e4l\u00e4inen Pyh\u00e4sU 439<br \/>\n3. Nea Immonen JoensKa 409<br \/>\n4. <strong>Heta Kettunen LieksU 397<\/strong><br \/>\n5. Maria Sotikov Pyh\u00e4sU 382<br \/>\n6. Emilia Jolkkonen PolvijU 378<br \/>\n7. Elina Nivaj\u00e4rvi JoensKa 376<br \/>\n8. Sini Lehikoinen Pyh\u00e4sU 371<br \/>\n9. Tiia Rantala PolvijU 371<br \/>\n10. Peppi Soininen Pyh\u00e4sU 362<br \/>\n11. Siiri Uusitalo Pyh\u00e4sU 326<\/p>\n<p>T12 kiekko<br \/>\nNea Luukkonen PuumVi 28,35<br \/>\n1. Netta-Noora Lappalainen Pyh\u00e4sU 27,55<br \/>\n2. <strong>Riina Palviainen LieksU 27,09<\/strong><br \/>\n3. Pilvi Turunen TuupovU 17,98<br \/>\n4. Siiri Uusitalo Pyh\u00e4sU 12,88<\/p>\n<p>T11 1000m<br \/>\n1. <strong>Maija Boren LieksU 3.49,07<\/strong><br \/>\n2. Asta Riikonen PolvijU 3.49,11<\/p>\n<p>T11 seiv\u00e4s<br \/>\n1. <strong>Maija Boren LieksU 160<\/strong><br \/>\n2. Emmi Honkanen NurmSe 140<\/p>\n<p>P10 60m<br \/>\nLoppukilpailu<br \/>\nElmer Vauhkonen LapinlVe 9,18<br \/>\n1. V\u00e4in\u00f6 Kontkanen Pyh\u00e4sU 9,65<br \/>\n2. Miska Koistinen JoensKa 9,82<br \/>\n3. Otso Liimatta NurmSe 9,92<br \/>\n4. <strong>Eero Mauro LieksU 10,23<\/strong><br \/>\n5. Niko Rova JoensKa 10,39<br \/>\n6. Lauri R\u00e4s\u00e4nen Pyh\u00e4sU 10,51<br \/>\n7. Vertti Wetterstrand Pyh\u00e4sU 10,85<\/p>\n<p>P10 60m<br \/>\nAlkuer\u00e4t:<br \/>\nEr\u00e4 2: -3,0<br \/>\n1. <strong>Eero Mauro LieksU 10,09<\/strong><br \/>\n2. Vertti Wetterstrand Pyh\u00e4sU 10,63<br \/>\n3. Niilo K\u00e4yhk\u00f6 JoensKa 10,69<br \/>\n4. Mico R\u00e4ty Pyh\u00e4sU 10,75<br \/>\n5. Niklas Kuusela KiihtU 10,80<br \/>\n6. Joona Turunen JoensKa 11,37<\/p>\n<p>P10 korkeus<br \/>\n1. Niko Rova JoensKa 127<br \/>\n2. Roope Maaninka Pyh\u00e4sU 120<br \/>\n3. <strong>Aarni Nyblom LieksU 115<\/strong><br \/>\n4. Niilo K\u00e4yhk\u00f6 JoensKa 110<br \/>\n5. Mauri Karttunen PolvijU 95<\/p>\n<p>P10 kiekko<br \/>\n1. Eeli Kinnunen JoensKa 22,38<br \/>\n2. Roope Maaninka Pyh\u00e4sU 19,02<br \/>\n<strong>Aarni Nyblom LieksU 14,23<\/strong><br \/>\n3. Viljami Lepp\u00e4nen JoensKa 13,32<br \/>\nNiklas Kuusela KiihtU NM<br \/>\nIsko Kovanen SavonlRie NM<\/p>\n<p>T10 60m<br \/>\n1. Sesilia Jolkkonen PolvijU 10,22<br \/>\n2. <strong>Aino Pyykk\u00f6 LieksU 10,26<\/strong><br \/>\n3. Peppi Nuutinen JoensKa 10,37<br \/>\n4. Riikka Jokinen Pyh\u00e4sU 10,38<br \/>\n5. Krista Karttunen PolvijU 10,96<br \/>\n6. Nea Rova JoensKa 11,09<br \/>\n7. Moona Kukkonen JuuanU 11,22<\/p>\n<p>T10 seiv\u00e4s<br \/>\n1. <strong>Aino Pyykk\u00f6 LieksU 150<\/strong><\/p>\n<p>P9 miniottelu (40m + korkeus)<br \/>\n1. Niklas Nykyri JoensKa 436 6,95 &#8211; 112<br \/>\n2. Eeli Mustonen JoensKa 300 7,45 &#8211; 100<br \/>\n3. Niklas Hyv\u00e4rinen PolvijU 234 7,70 &#8211; 90<br \/>\n4. Topias Mustonen JoensKa 224 8,00 &#8211; 95<br \/>\n5. <strong>Touko Nyblom LieksU 181 8,12 &#8211; 85<\/strong><\/p>\n<p>P9 miniottelu (1000m + korkeus)<br \/>\n1. Anton Kettunen JoensKa 361 3.50,46 &#8211; 105<br \/>\n2. Eeli Mustonen JoensKa 287 4.06,68 &#8211; 100<br \/>\n3. <strong>Kalle Boren LieksU 252 4.12,49 &#8211; 95<\/strong><br \/>\n4. Tatu Rantala PolvijU 249 4.13,80 &#8211; 95<br \/>\n5. Topias Mustonen JoensKa 203 4.38,86 &#8211; 95<br \/>\nAku Alastalo Pyh\u00e4sU DNF DNS &#8211; 100<\/p>\n<p>P9 40m<br \/>\nElmer Vauhkonen LapinlVe 6,38<br \/>\n1. Santeri Kekarainen JoensKa 6,55<br \/>\n2. Niklas Nykyri JoensKa 6,95<br \/>\n3. Anton Tallus Pyh\u00e4sU 7,18<br \/>\n4. Anton Kettunen JoensKa 7,41<br \/>\n5. Eeli Mustonen JoensKa 7,45<br \/>\n6. Tatu Rantala PolvijU 7,60<br \/>\n7. Niklas Hyv\u00e4rinen PolvijU 7,70<br \/>\n8. Topias Mustonen JoensKa 8,00<br \/>\n9. Luca R\u00e4ty Pyh\u00e4sU 8,01<br \/>\n10. <strong>Touko Nyblom LieksU 8,12<\/strong><br \/>\n11. Juho Hyttinen JuuanU 8,66<br \/>\n12. Viljami Nuutinen JoensKa 9,66<\/p>\n<p>P9 1000m<br \/>\nElmer Vauhkonen LapinlVe 3.34,07<br \/>\n1. Santeri Kekarainen JoensKa 3.45,17<br \/>\n2. Anton Kettunen JoensKa 3.50,46<br \/>\n3. Anton Tallus Pyh\u00e4sU 3.53,12<br \/>\n4. Niklas Nykyri JoensKa 3.53,16<br \/>\n5. Eeli Mustonen JoensKa 4.06,68<br \/>\n6. <strong>Kalle Boren LieksU 4.12,49<\/strong><br \/>\n7. Tatu Rantala PolvijU 4.13,80<br \/>\n8. Viljami Nuutinen JoensKa 4.16,19<br \/>\n9. Luca R\u00e4ty Pyh\u00e4sU 4.19,24<br \/>\n10. Topias Mustonen JoensKa 4.38,86<br \/>\n11. Juho Hyttinen JuuanU 5.19,51<\/p>\n<p>P9 korkeus<br \/>\n1. Niklas Nykyri JoensKa 112<br \/>\n2. Anton Kettunen JoensKa 105<br \/>\n3. Eeli Mustonen JoensKa 100<br \/>\n4. Aku Alastalo Pyh\u00e4sU 100<br \/>\n5. Topias Mustonen JoensKa 95<br \/>\n6. Tatu Rantala PolvijU 95<br \/>\n7. <strong>Kalle Boren LieksU 95<\/strong><br \/>\n8. Niklas Hyv\u00e4rinen PolvijU 90<br \/>\n9. <strong>Touko Nyblom LieksU 85<\/strong><\/p>\n","protected":false},"excerpt":{"rendered":"<p>8.8.2015 Joensuu P15 100m Tuuli: -3,9 1. Eeki Kokkonen LieksU 13,17 2. Miikka Mutanen PolvijU 13,74 P15 korkeus 1. Eeki Kokkonen LieksU 170 2. Aki Mutanen OutokPa 165 T15 100m Tuuli: -3,5 Sara Francis KiuruvU 13,00 Silja Kempas LieksU 13,33 1. Kaisa-Liisa Kainulainen JoensKa 14,21 2. Nina Mutanen JoensKa 14,41 &hellip;<\/p>\n","protected":false},"author":3,"featured_media":0,"parent":2811,"menu_order":21,"comment_status":"closed","ping_status":"closed","template":"","meta":{"footnotes":""},"categories":[14,48,42,34,38,39,32,31,47,26,7,23],"tags":[],"class_list":["post-3807","page","type-page","status-publish","hentry","category-aarninyblom","category-adapakarinen","category-ainopyykko","category-hetakettunen","category-lottamartikainen","category-maijaboren","category-millamartikainen","category-riinakettunen","category-satuliimatta","category-siljakempas","category-tulokset","category-venlakettunen"],"_links":{"self":[{"href":"https:\/\/www.lieksanurheilijat.com\/index.php?rest_route=\/wp\/v2\/pages\/3807","targetHints":{"allow":["GET"]}}],"collection":[{"href":"https:\/\/www.lieksanurheilijat.com\/index.php?rest_route=\/wp\/v2\/pages"}],"about":[{"href":"https:\/\/www.lieksanurheilijat.com\/index.php?rest_route=\/wp\/v2\/types\/page"}],"author":[{"embeddable":true,"href":"https:\/\/www.lieksanurheilijat.com\/index.php?rest_route=\/wp\/v2\/users\/3"}],"replies":[{"embeddable":true,"href":"https:\/\/www.lieksanurheilijat.com\/index.php?rest_route=%2Fwp%2Fv2%2Fcomments&post=3807"}],"version-history":[{"count":1,"href":"https:\/\/www.lieksanurheilijat.com\/index.php?rest_route=\/wp\/v2\/pages\/3807\/revisions"}],"predecessor-version":[{"id":3808,"href":"https:\/\/www.lieksanurheilijat.com\/index.php?rest_route=\/wp\/v2\/pages\/3807\/revisions\/3808"}],"up":[{"embeddable":true,"href":"https:\/\/www.lieksanurheilijat.com\/index.php?rest_route=\/wp\/v2\/pages\/2811"}],"wp:attachment":[{"href":"https:\/\/www.lieksanurheilijat.com\/index.php?rest_route=%2Fwp%2Fv2%2Fmedia&parent=3807"}],"wp:term":[{"taxonomy":"category","embeddable":true,"href":"https:\/\/www.lieksanurheilijat.com\/index.php?rest_route=%2Fwp%2Fv2%2Fcategories&post=3807"},{"taxonomy":"post_tag","embeddable":true,"href":"https:\/\/www.lieksanurheilijat.com\/index.php?rest_route=%2Fwp%2Fv2%2Ftags&post=3807"}],"curies":[{"name":"wp","href":"https:\/\/api.w.org\/{rel}","templated":true}]}}