{"id":3412,"date":"2015-06-30T23:10:47","date_gmt":"2015-06-30T20:10:47","guid":{"rendered":"https:\/\/www.lieksanurheilijat.com\/?page_id=3412"},"modified":"2015-07-08T10:41:38","modified_gmt":"2015-07-08T07:41:38","slug":"9-15-vuotiaiden-pm-viestit","status":"publish","type":"page","link":"https:\/\/www.lieksanurheilijat.com\/?page_id=3412","title":{"rendered":"9-15-vuotiaiden PM-viestit"},"content":{"rendered":"<p>Kiihtelysvaara<br \/>\n30.6.2015<\/p>\n<p>T15 4 x 100 m<\/p>\n<p>1 Lieksan Urheilijat 56,32<br \/>\nHeta Kettunen, Ada Pakarinen, Satu Liimatta, Riina Kettunen<\/p>\n<p>2 Pyh\u00e4sel\u00e4n Urheilijat 57,30<br \/>\nAmanda Oittinen, Kati Nuutinen, Pinja Hulkko, Jutta Nuutinen<\/p>\n<p>3 Tuupovaaran Urheilijat 63,50<br \/>\nNoora Kosonen, Noora Juutinen, Pilvi Turunen, Tuuli Turunen<\/p>\n<p>4 Joensuun Kataja 65,28<br \/>\nNina Mutanen, Kaisa-Liisa Kainulainen, Jenna Riikonen, Petra V\u00e4\u00e4n\u00e4nen<\/p>\n","protected":false},"excerpt":{"rendered":"<p>Kiihtelysvaara 30.6.2015 T15 4 x 100 m 1 Lieksan Urheilijat 56,32 Heta Kettunen, Ada Pakarinen, Satu Liimatta, Riina Kettunen 2 Pyh\u00e4sel\u00e4n Urheilijat 57,30 Amanda Oittinen, Kati Nuutinen, Pinja Hulkko, Jutta Nuutinen 3 Tuupovaaran Urheilijat 63,50 Noora Kosonen, Noora Juutinen, Pilvi Turunen, Tuuli Turunen 4 Joensuun Kataja 65,28 Nina Mutanen, Kaisa-Liisa &hellip;<\/p>\n","protected":false},"author":2,"featured_media":0,"parent":2811,"menu_order":39,"comment_status":"closed","ping_status":"closed","template":"","meta":{"footnotes":""},"categories":[48,34,31,47,7],"tags":[],"class_list":["post-3412","page","type-page","status-publish","hentry","category-adapakarinen","category-hetakettunen","category-riinakettunen","category-satuliimatta","category-tulokset"],"_links":{"self":[{"href":"https:\/\/www.lieksanurheilijat.com\/index.php?rest_route=\/wp\/v2\/pages\/3412","targetHints":{"allow":["GET"]}}],"collection":[{"href":"https:\/\/www.lieksanurheilijat.com\/index.php?rest_route=\/wp\/v2\/pages"}],"about":[{"href":"https:\/\/www.lieksanurheilijat.com\/index.php?rest_route=\/wp\/v2\/types\/page"}],"author":[{"embeddable":true,"href":"https:\/\/www.lieksanurheilijat.com\/index.php?rest_route=\/wp\/v2\/users\/2"}],"replies":[{"embeddable":true,"href":"https:\/\/www.lieksanurheilijat.com\/index.php?rest_route=%2Fwp%2Fv2%2Fcomments&post=3412"}],"version-history":[{"count":5,"href":"https:\/\/www.lieksanurheilijat.com\/index.php?rest_route=\/wp\/v2\/pages\/3412\/revisions"}],"predecessor-version":[{"id":3446,"href":"https:\/\/www.lieksanurheilijat.com\/index.php?rest_route=\/wp\/v2\/pages\/3412\/revisions\/3446"}],"up":[{"embeddable":true,"href":"https:\/\/www.lieksanurheilijat.com\/index.php?rest_route=\/wp\/v2\/pages\/2811"}],"wp:attachment":[{"href":"https:\/\/www.lieksanurheilijat.com\/index.php?rest_route=%2Fwp%2Fv2%2Fmedia&parent=3412"}],"wp:term":[{"taxonomy":"category","embeddable":true,"href":"https:\/\/www.lieksanurheilijat.com\/index.php?rest_route=%2Fwp%2Fv2%2Fcategories&post=3412"},{"taxonomy":"post_tag","embeddable":true,"href":"https:\/\/www.lieksanurheilijat.com\/index.php?rest_route=%2Fwp%2Fv2%2Ftags&post=3412"}],"curies":[{"name":"wp","href":"https:\/\/api.w.org\/{rel}","templated":true}]}}