{"id":3275,"date":"2015-06-07T20:27:31","date_gmt":"2015-06-07T17:27:31","guid":{"rendered":"https:\/\/www.lieksanurheilijat.com\/?page_id=3275"},"modified":"2015-06-07T20:27:31","modified_gmt":"2015-06-07T17:27:31","slug":"hannes-junior-games-2-paiva","status":"publish","type":"page","link":"https:\/\/www.lieksanurheilijat.com\/?page_id=3275","title":{"rendered":"Hannes Junior Games 2. p\u00e4iv\u00e4"},"content":{"rendered":"<p>7.6.2015<br \/>\nKuopio<\/p>\n<p>T13 Seiv\u00e4s<br \/>\n1. Neea K\u00e4yhk\u00f6 250<br \/>\n2. <strong>Milla Martikainen LieksU 210<\/strong><\/p>\n<p>T13 Kuula<br \/>\n1. Maria Per\u00e4l\u00e4 IisVi 9,46<br \/>\n2. Riia Toivanen JuankKuo 9,19<br \/>\n3. <strong>Milla Martikainen LieksU 8,63<\/strong><br \/>\n4. Viivi Lukin KuopRei 6,83<br \/>\nViivi P\u00e4\u00e4kk\u00f6nen KuopRei DNS<\/p>\n<p>N17 Korkeus<br \/>\n1. <strong>Moona Kokkonen LieksU 160<\/strong><br \/>\n2. Laura Ollikainen VarkKV 155<br \/>\n2. Sofia Heikonen VeitsilKV 155<br \/>\n4. Johanna Sepp\u00e4nen VarkKV 140<\/p>\n","protected":false},"excerpt":{"rendered":"<p>7.6.2015 Kuopio T13 Seiv\u00e4s 1. Neea K\u00e4yhk\u00f6 250 2. Milla Martikainen LieksU 210 T13 Kuula 1. Maria Per\u00e4l\u00e4 IisVi 9,46 2. Riia Toivanen JuankKuo 9,19 3. Milla Martikainen LieksU 8,63 4. Viivi Lukin KuopRei 6,83 Viivi P\u00e4\u00e4kk\u00f6nen KuopRei DNS N17 Korkeus 1. Moona Kokkonen LieksU 160 2. Laura Ollikainen VarkKV &hellip;<\/p>\n","protected":false},"author":3,"featured_media":0,"parent":2811,"menu_order":51,"comment_status":"closed","ping_status":"closed","template":"","meta":{"footnotes":""},"categories":[32,7],"tags":[],"class_list":["post-3275","page","type-page","status-publish","hentry","category-millamartikainen","category-tulokset"],"_links":{"self":[{"href":"https:\/\/www.lieksanurheilijat.com\/index.php?rest_route=\/wp\/v2\/pages\/3275","targetHints":{"allow":["GET"]}}],"collection":[{"href":"https:\/\/www.lieksanurheilijat.com\/index.php?rest_route=\/wp\/v2\/pages"}],"about":[{"href":"https:\/\/www.lieksanurheilijat.com\/index.php?rest_route=\/wp\/v2\/types\/page"}],"author":[{"embeddable":true,"href":"https:\/\/www.lieksanurheilijat.com\/index.php?rest_route=\/wp\/v2\/users\/3"}],"replies":[{"embeddable":true,"href":"https:\/\/www.lieksanurheilijat.com\/index.php?rest_route=%2Fwp%2Fv2%2Fcomments&post=3275"}],"version-history":[{"count":1,"href":"https:\/\/www.lieksanurheilijat.com\/index.php?rest_route=\/wp\/v2\/pages\/3275\/revisions"}],"predecessor-version":[{"id":3276,"href":"https:\/\/www.lieksanurheilijat.com\/index.php?rest_route=\/wp\/v2\/pages\/3275\/revisions\/3276"}],"up":[{"embeddable":true,"href":"https:\/\/www.lieksanurheilijat.com\/index.php?rest_route=\/wp\/v2\/pages\/2811"}],"wp:attachment":[{"href":"https:\/\/www.lieksanurheilijat.com\/index.php?rest_route=%2Fwp%2Fv2%2Fmedia&parent=3275"}],"wp:term":[{"taxonomy":"category","embeddable":true,"href":"https:\/\/www.lieksanurheilijat.com\/index.php?rest_route=%2Fwp%2Fv2%2Fcategories&post=3275"},{"taxonomy":"post_tag","embeddable":true,"href":"https:\/\/www.lieksanurheilijat.com\/index.php?rest_route=%2Fwp%2Fv2%2Ftags&post=3275"}],"curies":[{"name":"wp","href":"https:\/\/api.w.org\/{rel}","templated":true}]}}