{"id":2907,"date":"2015-02-28T07:06:32","date_gmt":"2015-02-28T05:06:32","guid":{"rendered":"https:\/\/www.lieksanurheilijat.com\/?page_id=2907"},"modified":"2015-03-02T07:21:38","modified_gmt":"2015-03-02T05:21:38","slug":"2907-2","status":"publish","type":"page","link":"https:\/\/www.lieksanurheilijat.com\/?page_id=2907","title":{"rendered":"Keih\u00e4\u00e4n talvimestaruuskilpailut"},"content":{"rendered":"<p>28.2.2015<br \/>\nTampere<\/p>\n<p>T13 Keih\u00e4s<\/p>\n<p>1. Pinja Kianta LempKi 40,03<br \/>\n2. <strong>Milla Martikainen LieksU 35,85<\/strong><br \/>\n3. Peppi Koppanen TammRy 34,63<br \/>\n4. Wilma Sundqvist IFKraft 33,58<br \/>\n5. Moona Makkonen KerimU 33,32<br \/>\n6. Elin K\u00e4llberg IFFemman 33,05<br \/>\n7. Viivi Raatikainen ViitVie 32,21<br \/>\n8. Charlotta Pettersson NoormNo 31,10<br \/>\n9. Annukka Vainonen IitPy 28,52<br \/>\n10. Eerika P\u00f6lkky Sein\u00e4jSU 28,01<br \/>\n11. Janina Laine KerimU 27,61<br \/>\n12. Henna Salminen TammRy 27,23<br \/>\n13. Vivian Suominen L\u00e4nsiUU 26,66<br \/>\n14. Viola Pennanen LempKi 26,08<br \/>\n15. Venla Toivola HyvsU 25,07<br \/>\n16. Anette Eskeli Sein\u00e4jSU 24,65<br \/>\n17. <strong>Heta Kettunen LieksU 24,55<\/strong><br \/>\n18. Anne Pynn\u00f6nen HankasHa 24,43<br \/>\n19. Tinja Niemi V\u00e4h\u00e4nkVie 24,31<br \/>\n20. Sade Railevirta TampPy 24,23<br \/>\n21. Saga Vanninen TampPy 23,18<br \/>\n22. Veera Uusinoka TampPy 22,58<br \/>\n23. Iida Uosukainen EspTa 22,51<br \/>\n24. Henriikka P\u00f6lkky Sein\u00e4jSU 21,91<br \/>\n25. Nellinoora Maunula ViipU 21,77<br \/>\n26. Emilia Peltoheimo VirolSa 21,63<br \/>\n27. Alice Sundgren LaitJy 20,94<br \/>\n28. Meea Meronen KU-58 20,72<br \/>\n29. Viivi Lundberg TampPy 16,39<br \/>\n30. Iida Luoma TampPy 11,81<br \/>\nVenny Lundberg TampPy DNS<\/p>\n<p>T13 Keih\u00e4s joukkuekilpailu<br \/>\n1. Kerim\u00e4en Urheilijat 60,93<br \/>\nMoona Makkonen 33,32 5<br \/>\nJanina Laine 27,61 11<br \/>\n2. Tammelan Ryske 60,68<br \/>\nPeppi Koppanen 33,45 4<br \/>\nHenna Salminen 27,23 12<br \/>\n3. Lemp\u00e4\u00e4l\u00e4n Kisa 60,31<br \/>\nPinja Kianta 34,23 2<br \/>\nViola Pennanen 26,08 14<br \/>\n4. <strong>Lieksan Urheilijat 59,84<\/strong><br \/>\nMilla Martikainen 35,29 1<br \/>\nHeta Kettunen 24,55 17<br \/>\n5. Sein\u00e4joen Seudun Urheilijat 52,66<br \/>\nEerika P\u00f6lkky 28,01 10<br \/>\nAnette Eskeli 24,65 16<br \/>\n6. Tampereen Pyrint\u00f6 47,41<br \/>\nSade Railevirta 24,23 20<br \/>\nSaga Vanninen 23,18 21<br \/>\n7. Tampereen Pyrint\u00f6 38,97<br \/>\nVeera Uusinoka 22,58 22<br \/>\nViivi Lundberg 16,39 29<\/p>\n","protected":false},"excerpt":{"rendered":"<p>28.2.2015 Tampere T13 Keih\u00e4s 1. Pinja Kianta LempKi 40,03 2. Milla Martikainen LieksU 35,85 3. Peppi Koppanen TammRy 34,63 4. Wilma Sundqvist IFKraft 33,58 5. Moona Makkonen KerimU 33,32 6. Elin K\u00e4llberg IFFemman 33,05 7. Viivi Raatikainen ViitVie 32,21 8. Charlotta Pettersson NoormNo 31,10 9. Annukka Vainonen IitPy 28,52 10. &hellip;<\/p>\n","protected":false},"author":3,"featured_media":0,"parent":2811,"menu_order":64,"comment_status":"closed","ping_status":"closed","template":"","meta":{"footnotes":""},"categories":[34,32,7],"tags":[],"class_list":["post-2907","page","type-page","status-publish","hentry","category-hetakettunen","category-millamartikainen","category-tulokset"],"_links":{"self":[{"href":"https:\/\/www.lieksanurheilijat.com\/index.php?rest_route=\/wp\/v2\/pages\/2907","targetHints":{"allow":["GET"]}}],"collection":[{"href":"https:\/\/www.lieksanurheilijat.com\/index.php?rest_route=\/wp\/v2\/pages"}],"about":[{"href":"https:\/\/www.lieksanurheilijat.com\/index.php?rest_route=\/wp\/v2\/types\/page"}],"author":[{"embeddable":true,"href":"https:\/\/www.lieksanurheilijat.com\/index.php?rest_route=\/wp\/v2\/users\/3"}],"replies":[{"embeddable":true,"href":"https:\/\/www.lieksanurheilijat.com\/index.php?rest_route=%2Fwp%2Fv2%2Fcomments&post=2907"}],"version-history":[{"count":2,"href":"https:\/\/www.lieksanurheilijat.com\/index.php?rest_route=\/wp\/v2\/pages\/2907\/revisions"}],"predecessor-version":[{"id":2911,"href":"https:\/\/www.lieksanurheilijat.com\/index.php?rest_route=\/wp\/v2\/pages\/2907\/revisions\/2911"}],"up":[{"embeddable":true,"href":"https:\/\/www.lieksanurheilijat.com\/index.php?rest_route=\/wp\/v2\/pages\/2811"}],"wp:attachment":[{"href":"https:\/\/www.lieksanurheilijat.com\/index.php?rest_route=%2Fwp%2Fv2%2Fmedia&parent=2907"}],"wp:term":[{"taxonomy":"category","embeddable":true,"href":"https:\/\/www.lieksanurheilijat.com\/index.php?rest_route=%2Fwp%2Fv2%2Fcategories&post=2907"},{"taxonomy":"post_tag","embeddable":true,"href":"https:\/\/www.lieksanurheilijat.com\/index.php?rest_route=%2Fwp%2Fv2%2Ftags&post=2907"}],"curies":[{"name":"wp","href":"https:\/\/api.w.org\/{rel}","templated":true}]}}