{"id":2809,"date":"2015-01-24T23:49:22","date_gmt":"2015-01-24T21:49:22","guid":{"rendered":"https:\/\/www.lieksanurheilijat.com\/?page_id=2809"},"modified":"2015-01-25T16:37:13","modified_gmt":"2015-01-25T14:37:13","slug":"pm-hallit","status":"publish","type":"page","link":"https:\/\/www.lieksanurheilijat.com\/?page_id=2809","title":{"rendered":"Pm-hallit 1. p\u00e4iv\u00e4"},"content":{"rendered":"<p>24.1.2015<br \/>\nJoensuu<\/p>\n<p>P15 60m<br \/>\n1 <strong>Eeki Kokkonen Lieksan Urheilijat 8,06<\/strong><br \/>\n2 Kaapo Kolari Varkauden Kentt\u00e4-Veikot 8,35<br \/>\n3 Alan Aniskevich Pyh\u00e4sel\u00e4n Urheilijat 8,98<\/p>\n<p>P15 korkeus<br \/>\n1 Alan Aniskevich Pyh\u00e4sel\u00e4n Urheilijat 159<br \/>\n2 <strong>Eeki Kokkonen Lieksan Urheilijat 159<\/strong><br \/>\n3 Lauri Hautamaa Varkauden Kentt\u00e4-Veikot 153<br \/>\n4 Elias Kortelainen Nurmeksen Sepot 145<\/p>\n<p>P14 60m alkuer\u00e4t<br \/>\nEr\u00e4 2:<br \/>\n1 Eetu Kumpulainen Kuopion Reipas 8,04<br \/>\n2 Albert Vauhkonen Lapinlahden Veto 8,25<br \/>\n3 <strong>Simo N\u00e4ykki Lieksan Urheilijat 8,29<\/strong><br \/>\n4 Teemu Malinen Pyh\u00e4sel\u00e4n Urheilijat 8,40<br \/>\n5 Miikkael Ahponen Pyh\u00e4sel\u00e4n Urheilijat 8,75<br \/>\nPaavo Pennanen Mutalan Riento DNS<br \/>\nEemil Kokkonen Kuopion Reipas DNS<br \/>\nJuho Savolainen Kuopion Reipas DNS<\/p>\n<p>P14 60m loppukilpailu:<br \/>\n1 Eetu Kumpulainen Kuopion Reipas 8,05<br \/>\n2 Albert Vauhkonen Lapinlahden Veto 8,15<br \/>\n3 <strong>Simo N\u00e4ykki Lieksan Urheilijat 8,29<\/strong><br \/>\n4 Teemu Malinen Pyh\u00e4sel\u00e4n Urheilijat 8,41<br \/>\n5 Santtu R\u00e4s\u00e4nen Joensuun Kataja 8,63<br \/>\n6 Miikkael Ahponen Pyh\u00e4sel\u00e4n Urheilijat 8,63<\/p>\n<p>P14 korkeus<br \/>\n1 <strong>Simo N\u00e4ykki Lieksan Urheilijat 156<\/strong><br \/>\nEemil Kokkonen Kuopion Reipas DNS<\/p>\n<p>P10 1000m<br \/>\n1 V\u00e4in\u00f6 Kontkanen Pyh\u00e4sel\u00e4n Urheilijat 3.32,59<br \/>\n2 Tarmo Laitinen Pyh\u00e4sel\u00e4n Urheilijat 4.14,41<br \/>\n3 <strong>Aarni Nyblom Lieksan Urheilijat 4.14,88<\/strong><\/p>\n<p>P10 pituus<br \/>\n1 Otso Liimatta Nurmeksen Sepot 399<br \/>\n2 V\u00e4in\u00f6 Kontkanen Pyh\u00e4sel\u00e4n Urheilijat 373<br \/>\n3 <strong>Aarni Nyblom Lieksan Urheilijat 344<\/strong><br \/>\n4 Lauri R\u00e4s\u00e4nen Pyh\u00e4sel\u00e4n Urheilijat 340<br \/>\n5 Roope Maaninka Pyh\u00e4sel\u00e4n Urheilijat 335<br \/>\n6 Eeli Kinnunen Joensuun Kataja 322<br \/>\n7 Tarmo Laitinen Pyh\u00e4sel\u00e4n Urheilijat 320<br \/>\n8 Niklas Kuusela Kiihtelysvaaran Urheilijat 312<br \/>\n9 Mauri Karttunen Polvij\u00e4rven Urheilijat 303<br \/>\n10 Joona Turunen Joensuun Kataja 295<\/p>\n<p>P10 kuula<br \/>\n1 Eeli Kinnunen Joensuun Kataja 6,63<br \/>\n2 <strong>Aarni Nyblom Lieksan Urheilijat 6,57<\/strong><br \/>\n3 Tarmo Laitinen Pyh\u00e4sel\u00e4n Urheilijat 5,53<br \/>\n4 Vertti Wetterstrand Pyh\u00e4sel\u00e4n Urheilijat 5,32<br \/>\nOtso Liimatta Nurmeksen Sepot DNS<\/p>\n<p>P9 40m alkuer\u00e4t<br \/>\nEr\u00e4 2:<br \/>\n1 Santeri Kekarainen Joensuun Kataja 6,87<br \/>\n2 Akseli Laitila Pyh\u00e4sel\u00e4n Urheilijat 7,63<br \/>\n3 Tatu Rantala Polvij\u00e4rven Urheilijat 7,68<br \/>\n4 Niklas Hyv\u00e4rinen Polvij\u00e4rven Urheilijat 7,69<br \/>\n5 <strong>Touko Nyblom Lieksan Urheilijat 8,04<\/strong><br \/>\n6 Topias Mustonen Joensuun Kataja 8,19<\/p>\n<p>N19 korkeus<br \/>\n1 Anni Kaukola Kuopion Reipas 155<br \/>\n2 Ilona Mannonen Varkauden Kentt\u00e4-Veikot 145<br \/>\n3 <strong>Eveliina Ryyn\u00e4nen Lieksan Urheilijat 145<\/strong><br \/>\nAnnika Luukkainen Savonlinnan Riento DNS<\/p>\n<p>N17 60m alkuer\u00e4t<br \/>\nEr\u00e4 2:<br \/>\n1 Laura Ollikainen Varkauden Kentt\u00e4-Veikot 8,10<br \/>\n2 Juulia Julkunen Kuopion Reipas 8,21<br \/>\n3 Laura Risto Kuopion Reipas 8,43<br \/>\n4 <strong>Moona Kokkonen Lieksan Urheilijat 8,57<\/strong><br \/>\n5 Vilja Hautamaa Varkauden Kentt\u00e4-Veikot 8,92<\/p>\n<p>N17 korkeus<br \/>\n1 <strong>Moona Kokkonen Lieksan Urheilijat 155<\/strong><br \/>\nIlona Ik\u00e4heimo Kuopion Reipas DNS<\/p>\n<p>T14 60m alkuer\u00e4t<br \/>\nEr\u00e4 1:<br \/>\n1 <strong>Riina Kettunen Lieksan Urheilijat 8,84<\/strong><br \/>\n2 <strong>Ada Pakarinen Lieksan Urheilijat 8,92<\/strong><br \/>\n3 Lumi K\u00e4rkk\u00e4inen Joensuun Kataja 9,13<br \/>\n4 Neea Liimatta Pyh\u00e4sel\u00e4n Urheilijat 9,27<br \/>\n5 Anna Hirvonen Kuopion Reipas 9,61<\/p>\n<p>T14 60m loppukilpailu:<br \/>\n1 <strong>Riina Kettunen Lieksan Urheilijat 8,74<\/strong><br \/>\n2 <strong>Ada Pakarinen Lieksan Urheilijat 8,81<\/strong><br \/>\n3 Jenna Riikonen Joensuun Kataja 8,96<br \/>\n4 Veera Vastam\u00e4ki Joensuun Kataja 8,96<br \/>\n5 Riikka Lonkainen Joensuun Kataja 9,09<br \/>\n6 Lumi K\u00e4rkk\u00e4inen Joensuun Kataja 9,14<\/p>\n<p>T14 3-loikka<br \/>\n1 Jenna Riikonen Joensuun Kataja 9,80<br \/>\n2 <strong>Riina Kettunen Lieksan Urheilijat 9,77<\/strong><br \/>\n3 Henni Sipola Iisalmen Visa 8,42<br \/>\n4 Tuuli Turunen Tuupovaaran Urheilijat 8,41<br \/>\nVeera Vastam\u00e4ki Joensuun Kataja DNS<\/p>\n<p>T13 60m alkuer\u00e4t<br \/>\nEr\u00e4 2:<br \/>\n1 Milla Pirkkalainen Savonlinnan Riento 8,91<br \/>\n2 Neea K\u00e4yhk\u00f6 Savonlinnan Riento 9,09<br \/>\n3 Petra Lappalainen Joensuun Kataja 9,28<br \/>\n4 <strong>Satu Liimatta Lieksan Urheilijat 9,51<\/strong><br \/>\nMira Ylj\u00e4l\u00e4 Pyh\u00e4sel\u00e4n Urheilijat DNS<\/p>\n<p>T13 1000m<br \/>\n1 Ella Kainulainen Savonlinnan Riento 3.22,10<br \/>\n2 Veera Kontkanen Pyh\u00e4sel\u00e4n Urheilijat 3.22,78<br \/>\n3 <strong>Satu Liimatta Lieksan Urheilijat 3.32,33<\/strong><br \/>\n4 Niina Karttunen Savonlinnan Riento 3.48,35<br \/>\nKerttu R\u00e4s\u00e4nen Pyh\u00e4sel\u00e4n Urheilijat DNS<\/p>\n<p>T12 60m alkuer\u00e4t<br \/>\nEr\u00e4 1:<br \/>\n1 Jasmina Ven\u00e4l\u00e4inen Pyh\u00e4sel\u00e4n Urheilijat 9,10<br \/>\n2 Oona Majoinen Joensuun Kataja 9,32<br \/>\n3 Tiia Rantala Polvij\u00e4rven Urheilijat 9,60<br \/>\n4 Sini Rahkonen Viitasaaren Viesti 9,68<br \/>\n5 <strong>Riina Palviainen Lieksan Urheilijat 9,96<\/strong><\/p>\n<p>T12 korkeus<br \/>\n1 Netta-Noora Lappalainen Pyh\u00e4sel\u00e4n Urheilijat 128<br \/>\n2 <strong>Riina Palviainen Lieksan Urheilijat 128<\/strong><br \/>\n3 <strong>Heta Kettunen Lieksan Urheilijat 128<\/strong><br \/>\n4 Tiia Rantala Polvij\u00e4rven Urheilijat 128<br \/>\n5 Sini Lehikoinen Pyh\u00e4sel\u00e4n Urheilijat 128<br \/>\n6 Nea Immonen Joensuun Kataja 120<\/p>\n<p>T12 3-loikka<br \/>\n1 Aada Kokko Joensuun Kataja 8,54<br \/>\n2 Sini Lehikoinen Pyh\u00e4sel\u00e4n Urheilijat 8,39<br \/>\n3 Oona Majoinen Joensuun Kataja 8,19<br \/>\n4 Karla K\u00f6n\u00f6nen Pyh\u00e4sel\u00e4n Urheilijat 8,10<br \/>\n5 <strong>Heta Kettunen Lieksan Urheilijat 7,81<\/strong><br \/>\n6 Pilvi Turunen Tuupovaaran Urheilijat 7,38<br \/>\n7 Tiia Rantala Polvij\u00e4rven Urheilijat 6,78<br \/>\nPinja Saastamoinen Pyh\u00e4sel\u00e4n Urheilijat NM<\/p>\n","protected":false},"excerpt":{"rendered":"<p>24.1.2015 Joensuu P15 60m 1 Eeki Kokkonen Lieksan Urheilijat 8,06 2 Kaapo Kolari Varkauden Kentt\u00e4-Veikot 8,35 3 Alan Aniskevich Pyh\u00e4sel\u00e4n Urheilijat 8,98 P15 korkeus 1 Alan Aniskevich Pyh\u00e4sel\u00e4n Urheilijat 159 2 Eeki Kokkonen Lieksan Urheilijat 159 3 Lauri Hautamaa Varkauden Kentt\u00e4-Veikot 153 4 Elias Kortelainen Nurmeksen Sepot 145 P14 60m &hellip;<\/p>\n","protected":false},"author":3,"featured_media":0,"parent":2811,"menu_order":70,"comment_status":"closed","ping_status":"closed","template":"","meta":{"footnotes":""},"categories":[14,31,7],"tags":[],"class_list":["post-2809","page","type-page","status-publish","hentry","category-aarninyblom","category-riinakettunen","category-tulokset"],"_links":{"self":[{"href":"https:\/\/www.lieksanurheilijat.com\/index.php?rest_route=\/wp\/v2\/pages\/2809","targetHints":{"allow":["GET"]}}],"collection":[{"href":"https:\/\/www.lieksanurheilijat.com\/index.php?rest_route=\/wp\/v2\/pages"}],"about":[{"href":"https:\/\/www.lieksanurheilijat.com\/index.php?rest_route=\/wp\/v2\/types\/page"}],"author":[{"embeddable":true,"href":"https:\/\/www.lieksanurheilijat.com\/index.php?rest_route=\/wp\/v2\/users\/3"}],"replies":[{"embeddable":true,"href":"https:\/\/www.lieksanurheilijat.com\/index.php?rest_route=%2Fwp%2Fv2%2Fcomments&post=2809"}],"version-history":[{"count":5,"href":"https:\/\/www.lieksanurheilijat.com\/index.php?rest_route=\/wp\/v2\/pages\/2809\/revisions"}],"predecessor-version":[{"id":2822,"href":"https:\/\/www.lieksanurheilijat.com\/index.php?rest_route=\/wp\/v2\/pages\/2809\/revisions\/2822"}],"up":[{"embeddable":true,"href":"https:\/\/www.lieksanurheilijat.com\/index.php?rest_route=\/wp\/v2\/pages\/2811"}],"wp:attachment":[{"href":"https:\/\/www.lieksanurheilijat.com\/index.php?rest_route=%2Fwp%2Fv2%2Fmedia&parent=2809"}],"wp:term":[{"taxonomy":"category","embeddable":true,"href":"https:\/\/www.lieksanurheilijat.com\/index.php?rest_route=%2Fwp%2Fv2%2Fcategories&post=2809"},{"taxonomy":"post_tag","embeddable":true,"href":"https:\/\/www.lieksanurheilijat.com\/index.php?rest_route=%2Fwp%2Fv2%2Ftags&post=2809"}],"curies":[{"name":"wp","href":"https:\/\/api.w.org\/{rel}","templated":true}]}}