{"id":2622,"date":"2014-09-03T22:47:28","date_gmt":"2014-09-03T19:47:28","guid":{"rendered":"https:\/\/www.lieksanurheilijat.com\/?page_id=2622"},"modified":"2014-09-04T07:49:41","modified_gmt":"2014-09-04T04:49:41","slug":"matin-kuntokymppi","status":"publish","type":"page","link":"https:\/\/www.lieksanurheilijat.com\/?page_id=2622","title":{"rendered":"Matin kuntokymppi"},"content":{"rendered":"<p>3.9.2014<br \/>\nLieksa<\/p>\n<p>MIEHET YLEINEN<br \/>\n1 Simo H\u00e4m\u00e4l\u00e4inen Joensuu 37.07<br \/>\n2 Timo Korkalainen Joensuu 37.17<br \/>\n3 Aki Piiparinen LU 38.11<br \/>\n4 Niko Keronen Forrest Guuri, Lieksa 39.28<\/p>\n<p>MIEHET 40V<br \/>\n1 Heikki Halonen JuJ\u00e4 35.39<br \/>\n2 Ilkka Pekkarinen JuJ\u00e4 39.44<br \/>\n3 Arto Rokkonen Lieksan Visa 43.47<\/p>\n<p>MIEHET 50V<br \/>\n1 Esko Lintunen Sulkaman Kipin\u00e4 36.58<br \/>\n2 Pentti Eronen JuJ\u00e4 38.32<br \/>\n3 Jarmo Honkanen Pyh\u00e4sel\u00e4n Urheilijat 48.26<\/p>\n<p>MIEHET 60V<br \/>\n1 Toivo Penttinen Joensuu 41.54<br \/>\n2 Olavi Sarkkinen Lieksa 52.35<\/p>\n<p>MIEHET 80V<br \/>\n1 Matti Utriainen LU 76.02<\/p>\n<p>MIEHET KUNTOSARJA<br \/>\n1 Eero Gr\u00f6nlund Kitee 36.08<br \/>\n2 Toni Mikkonen Pielisen Karjalan tukkilaisperinne 38.19<br \/>\n3 Heikki Hujanen Lieksa 45.40<\/p>\n<p>NAISET 40V<br \/>\n1 Mari Kotilainen Lieksa 49.37<\/p>\n<p>NAISET KUNTOSARJA<br \/>\n1 Riikka Boren Lieksa 50.39<\/p>\n","protected":false},"excerpt":{"rendered":"<p>3.9.2014 Lieksa MIEHET YLEINEN 1 Simo H\u00e4m\u00e4l\u00e4inen Joensuu 37.07 2 Timo Korkalainen Joensuu 37.17 3 Aki Piiparinen LU 38.11 4 Niko Keronen Forrest Guuri, Lieksa 39.28 MIEHET 40V 1 Heikki Halonen JuJ\u00e4 35.39 2 Ilkka Pekkarinen JuJ\u00e4 39.44 3 Arto Rokkonen Lieksan Visa 43.47 MIEHET 50V 1 Esko Lintunen Sulkaman &hellip;<\/p>\n","protected":false},"author":3,"featured_media":0,"parent":312,"menu_order":9,"comment_status":"closed","ping_status":"closed","template":"","meta":{"footnotes":""},"categories":[7],"tags":[],"class_list":["post-2622","page","type-page","status-publish","hentry","category-tulokset"],"_links":{"self":[{"href":"https:\/\/www.lieksanurheilijat.com\/index.php?rest_route=\/wp\/v2\/pages\/2622","targetHints":{"allow":["GET"]}}],"collection":[{"href":"https:\/\/www.lieksanurheilijat.com\/index.php?rest_route=\/wp\/v2\/pages"}],"about":[{"href":"https:\/\/www.lieksanurheilijat.com\/index.php?rest_route=\/wp\/v2\/types\/page"}],"author":[{"embeddable":true,"href":"https:\/\/www.lieksanurheilijat.com\/index.php?rest_route=\/wp\/v2\/users\/3"}],"replies":[{"embeddable":true,"href":"https:\/\/www.lieksanurheilijat.com\/index.php?rest_route=%2Fwp%2Fv2%2Fcomments&post=2622"}],"version-history":[{"count":1,"href":"https:\/\/www.lieksanurheilijat.com\/index.php?rest_route=\/wp\/v2\/pages\/2622\/revisions"}],"predecessor-version":[{"id":2623,"href":"https:\/\/www.lieksanurheilijat.com\/index.php?rest_route=\/wp\/v2\/pages\/2622\/revisions\/2623"}],"up":[{"embeddable":true,"href":"https:\/\/www.lieksanurheilijat.com\/index.php?rest_route=\/wp\/v2\/pages\/312"}],"wp:attachment":[{"href":"https:\/\/www.lieksanurheilijat.com\/index.php?rest_route=%2Fwp%2Fv2%2Fmedia&parent=2622"}],"wp:term":[{"taxonomy":"category","embeddable":true,"href":"https:\/\/www.lieksanurheilijat.com\/index.php?rest_route=%2Fwp%2Fv2%2Fcategories&post=2622"},{"taxonomy":"post_tag","embeddable":true,"href":"https:\/\/www.lieksanurheilijat.com\/index.php?rest_route=%2Fwp%2Fv2%2Ftags&post=2622"}],"curies":[{"name":"wp","href":"https:\/\/api.w.org\/{rel}","templated":true}]}}