{"id":2584,"date":"2014-08-23T22:16:58","date_gmt":"2014-08-23T19:16:58","guid":{"rendered":"https:\/\/www.lieksanurheilijat.com\/?page_id=2584"},"modified":"2014-08-23T22:16:58","modified_gmt":"2014-08-23T19:16:58","slug":"16-17v-sm-kisat-2-paiva","status":"publish","type":"page","link":"https:\/\/www.lieksanurheilijat.com\/?page_id=2584","title":{"rendered":"16-17v SM-kisat 2. p\u00e4iv\u00e4"},"content":{"rendered":"<p>23.8.2014<br \/>\nKotka<\/p>\n<p>N16 Korkeus Loppukilpailu<\/p>\n<p>1. Ella Junnila 1998 JanJa 172<br \/>\n150 155 159 162 165 168 172 175<br \/>\n&#8211; &#8211; &#8211; O O O XXO XXX<br \/>\n2. Saara Puustinen 1998 ViitVie 165<br \/>\n150 155 159 162 165 168<br \/>\nO O O XXO XO XXX<br \/>\n3. <strong>Moona Kokkonen 1998 LieksU 162<\/strong><br \/>\n150 155 159 162 165<br \/>\nO O O XXO XXX<br \/>\n4. Pii Pankakoski 1998 HKV 162<br \/>\n150 155 159 162 165<br \/>\nO O XO XXO XXX<br \/>\n5. Pihla Tuominen 1998 MarttMu 155<br \/>\n150 155 159<br \/>\nO O XXX<br \/>\n5. Katri Mikkonen 1998 RaahVe 155<br \/>\n150 155 159<br \/>\nO O XXX<br \/>\n7. Minttu Rinne 1998 SaarijPu 155<br \/>\n150 155 159<br \/>\nO XO XXX<br \/>\n8. Emma Jyrkinen 1998 LappUM 155<br \/>\n150 155 159<br \/>\nXXO XO XXX<br \/>\n9. Tiia Gustafsson 1998 IFRaseb 155<br \/>\n150 155 159<br \/>\nO XXO XXX<br \/>\n10. Veera Tuominen 1998 KokemKV 155<br \/>\n150 155 159<br \/>\nXXO XXO XXX<br \/>\n11. Eerika P\u00f6yt\u00e4kangas 1998 Jyv\u00e4skKU 150<br \/>\n150 155<br \/>\nO XXX<br \/>\n12. Maija Marttila 1998 TampU 150<br \/>\n150 155<br \/>\nXO XXX<br \/>\n12. Laura Nurminen 1998 M\u00e4ntsU 150<br \/>\n150 155<br \/>\nXO XXX<br \/>\n12. Sofia Isolauri 1998 VehmKi 150<br \/>\n150 155<br \/>\nXO XXX<br \/>\nJanina Pyk\u00e4ri 1998 KeskiUYU NH<br \/>\n150<br \/>\nXXX<\/p>\n","protected":false},"excerpt":{"rendered":"<p>23.8.2014 Kotka N16 Korkeus Loppukilpailu 1. Ella Junnila 1998 JanJa 172 150 155 159 162 165 168 172 175 &#8211; &#8211; &#8211; O O O XXO XXX 2. Saara Puustinen 1998 ViitVie 165 150 155 159 162 165 168 O O O XXO XO XXX 3. Moona Kokkonen 1998 LieksU &hellip;<\/p>\n","protected":false},"author":3,"featured_media":0,"parent":312,"menu_order":13,"comment_status":"closed","ping_status":"closed","template":"","meta":{"footnotes":""},"categories":[7],"tags":[],"class_list":["post-2584","page","type-page","status-publish","hentry","category-tulokset"],"_links":{"self":[{"href":"https:\/\/www.lieksanurheilijat.com\/index.php?rest_route=\/wp\/v2\/pages\/2584","targetHints":{"allow":["GET"]}}],"collection":[{"href":"https:\/\/www.lieksanurheilijat.com\/index.php?rest_route=\/wp\/v2\/pages"}],"about":[{"href":"https:\/\/www.lieksanurheilijat.com\/index.php?rest_route=\/wp\/v2\/types\/page"}],"author":[{"embeddable":true,"href":"https:\/\/www.lieksanurheilijat.com\/index.php?rest_route=\/wp\/v2\/users\/3"}],"replies":[{"embeddable":true,"href":"https:\/\/www.lieksanurheilijat.com\/index.php?rest_route=%2Fwp%2Fv2%2Fcomments&post=2584"}],"version-history":[{"count":1,"href":"https:\/\/www.lieksanurheilijat.com\/index.php?rest_route=\/wp\/v2\/pages\/2584\/revisions"}],"predecessor-version":[{"id":2585,"href":"https:\/\/www.lieksanurheilijat.com\/index.php?rest_route=\/wp\/v2\/pages\/2584\/revisions\/2585"}],"up":[{"embeddable":true,"href":"https:\/\/www.lieksanurheilijat.com\/index.php?rest_route=\/wp\/v2\/pages\/312"}],"wp:attachment":[{"href":"https:\/\/www.lieksanurheilijat.com\/index.php?rest_route=%2Fwp%2Fv2%2Fmedia&parent=2584"}],"wp:term":[{"taxonomy":"category","embeddable":true,"href":"https:\/\/www.lieksanurheilijat.com\/index.php?rest_route=%2Fwp%2Fv2%2Fcategories&post=2584"},{"taxonomy":"post_tag","embeddable":true,"href":"https:\/\/www.lieksanurheilijat.com\/index.php?rest_route=%2Fwp%2Fv2%2Ftags&post=2584"}],"curies":[{"name":"wp","href":"https:\/\/api.w.org\/{rel}","templated":true}]}}