{"id":2545,"date":"2014-08-10T22:18:36","date_gmt":"2014-08-10T19:18:36","guid":{"rendered":"https:\/\/www.lieksanurheilijat.com\/?page_id=2545"},"modified":"2014-08-13T15:18:32","modified_gmt":"2014-08-13T12:18:32","slug":"pohjois-karjalan-9-15-vuotiaiden-pm-huipentuma-2-paiva","status":"publish","type":"page","link":"https:\/\/www.lieksanurheilijat.com\/?page_id=2545","title":{"rendered":"Pohjois-Karjalan 9-15-vuotiaiden pm-huipentuma 2. p\u00e4iv\u00e4"},"content":{"rendered":"<p>10.8.2014<br \/>\nOutokumpu<\/p>\n<p>P9 miniottelu (kuula+keih\u00e4s):<br \/>\n1. Topi Parviainen TuuU (6.52 + 24.87) 560<br \/>\n2. Eeli Kinnunen JoensKa (7.14 + 19.10) 515<br \/>\n3. Veikka Huttunen JuuU (6.87 + 19.93) 512<br \/>\n4. <strong>Aarni Nyblom LieksU (6.69 + 16.06) 451<\/strong><br \/>\n5. <strong>Miika Palviainen LieksU (5.83 + 16.15) 406<\/strong><br \/>\n6. Juho Hyttinen JuuU (5.56 +16.40) 396<br \/>\n6. <strong>Eero Mauro LieksU (5.73 + 15.75) 396<\/strong><br \/>\n8. Joona Turunen JoensKa (4.81 + 15.30) 343<br \/>\n9. Niilo K\u00e4yhk\u00f6 JoensKa (5.58 + 10.73) 326<br \/>\n10. Sami H\u00e4rk\u00f6nen PolvU (5.44 + 8.50) 293<br \/>\n11. Reko Tanninen JoensKa (4.08 + 11.09) 255<br \/>\n12. Topias Mustonen JoensKa (3.68 + 8.40) 204<\/p>\n<p>P9 miniottelu (kuula + pituus):<br \/>\n1. Otso Liimatta NuSe (6.98 + 354) 500<br \/>\n2. <strong>Aarni Nyblom LieksU (6.69 + 342) 467<\/strong><br \/>\n3. Viljami Lepp\u00e4nen JoensKa (6.28 + 295) 387<br \/>\n4. Lauri Kontkanen OkuP (5.66 + 305) 365<br \/>\n5. <strong>Eero Mauro LieksU (5.73 + 295) 358<\/strong><br \/>\n6. Eeli Mustonen JoensKa (5.36 + 301) 346<br \/>\n7. Mauri Karttunen PolvU (5.24 + 306) 345<br \/>\n8. Sami H\u00e4rk\u00f6nen PolvU (5.44 + 283) 330<br \/>\n9. Tatu Rantala PolvU (4.66 + 282) 289<br \/>\n10. Justus J\u00e4msen OkuP (4.89 + 255) 275<br \/>\n11. Akseli Laitila Pyh\u00e4sU (4.10 + 287) 267<br \/>\n12. Niklas Hyv\u00e4rinen PolvU (4.37 + 242) 238<\/p>\n<p>P9 Pituus<br \/>\n1 Otso Liimatta NurmSe 3.54<br \/>\n2 <strong>Aarni Nyblom LieksU 3.42\u00a0<\/strong><br \/>\n3 Niilo K\u00e4yhk\u00f6 JoensKa 3.11<br \/>\n4 Roope Maaninka Pyh\u00e4sU 3.07<br \/>\n5 Mauri Karttunen PolvijU 3.06<br \/>\n6 Lauri Kontkanen OutokPa 3.05<br \/>\n7 Eeli Mustonen JoensKa 3.01<br \/>\n8 Viljami Lepp\u00e4nen JoensKa 2.95<br \/>\n8 <strong>Eero Mauro LieksU 2.95<\/strong><br \/>\n10 Eeli Kinnunen JoensKa 2.94<br \/>\n11 Topi Parviainen TuupovU 2.92<br \/>\n12 Akseli Laitila Pyh\u00e4sU 2.87<br \/>\n13 Sami H\u00e4rk\u00f6nen PolvijU 2.83<br \/>\n14 Joona Turunen JoensKa 2.82<br \/>\n14 Tatu Rantala PolvijU 2.82<br \/>\n16 Justus J\u00e4msen OutokPa 2.55<br \/>\n17 Topias Mustonen JoensKa 2.49<br \/>\n18 Niklas Hyv\u00e4rinen PolvijU 2.42<\/p>\n<p>P9 Kuula<br \/>\n1. Eeli Kinnunen JoensKa 7,14<br \/>\n2. Otso Liimatta NurmSe 6,98<br \/>\n3. Veikka Huttunen JuuanU 6,87<br \/>\n4. <strong>Aarni Nyblom LieksU 6,69<\/strong><br \/>\n5. Topi Parviainen TuupovU 6,52<br \/>\n6. Viljami Lepp\u00e4nen JoensKa 6,28<br \/>\n7. <strong>Miika Palviainen LieksU 5,83<\/strong><br \/>\n8. <strong>Eero Mauro LieksU 5,73<\/strong><br \/>\n9. Lauri Kontkanen OutokPa 5,66<br \/>\n10. Niilo K\u00e4yhk\u00f6 JoensKa 5,58<br \/>\n11. Juho Hyttinen JuuanU 5,56<br \/>\n12. Sami H\u00e4rk\u00f6nen PolvijU 5,44<br \/>\n13. Eeli Mustonen JoensKa 5,36<br \/>\n14. Mauri Karttunen PolvijU 5,24<br \/>\n15. Justus J\u00e4msen OutokPa 4,89<br \/>\n16. Joona Turunen JoensKa 4,81<br \/>\n17. Tatu Rantala PolvijU 4,66<br \/>\n18. Niklas Hyv\u00e4rinen PolvijU 4,37<br \/>\n19. Akseli Laitila Pyh\u00e4sU 4,10<br \/>\n20. Reko Tanninen JoensKa 4,08<br \/>\n21. Topias Mustonen JoensKa 3,68<br \/>\nEeli M\u00e4\u00e4tt\u00e4 NurmSe DNS<\/p>\n<p>P9 Keih\u00e4s<br \/>\n1. Topi Parviainen TuupovU 24,87<br \/>\n2. Veikka Huttunen JuuanU 19,93<br \/>\n3. Eeli Kinnunen JoensKa 19,10<br \/>\n4. Juho Hyttinen JuuanU 16,40<br \/>\n5. <strong>Miika Palviainen LieksU 16,15<\/strong><br \/>\n6. <strong>Aarni Nyblom LieksU 16,06<\/strong><br \/>\n7. <strong>Eero Mauro LieksU 15,75<\/strong><br \/>\n8. Joona Turunen JoensKa 15,30<br \/>\n9. Eeli Mustonen JoensKa 12,57<br \/>\n10. Lauri Kontkanen OutokPa 12,50<br \/>\n11. Mauri Karttunen PolvijU 12,35<br \/>\n12. Roope Maaninka Pyh\u00e4sU 11,38<br \/>\n13. Reko Tanninen JoensKa 11,09<br \/>\n14. Niilo K\u00e4yhk\u00f6 JoensKa 10,73<br \/>\n15. Akseli Laitila Pyh\u00e4sU 10,56<br \/>\n16. Justus J\u00e4msen OutokPa 10,15<br \/>\n17. Sami H\u00e4rk\u00f6nen PolvijU 8,50<br \/>\n18. Topias Mustonen JoensKa 8,40<br \/>\nEeli M\u00e4\u00e4tt\u00e4 NurmSe DNS<\/p>\n<p>T11 Korkeus<br \/>\n1. <strong>Riina Palviainen LieksU 125<\/strong><br \/>\n2. Tiia Rantala PolvijU 123<br \/>\n3. Sini Lehikoinen Pyh\u00e4sU 115<br \/>\n4. Netta-Noora Lappalainen Pyh\u00e4sU 110<\/p>\n<p>T11 Kolmiloikka<br \/>\n1. <strong>Heta Kettunen LieksU 8,68<\/strong><br \/>\n2. Aada Kokko JoensKa 8,58<br \/>\n3. Sini Lehikoinen Pyh\u00e4sU 8,49<br \/>\n4. Karla K\u00f6n\u00f6nen Pyh\u00e4sU 8,41<\/p>\n<p>T11 Moukari<br \/>\n1. Netta-Noora Lappalainen Pyh\u00e4sU 22,55<br \/>\n2. <strong>Riina Palviainen LieksU 21,35<\/strong><\/p>\n<p>T11 Keih\u00e4s<br \/>\n1. Sini Lehikoinen Pyh\u00e4sU 25,52<br \/>\n2. <strong>Heta Kettunen LieksU 23,20<\/strong><br \/>\n3. Nea Immonen JoensKa 15,69<br \/>\n4. Pilvi Turunen TuupovU 9,54<\/p>\n<p>T12 Kuula<br \/>\n1. Iiris Vastam\u00e4ki JoensKa 8,58<br \/>\n2. <strong>Milla Martikainen LieksU 8,33<\/strong><br \/>\n3. <strong>Lotta Martikainen LieksU 7,58<\/strong><\/p>\n<p>T12 Keih\u00e4s<br \/>\n1. <strong>Milla Martikainen LieksU 25,48<\/strong><br \/>\n2. Reetta Naumanen OutokPa 23,55<br \/>\n3. Hanna Toivanen JuuanU 22,10<br \/>\n4. Iiris Vastam\u00e4ki JoensKa 19,80<br \/>\n5. <strong>Lotta Martikainen LieksU 19,71<\/strong><br \/>\nKilpailun ulkopuolella<br \/>\nJanina Laine KerimU 36,15<br \/>\nMoona Makkonen KerimU 29,58<\/p>\n<p>T13 200 m Tuuli: +2,5<br \/>\n1. Riikka Lonkainen JoensKa 29,24<br \/>\n2. <strong>Ada Pakarinen LieksU 29,30<\/strong><br \/>\n3. Neea Liimatta Pyh\u00e4sU 30,58<br \/>\n4. Laura Korkala Pyh\u00e4sU 32,52<br \/>\n5. Tuuli Turunen TuupovU 32,68<br \/>\n6. Riina Turunen PolvijU 33,71<\/p>\n<p>T13 Kolmiloikka<br \/>\n1. <strong>Riina Kettunen LieksU 9,68 +1,9<\/strong><br \/>\n2. Jenna Riikonen JoensKa 9,12 +1,9<br \/>\n3. Neea Liimatta Pyh\u00e4sU 8,47 +2,8<br \/>\n4. Jenna Kiiskinen JoensKa 8,44 +2,8<br \/>\n5. Noora Kosonen TuupovU 7,41 +4,5<\/p>\n<p>T13 Kuula<br \/>\n1. Veera Vastam\u00e4ki JoensKa 9,21<br \/>\n2. <strong>Riina Kettunen LieksU 8,88<\/strong><br \/>\n3. Johanna Varis Pyh\u00e4sU 8,66<br \/>\n4. Noora Kosonen TuupovU 7,56<br \/>\n5. <strong>Ada Pakarinen LieksU 6,62<\/strong><\/p>\n<p>T15 Kuula<br \/>\n1. <strong>Venla Kettunen LieksU 10,54<\/strong><br \/>\n2. Jenni Nuutinen Pyh\u00e4sU 9,69<br \/>\n3. <strong>Minea Suhonen LieksU 8,91<\/strong><br \/>\n4. <strong>Jutta Martikainen LieksU 8,48<\/strong><\/p>\n<p>T15 Keih\u00e4s<br \/>\n1. <strong>Milja Pesonen LieksU 34,59<\/strong><br \/>\n2. <strong>Minea Suhonen LieksU 34,34<\/strong><br \/>\n3. <strong>Jutta Martikainen LieksU 30,41<\/strong><br \/>\nKilpailun ulkopuolella<br \/>\nMuusa Makkonen KerimU NM<br \/>\nSonja Torpakko KerimU 32,41<\/p>\n","protected":false},"excerpt":{"rendered":"<p>10.8.2014 Outokumpu P9 miniottelu (kuula+keih\u00e4s): 1. Topi Parviainen TuuU (6.52 + 24.87) 560 2. Eeli Kinnunen JoensKa (7.14 + 19.10) 515 3. Veikka Huttunen JuuU (6.87 + 19.93) 512 4. Aarni Nyblom LieksU (6.69 + 16.06) 451 5. Miika Palviainen LieksU (5.83 + 16.15) 406 6. Juho Hyttinen JuuU (5.56 &hellip;<\/p>\n","protected":false},"author":3,"featured_media":0,"parent":312,"menu_order":21,"comment_status":"closed","ping_status":"closed","template":"","meta":{"footnotes":""},"categories":[14,34,38,32,31,7,23],"tags":[],"class_list":["post-2545","page","type-page","status-publish","hentry","category-aarninyblom","category-hetakettunen","category-lottamartikainen","category-millamartikainen","category-riinakettunen","category-tulokset","category-venlakettunen"],"_links":{"self":[{"href":"https:\/\/www.lieksanurheilijat.com\/index.php?rest_route=\/wp\/v2\/pages\/2545","targetHints":{"allow":["GET"]}}],"collection":[{"href":"https:\/\/www.lieksanurheilijat.com\/index.php?rest_route=\/wp\/v2\/pages"}],"about":[{"href":"https:\/\/www.lieksanurheilijat.com\/index.php?rest_route=\/wp\/v2\/types\/page"}],"author":[{"embeddable":true,"href":"https:\/\/www.lieksanurheilijat.com\/index.php?rest_route=\/wp\/v2\/users\/3"}],"replies":[{"embeddable":true,"href":"https:\/\/www.lieksanurheilijat.com\/index.php?rest_route=%2Fwp%2Fv2%2Fcomments&post=2545"}],"version-history":[{"count":2,"href":"https:\/\/www.lieksanurheilijat.com\/index.php?rest_route=\/wp\/v2\/pages\/2545\/revisions"}],"predecessor-version":[{"id":2558,"href":"https:\/\/www.lieksanurheilijat.com\/index.php?rest_route=\/wp\/v2\/pages\/2545\/revisions\/2558"}],"up":[{"embeddable":true,"href":"https:\/\/www.lieksanurheilijat.com\/index.php?rest_route=\/wp\/v2\/pages\/312"}],"wp:attachment":[{"href":"https:\/\/www.lieksanurheilijat.com\/index.php?rest_route=%2Fwp%2Fv2%2Fmedia&parent=2545"}],"wp:term":[{"taxonomy":"category","embeddable":true,"href":"https:\/\/www.lieksanurheilijat.com\/index.php?rest_route=%2Fwp%2Fv2%2Fcategories&post=2545"},{"taxonomy":"post_tag","embeddable":true,"href":"https:\/\/www.lieksanurheilijat.com\/index.php?rest_route=%2Fwp%2Fv2%2Ftags&post=2545"}],"curies":[{"name":"wp","href":"https:\/\/api.w.org\/{rel}","templated":true}]}}