{"id":2493,"date":"2014-08-01T19:48:16","date_gmt":"2014-08-01T16:48:16","guid":{"rendered":"https:\/\/www.lieksanurheilijat.com\/?page_id=2493"},"modified":"2014-08-02T20:13:11","modified_gmt":"2014-08-02T17:13:11","slug":"kalevan-kisat-2014-perjantai","status":"publish","type":"page","link":"https:\/\/www.lieksanurheilijat.com\/?page_id=2493","title":{"rendered":"Kalevan kisat 2014 perjantai"},"content":{"rendered":"<p>1.8.2014<br \/>\nKuopio<\/p>\n<p>Tilanne 1. p\u00e4iv\u00e4n j\u00e4lkeen<br \/>\n1 Henna Palosaari\u00a0OulPy 3123<br \/>\n2 <strong>Hertta Heikkinen\u00a0LieksU 3089<\/strong><br \/>\n3 Elisa Oksanen\u00a0TampPy 3039<br \/>\n4 <strong>Jutta Heikkinen\u00a0LieksU 3026<\/strong><br \/>\n5 Jessica Rautelin\u00a0EsboIF 3019<br \/>\n6 Iitu H\u00f6ltt\u00e4\u00a0MikkKV 3003<br \/>\n7 Miia Kurppa\u00a0SalVil 2991<br \/>\n8 Juuli-Anna Tauren\u00a0Jyv\u00e4skKU 2934<br \/>\n9 Heini Raunio\u00a0TampPy 2909<br \/>\n10 Paula Kuronen\u00a0MikkKV 2866<br \/>\n11 Marika Salmi\u00a0TurWei 2863<br \/>\n12 Ida Otstavel\u00a0PargIF 2849<br \/>\n13 Martta Rautala\u00a0KiukKi 2846<br \/>\n14 Jonna Kangasniemi\u00a0NoormNo 2734<br \/>\n15 Juulia Ojala\u00a0LappVei 2727<br \/>\n16 Sini Toivola\u00a0Jyv\u00e4skKU 2713<br \/>\n17 Nea Pronin\u00a0HKV 2708<br \/>\n18 Jenni Rossi\u00a0LappUM 2689<br \/>\n19 Hanna Vuolteenaho\u00a0YlivKu 2675<br \/>\n20 Natalie Uljas\u00a0EspTa 2668<br \/>\n21 Sara Papunen\u00a0JanJa 2630<br \/>\n22 Milla Kelo\u00a0KeskiUYU 2521<br \/>\n23 Nadia Korkman\u00a0EsboIF 2487<br \/>\n24 Annika Luukkainen\u00a0SavonlRie 2467<br \/>\nRiikka Rajam\u00e4ki\u00a0KeskiUYU DNF<br \/>\nMaria Huntington\u00a0TampPy DNF<\/p>\n<p>100m aidat<br \/>\nJutta Heikkinen LieksU 14,69<br \/>\nHertta Heikkinen\u00a0LieksU 14,75<\/p>\n<p>Korkeus<br \/>\nHertta Heikkinen\u00a0LieksU 165<br \/>\nJutta Heikkinen\u00a0LieksU 162<\/p>\n<p>Kuula<br \/>\nHertta Heikkinen\u00a0LieksU 11,33<br \/>\nJutta Heikkinen\u00a0LieksU 10,80<\/p>\n<p>200m<br \/>\nHertta Heikkinen\u00a0LieksU 25,94<br \/>\nJutta Heikkinen\u00a0LieksU 25,95<\/p>\n","protected":false},"excerpt":{"rendered":"<p>1.8.2014 Kuopio Tilanne 1. p\u00e4iv\u00e4n j\u00e4lkeen 1 Henna Palosaari\u00a0OulPy 3123 2 Hertta Heikkinen\u00a0LieksU 3089 3 Elisa Oksanen\u00a0TampPy 3039 4 Jutta Heikkinen\u00a0LieksU 3026 5 Jessica Rautelin\u00a0EsboIF 3019 6 Iitu H\u00f6ltt\u00e4\u00a0MikkKV 3003 7 Miia Kurppa\u00a0SalVil 2991 8 Juuli-Anna Tauren\u00a0Jyv\u00e4skKU 2934 9 Heini Raunio\u00a0TampPy 2909 10 Paula Kuronen\u00a0MikkKV 2866 11 Marika Salmi\u00a0TurWei 2863 &hellip;<\/p>\n","protected":false},"author":3,"featured_media":0,"parent":312,"menu_order":27,"comment_status":"closed","ping_status":"closed","template":"","meta":{"footnotes":""},"categories":[7],"tags":[],"class_list":["post-2493","page","type-page","status-publish","hentry","category-tulokset"],"_links":{"self":[{"href":"https:\/\/www.lieksanurheilijat.com\/index.php?rest_route=\/wp\/v2\/pages\/2493","targetHints":{"allow":["GET"]}}],"collection":[{"href":"https:\/\/www.lieksanurheilijat.com\/index.php?rest_route=\/wp\/v2\/pages"}],"about":[{"href":"https:\/\/www.lieksanurheilijat.com\/index.php?rest_route=\/wp\/v2\/types\/page"}],"author":[{"embeddable":true,"href":"https:\/\/www.lieksanurheilijat.com\/index.php?rest_route=\/wp\/v2\/users\/3"}],"replies":[{"embeddable":true,"href":"https:\/\/www.lieksanurheilijat.com\/index.php?rest_route=%2Fwp%2Fv2%2Fcomments&post=2493"}],"version-history":[{"count":2,"href":"https:\/\/www.lieksanurheilijat.com\/index.php?rest_route=\/wp\/v2\/pages\/2493\/revisions"}],"predecessor-version":[{"id":2514,"href":"https:\/\/www.lieksanurheilijat.com\/index.php?rest_route=\/wp\/v2\/pages\/2493\/revisions\/2514"}],"up":[{"embeddable":true,"href":"https:\/\/www.lieksanurheilijat.com\/index.php?rest_route=\/wp\/v2\/pages\/312"}],"wp:attachment":[{"href":"https:\/\/www.lieksanurheilijat.com\/index.php?rest_route=%2Fwp%2Fv2%2Fmedia&parent=2493"}],"wp:term":[{"taxonomy":"category","embeddable":true,"href":"https:\/\/www.lieksanurheilijat.com\/index.php?rest_route=%2Fwp%2Fv2%2Fcategories&post=2493"},{"taxonomy":"post_tag","embeddable":true,"href":"https:\/\/www.lieksanurheilijat.com\/index.php?rest_route=%2Fwp%2Fv2%2Ftags&post=2493"}],"curies":[{"name":"wp","href":"https:\/\/api.w.org\/{rel}","templated":true}]}}