{"id":2484,"date":"2014-07-30T21:42:55","date_gmt":"2014-07-30T18:42:55","guid":{"rendered":"https:\/\/www.lieksanurheilijat.com\/?page_id=2484"},"modified":"2014-07-31T13:44:40","modified_gmt":"2014-07-31T10:44:40","slug":"lieksan-tahtikisa-55","status":"publish","type":"page","link":"https:\/\/www.lieksanurheilijat.com\/?page_id=2484","title":{"rendered":"Lieksan t\u00e4htikisa 5\/5"},"content":{"rendered":"<p>M17 Moukari<br \/>\n1 Kimmo Martikainen Lieksan Urheilijat 53,52<\/p>\n<p>P13 200m TUULI: +0,0<br \/>\n1 Teemu Malinen Pyh\u00e4sel\u00e4n Urheilijat 28,46 A<\/p>\n<p>P11 Kuula<br \/>\n1 Niklas Hyv\u00f6nen Pyh\u00e4sel\u00e4n Urheilijat 10,51<\/p>\n<p>P10 150m<br \/>\n1 Jyry Pesonen Lieksan Urheilijat 29,12<\/p>\n<p>P10 3-loikka<br \/>\n1 Jyry Pesonen Lieksan Urheilijat 6,60 +0,5 C<\/p>\n<p>P10 Moukari<br \/>\nJyry Pesonen Lieksan Urheilijat NM<\/p>\n<p>P09 Kuula<br \/>\n1 Aarni Nyblom Lieksan Urheilijat 6,96 B<br \/>\n2 Eero Mauro Lieksan Urheilijat 5,78 C<br \/>\n3 Miika Palviainen Lieksan Urheilijat 5,73 C<br \/>\n4 Niko Nevalainen Lieksan Urheilijat 4,42<br \/>\n5 Niko Oinonen Lieksan Urheilijat 4,06<\/p>\n<p>P09 Korkeus<br \/>\n1 Aarni Nyblom Lieksan Urheilijat 110 A<br \/>\n2 Roope Maaninka Pyh\u00e4sel\u00e4n Urheilijat 110 A<br \/>\n3 Miika Palviainen Lieksan Urheilijat 100 C<br \/>\n4 Eero Mauro Lieksan Urheilijat 100 C<br \/>\n5 Niko Nevalainen Lieksan Urheilijat 95 C<br \/>\n6 Niko Oinonen Lieksan Urheilijat 90 C<\/p>\n<p>P09 150m<br \/>\n1 Aarni Nyblom Lieksan Urheilijat 26,55<br \/>\n2 Eero Mauro Lieksan Urheilijat 26,99<br \/>\n3 Niko Nevalainen Lieksan Urheilijat 28,14<br \/>\n4 Niko Oinonen Lieksan Urheilijat 28,27<br \/>\n5 Roope Maaninka Pyh\u00e4sel\u00e4n Urheilijat 29,08<br \/>\n6 Miika Palviainen Lieksan Urheilijat 29,20<\/p>\n<p>P08 Kuula<br \/>\n1 Kalle Boren Lieksan Urheilijat 3,18<\/p>\n<p>P08 Korkeus<br \/>\n1 Kalle Boren Lieksan Urheilijat 80<\/p>\n<p>P08 150m<br \/>\n1 Kalle Boren Lieksan Urheilijat 28,67<\/p>\n<p>P07 Kuula<br \/>\n1 Touko Nyblom Lieksan Urheilijat 5,33<\/p>\n<p>P07 Korkeus<br \/>\n1 Touko Nyblom Lieksan Urheilijat 70<\/p>\n<p>P07 150m<br \/>\n1 Touko Nyblom Lieksan Urheilijat 34,34<\/p>\n<p>P06 Kuula<br \/>\n1 Eetu Leivo Lieksan Urheilijat 4,83<br \/>\n2\u00a0Ahti Boren Lieksan Urheilijat 4,75<br \/>\n3\u00a0Niko Pulkkinen Lieksan Urheilijat 4,50<\/p>\n<p>P06 Korkeus<br \/>\n1 Eetu Leivo Lieksan Urheilijat 65<br \/>\n1 Ahti Boren Lieksan Urheilijat 65<br \/>\n3 Niko Pulkkinen Lieksan Urheilijat 55<\/p>\n<p>P06 150m<br \/>\n1 Ahti Boren Lieksan Urheilijat 37,82<br \/>\n2 Niko Pulkkinen Lieksan Urheilijat 52,25<br \/>\nEetu Leivo Lieksan Urheilijat DNF<\/p>\n<p>P05 Kuula<br \/>\n1 Onni Sainio Lieksan Urheilijat 4,30<br \/>\n2 Eppu Ahvenainen Lieksan Urheilijat 3,12<br \/>\n3 Jimi Ahvenainen Lieksan Urheilijat 3,11<\/p>\n<p>P05 Korkeus<br \/>\n1 Onni Sainio Lieksan Urheilijat 55<br \/>\n2 Eppu Ahvenainen Lieksan Urheilijat 55<br \/>\nJimi Ahvenainen Lieksan Urheilijat NH<\/p>\n<p>P05 150m<br \/>\n1 Eppu Ahvenainen Lieksan Urheilijat 42,82<br \/>\n2 Onni Sainio Lieksan Urheilijat 43,18<br \/>\n3 Jimi Ahvenainen Lieksan Urheilijat 47,70<\/p>\n<p>N17 Keih\u00e4s<br \/>\n1 Laura Laakkonen Lieksan Urheilijat 33,47<\/p>\n<p>T15 3-loikka<br \/>\n1 Venla Kettunen Lieksan Urheilijat 9,03 +0,0 C<br \/>\n2 Annika Piiparinen Lieksan Urheilijat 8,97 +0,0 C<\/p>\n<p>T15 Moukari<br \/>\n1 Venla Kettunen Lieksan Urheilijat 46,10 A<br \/>\n2 Milja Pesonen Lieksan Urheilijat 42,36 A<br \/>\n3 Jutta Martikainen Lieksan Urheilijat 30,88 B<\/p>\n<p>T13 200m TUULI: +0,0<br \/>\n1 Riina Kettunen Lieksan Urheilijat 30,52 C<\/p>\n<p>T13 3-loikka<br \/>\n1 Riina Kettunen Lieksan Urheilijat 9,40 +0,2 A<\/p>\n<p>T13 Moukari<br \/>\n1 Riina Kettunen Lieksan Urheilijat 26,40 B<\/p>\n<p>T12 200m TUULI: +0,0<br \/>\n1 Petra Lappalainen Joensuun Kataja 30,32 B<br \/>\n2 Annika Porkka Lieksan Urheilijat 32,75 C<br \/>\n3 Milla Martikainen Lieksan Urheilijat 35,07<\/p>\n<p>T12 3-loikka<br \/>\n1 Petra Lappalainen Joensuun Kataja 8,99 +0,2 A<br \/>\n2 Milla Martikainen Lieksan Urheilijat 8,08 +0,6 C<br \/>\n3 Hanna Toivanen Juuan Urheilijat 7,63 +0,0 C<\/p>\n<p>T12 Moukari<br \/>\n1 Milla Martikainen Lieksan Urheilijat 27,98 A<br \/>\n2 Hanna Toivanen Juuan Urheilijat 23,74 B<br \/>\n3 Lotta Martikainen Lieksan Urheilijat 21,37 B<\/p>\n<p>T11 150m<br \/>\n1 Heta Kettunen Lieksan Urheilijat 24,17 C<br \/>\n2 Riina Palviainen Lieksan Urheilijat 24,84<\/p>\n<p>T11 3-loikka<br \/>\n1 Heta Kettunen Lieksan Urheilijat 8,44 +0,5 B<br \/>\n2 Riina Palviainen Lieksan Urheilijat 7,95 +0,0 B<\/p>\n<p>T11 Moukari<br \/>\n1 Riina Palviainen Lieksan Urheilijat 22,09 A<br \/>\n2 Heta Kettunen Lieksan Urheilijat 20,46 A<\/p>\n<p>T10 150m<br \/>\n1 Maija Boren Lieksan Urheilijat 27,84<br \/>\n2\u00a0Julia Tolonen Kajaanin Kipin\u00e4 29,80<\/p>\n<p>T10 3-loikka<br \/>\n1 Sanni Toivanen Juuan Urheilijat 6,28 +0,0 C<\/p>\n<p>T10 Moukari<br \/>\n1 Sanni Toivanen Juuan Urheilijat 11,06 C<\/p>\n<p>T09 Kuula<br \/>\n1 Aino Pyykk\u00f6 Lieksan Urheilijat 4,14<\/p>\n<p>T09 Korkeus<br \/>\n1 Sara-Sofia Hyv\u00f6nen Pyh\u00e4sel\u00e4n Urheilijat 115 A<br \/>\n2 Aino Pyykk\u00f6 Lieksan Urheilijat 80<\/p>\n<p>T09 150m<br \/>\n1 Sara-Sofia Hyv\u00f6nen Pyh\u00e4sel\u00e4n Urheilijat 26,03 C<br \/>\n2 Aino Pyykk\u00f6 Lieksan Urheilijat 28,88<\/p>\n<p>T09 3-loikka<br \/>\n1 Aino Pyykk\u00f6 Lieksan Urheilijat 6,00 +0,5<\/p>\n<p>T08 Korkeus<br \/>\n1 Helmi Juntunen Lieksan Urheilijat 90 C<br \/>\n2 Netta Martikainen Lieksan Urheilijat 80<br \/>\n2 Saara Leivo Lieksan Urheilijat 80<\/p>\n<p>T08 150m<br \/>\n1 Helmi Juntunen Lieksan Urheilijat 32,03<br \/>\n2 Saara Leivo Lieksan Urheilijat 36,14<br \/>\n3 Netta Martikainen Lieksan Urheilijat 36,57<\/p>\n<p>T08 Kuula<br \/>\n1 Helmi Juntunen Pyh\u00e4sel\u00e4n Urheilijat 5,05 C<br \/>\n2 Netta Martikainen Lieksan Urheilijat 2,60<\/p>\n<p>T07 Kuula<br \/>\n1 Noora Sainio Lieksan Urheilijat 4,50<br \/>\n2 Neea Solehmainen Lieksan Urheilijat 3,45<br \/>\n3 Netta Oinonen Lieksan Urheilijat 2,75<\/p>\n<p>T07 Korkeus<br \/>\n1 Netta Oinonen Lieksan Urheilijat 75<br \/>\n2 Neea Solehmainen Lieksan Urheilijat 70<br \/>\n3 Noora Sainio Lieksan Urheilijat 65<\/p>\n<p>T07 150m<br \/>\n1 Noora Sainio Lieksan Urheilijat 31,80<br \/>\n2 Netta Oinonen Lieksan Urheilijat 31,81<br \/>\n3 Maria Tolonen Kajaanin Kipin\u00e4 32,48<br \/>\n4 Neea Solehmainen Lieksan Urheilijat 39,63<\/p>\n<p>T06 Kuula<br \/>\n1 Titta Martikainen Lieksan Urheilijat 5,09 C<\/p>\n<p>T06 Korkeus<br \/>\n1 Titta Martikainen Lieksan Urheilijat 65<\/p>\n<p>T06 150m<br \/>\n1 Titta Martikainen Lieksan Urheilijat 40,08<\/p>\n<p>T04 150m<br \/>\n1 Iida-Liina Hyv\u00f6nen Pyh\u00e4sel\u00e4n Urheilijat 34,65<br \/>\n2 Hanne Juntunen Pyh\u00e4sel\u00e4n Urheilijat 49,10<\/p>\n","protected":false},"excerpt":{"rendered":"<p>M17 Moukari 1 Kimmo Martikainen Lieksan Urheilijat 53,52 P13 200m TUULI: +0,0 1 Teemu Malinen Pyh\u00e4sel\u00e4n Urheilijat 28,46 A P11 Kuula 1 Niklas Hyv\u00f6nen Pyh\u00e4sel\u00e4n Urheilijat 10,51 P10 150m 1 Jyry Pesonen Lieksan Urheilijat 29,12 P10 3-loikka 1 Jyry Pesonen Lieksan Urheilijat 6,60 +0,5 C P10 Moukari Jyry Pesonen Lieksan &hellip;<\/p>\n","protected":false},"author":3,"featured_media":0,"parent":312,"menu_order":28,"comment_status":"closed","ping_status":"closed","template":"","meta":{"footnotes":""},"categories":[14,34,32,31,7,23],"tags":[],"class_list":["post-2484","page","type-page","status-publish","hentry","category-aarninyblom","category-hetakettunen","category-millamartikainen","category-riinakettunen","category-tulokset","category-venlakettunen"],"_links":{"self":[{"href":"https:\/\/www.lieksanurheilijat.com\/index.php?rest_route=\/wp\/v2\/pages\/2484","targetHints":{"allow":["GET"]}}],"collection":[{"href":"https:\/\/www.lieksanurheilijat.com\/index.php?rest_route=\/wp\/v2\/pages"}],"about":[{"href":"https:\/\/www.lieksanurheilijat.com\/index.php?rest_route=\/wp\/v2\/types\/page"}],"author":[{"embeddable":true,"href":"https:\/\/www.lieksanurheilijat.com\/index.php?rest_route=\/wp\/v2\/users\/3"}],"replies":[{"embeddable":true,"href":"https:\/\/www.lieksanurheilijat.com\/index.php?rest_route=%2Fwp%2Fv2%2Fcomments&post=2484"}],"version-history":[{"count":4,"href":"https:\/\/www.lieksanurheilijat.com\/index.php?rest_route=\/wp\/v2\/pages\/2484\/revisions"}],"predecessor-version":[{"id":2489,"href":"https:\/\/www.lieksanurheilijat.com\/index.php?rest_route=\/wp\/v2\/pages\/2484\/revisions\/2489"}],"up":[{"embeddable":true,"href":"https:\/\/www.lieksanurheilijat.com\/index.php?rest_route=\/wp\/v2\/pages\/312"}],"wp:attachment":[{"href":"https:\/\/www.lieksanurheilijat.com\/index.php?rest_route=%2Fwp%2Fv2%2Fmedia&parent=2484"}],"wp:term":[{"taxonomy":"category","embeddable":true,"href":"https:\/\/www.lieksanurheilijat.com\/index.php?rest_route=%2Fwp%2Fv2%2Fcategories&post=2484"},{"taxonomy":"post_tag","embeddable":true,"href":"https:\/\/www.lieksanurheilijat.com\/index.php?rest_route=%2Fwp%2Fv2%2Ftags&post=2484"}],"curies":[{"name":"wp","href":"https:\/\/api.w.org\/{rel}","templated":true}]}}