{"id":2466,"date":"2014-07-26T16:25:08","date_gmt":"2014-07-26T13:25:08","guid":{"rendered":"https:\/\/www.lieksanurheilijat.com\/?page_id=2466"},"modified":"2014-07-27T16:50:20","modified_gmt":"2014-07-27T13:50:20","slug":"pohjois-karjalan-etela-ja-pohjois-savon-17-19-v-aluemestaruuskilpailut-1-paiva","status":"publish","type":"page","link":"https:\/\/www.lieksanurheilijat.com\/?page_id=2466","title":{"rendered":"Pohjois-Karjalan, Etel\u00e4- ja Pohjois-Savon 17-19-v. aluemestaruuskilpailut 1. p\u00e4iv\u00e4"},"content":{"rendered":"<p>26.7.2014<br \/>\nLieksa<\/p>\n<p>M19 100m TUULI: -2,3<br \/>\n1 Pyry-Pekka H\u00e4rk\u00f6nen Kuopion Reipas 11,48<br \/>\n2 Riku Rundelin Varkauden Kentt\u00e4-Veikot 11,80<br \/>\n3 Kari Paakkunainen Joensuun Kataja 11,99<br \/>\n4 Sami H\u00e4nninen Kuopion Reipas 12,24<br \/>\nAntti Koskinen Joensuun Kataja DNS<\/p>\n<p>M19 400m<br \/>\n1 Juho Pirskanen Kuopion Reipas 50,45<br \/>\n2 Sami H\u00e4nninen Kuopion Reipas 51,29<br \/>\nLauri Hietaharju Saarij\u00e4rven Pullistus 54,08<\/p>\n<p>M19 110m aj TUULI: -0,8<br \/>\n1 Kari Paakkunainen Joensuun Kataja 15,73<br \/>\nAntti Koskinen Joensuun Kataja DNS<\/p>\n<p>M19 pituus<br \/>\n1 Pyry-Pekka H\u00e4rk\u00f6nen Kuopion Reipas 662 -0,6<br \/>\nTapio Kek\u00e4l\u00e4inen Kaavin Kaiku DNS<\/p>\n<p>M19 keih\u00e4s<br \/>\n1 Ville Kamppuri Pyh\u00e4sel\u00e4n Urheilijat 59,06<br \/>\n2 Ville Miettinen Juuan Urheilijat 54,35<br \/>\nTapio Kek\u00e4l\u00e4inen Kaavin Kaiku DNS<\/p>\n<p>M17 100m alkuer\u00e4t<br \/>\nEr\u00e4 1 TUULI: -2,1<br \/>\n1 Panu Auvinen Juvan Urheilijat 12,05<br \/>\n2 Joona V\u00e4lipakka Kuopion Reipas 12,15<br \/>\n3 Aleksi Sairanen Kerim\u00e4en Urheilijat 12,43<br \/>\n4 Tatu Rundelin Varkauden Kentt\u00e4-Veikot 12,94<\/p>\n<p>Er\u00e4 2 TUULI: -1,4<br \/>\n1 Juuso Kolari Varkauden Kentt\u00e4-Veikot 12,27<br \/>\n2 Juuso V\u00e4lipakka Kuopion Reipas 12,49<br \/>\n3 Eetu Kumpulainen Kuopion Reipas 13,23<\/p>\n<p>M17 100m loppukilpailu TUULI: -0,7<br \/>\n1 Panu Auvinen Juvan Urheilijat 11,98<br \/>\n2 Joona V\u00e4lipakka Kuopion Reipas 12<br \/>\n3 Aleksi Sairainen Kerim\u00e4en Urheilijat 12,26<br \/>\n4 Juuso Kolari Varkauden Kentt\u00e4-Veikot 12,31<br \/>\n5 Juuso V\u00e4lipakka Kuopion Reipas 12,44<br \/>\n6 Tatu Rundelin Varkauden Kentt\u00e4-Veikot 12,68<\/p>\n<p>M17 400m<br \/>\n1 Santeri Vehvil\u00e4inen Kuopion Reipas 54,09<br \/>\n2 Juuso Kolari Varkauden Kentt\u00e4-Veikot 54,50<br \/>\n3 Aatu M\u00e4kel\u00e4 Pyh\u00e4sel\u00e4n Urheilijat 54,72<br \/>\n4 Elmo Vesterinen Pyh\u00e4sel\u00e4n Urheilijat 58,06<br \/>\nViljami Hietaharju Jyv\u00e4skyl\u00e4n Kentt\u00e4urheilijat 57,29<br \/>\nVili Holopainen Kuopion Reipas DNS<\/p>\n<p>M17 1500m<br \/>\n1 Konsta H\u00e4m\u00e4l\u00e4inen Sulkavan Urheilijat -41 4.34,23<br \/>\n2 Joonas Pyyk\u00f6nen Valtimon Vasama 4.40,79<br \/>\n3 Sami V\u00e4ist\u00f6 Lepp\u00e4virran Viri 4.50,00<br \/>\n4 Mika Kotiranta Joensuun Kataja 5.10,09<br \/>\n5 Samuel Auvinen Joensuun Kataja 5.23,31<\/p>\n<p>M17 110m aj<br \/>\n1 Tatu Rundelin Varkauden Kentt\u00e4-Veikot 17,82<br \/>\nJoona V\u00e4lipakka Kuopion Reipas DNS<\/p>\n<p>M17 2000m ej<br \/>\n1 Jiri Karjalainen Joensuun Kataja 6.18,16<br \/>\n2 Mikko Hirvonen Kuopion Reipas 6.38,67<br \/>\nVili Holopainen Kuopion Reipas DNS<\/p>\n<p>M17 korkeus<br \/>\n1 Panu Auvinen Juvan Urheilijat 180<\/p>\n<p>M17 3-loikka<br \/>\n1 Joona V\u00e4lipakka Kuopion Reipas 12,90 +2,1<br \/>\n2 Juuso V\u00e4lipakka Kuopion Reipas 11,98 +1,1<br \/>\n3 Aleksi Sairanen Kerim\u00e4en Urheilijat 11,32 +2,5<br \/>\n4 Santtu R\u00e4s\u00e4nen Joensuun Kataja 10,44 +0,7<\/p>\n<p>M17 kuula<br \/>\n1 Panu Tirkkonen Keiteleen Kunto 17,62<br \/>\n2 Lauri Lindqvist Siilinj\u00e4rven Ponnistus 15,82<br \/>\n3 Joona V\u00e4lipakka Kuopion Reipas 11,91<\/p>\n<p>M17 kiekko<br \/>\n1 Panu Tirkkonen Keiteleen Kunto 51,91<br \/>\n2 Lauri Lindqvist Siilinj\u00e4rven Ponnistus 43,74<br \/>\n3 Joona V\u00e4lipakka Kuopion Reipas 36,35<br \/>\n4 Santeri Vehvil\u00e4inen Kuopion Reipas 30,72<br \/>\n5 Kaapo Kolari Varkauden Kentt\u00e4-Veikot 27,00<\/p>\n<p>N19 100m TUULI: -1,7<br \/>\n1 Johanna Hokkanen Kangasniemen Kalske 13,37<br \/>\n2 Eveliina Koskinen Varkauden Kentt\u00e4-Veikot 13,92<br \/>\n3 Susanna Sepp\u00e4nen Varkauden Kentt\u00e4-Veikot 13,98<br \/>\nMaarit Kiiskinen Lieksan Urheilijat 13,47<br \/>\nSusan V\u00e4is\u00e4nen Varpaisj\u00e4rven Vire DNS<br \/>\nKirsi Pekkanen Kuopion Reipas DNS<br \/>\nIida Kokko Joensuun Kataja DQ<\/p>\n<p>N19 400m<br \/>\n1 Kirsi Pekkanen Kuopion Reipas 58,95<br \/>\n2 Sara H\u00e4nninen Kuopion Reipas 1.08,28<\/p>\n<p>N19 100m aj TUULI: -1,7<br \/>\n1 Susan V\u00e4is\u00e4nen Varpaisj\u00e4rven Vire 15,95<br \/>\nJutta Heikkinen Lieksan Urheilijat 15,20<br \/>\nSanna Jaatinen Joensuun Kataja 15,26<br \/>\nHertta Heikkinen Lieksan Urheilijat 15,56<\/p>\n<p>N19 3000m ej<br \/>\n1 Julia Korpela Raahen Vesa 11.51,74<\/p>\n<p>N19 seiv\u00e4s<br \/>\n1 Susanna Sepp\u00e4nen Varkauden Kentt\u00e4-Veikot 300<br \/>\nJohanna Sepp\u00e4nen Varkauden Kentt\u00e4-Veikot 250<\/p>\n<p>N19 pituus<br \/>\n1 Johanna Hokkanen Kangasniemen Kalske 513 -1,3<br \/>\n2 Niina Kettunen Joensuun Kataja 491 -0,7<br \/>\n3 Iida Kokko Joensuun Kataja 487 -0.8<br \/>\n4 Susanna Sepp\u00e4nen Varkauden Kentt\u00e4-Veikot 452 -0,6<br \/>\n5 Sara H\u00e4nninen Kuopion Reipas 449 -1,5<br \/>\nJutta Heikkinen Lieksan Urheilijat 536 -0,8<br \/>\nHertta Heikkinen Lieksan Urheilijat 525 -1,3<br \/>\nMiia Kiiski Joensuun Kataja NM<br \/>\nN19 moukari<br \/>\n1 Roosa Eronen Varkauden Kentt\u00e4-Veikot 48,35<br \/>\n2 Tiia Tirkkonen Keiteleen Kunto 40,76<\/p>\n<p>N19 keih\u00e4s<br \/>\nHertta Heikkinen Lieksan Urheilijat 36,22 UP<\/p>\n<p>N17 100m alkuer\u00e4t<br \/>\nEr\u00e4 1 TUULI: 0<br \/>\n1 Sanna Jaatinen Joensuun Kataja 13,14<br \/>\n2 Essi V\u00e4\u00e4n\u00e4nen Kuopion Reipas 13,18<br \/>\n3 Niina Asikainen Juankosken Kuohu 13,66<br \/>\n4 Elli Hiltunen Varkauden Kentt\u00e4-Veikot 13,86<br \/>\n5 Kati Nuutinen Pyh\u00e4sel\u00e4n Urheilijat 13,95<br \/>\nMette Lukin Kuopion Reipas DNS<\/p>\n<p>Er\u00e4 2 TUULI: -1,9<br \/>\n1 Silja Kempas Lieksan Urheilijat 13,42<br \/>\n2 Eveliina Kumpulainen Kuopion Reipas 13,73<br \/>\n3 Laura Risto Kuopion Reipas 13,88<br \/>\n4 Meri Kiiskinen Kuopion Reipas 14,25<br \/>\n5 Vuokko Ukkonen Pyh\u00e4sel\u00e4n Urheilijat 14,46<br \/>\n6 Vilja Hautamaa Varkauden Kentt\u00e4-Veikot 14,63<\/p>\n<p>N17 100m loppukilpailu TUULI: -0,3<br \/>\n1 Eveliina Kumpulainen Kuopion Reipas 13,15<br \/>\n2 Essi V\u00e4\u00e4n\u00e4nen Kuopion Reipas 13,23<br \/>\n3 Silja Kempas Lieksan Urheilijat 13,25<br \/>\n4 Niina Asikainen Juankosken Kuohu 13,80<br \/>\nSanna Jaatinen Joensuun Kataja DNS<br \/>\nElli Hiltunen Varkauden Kentt\u00e4-Veikot DQ<\/p>\n<p>N17 400m<br \/>\n1 Aida-Linnea Kukila Juankosken Kuohu 1.04,30<br \/>\n2 Miida-Tuulia Kukila Juankosken Kuohu 1.06,27<br \/>\n3 Annika Piiparinen Lieksan Urheilijat 1.07,13<br \/>\nJutta Nuutinen Pyh\u00e4sel\u00e4n Urheilijat DNS<br \/>\nRiikka Lonkainen Joensuun Kataja DNS<br \/>\nN17 1500m<br \/>\n1 Roosa V\u00e4ist\u00f6 Lepp\u00e4virran Viri 5.20,53<br \/>\nAnnika Piiparinen Lieksan Urheilijat DNS<br \/>\nIida Haataja Lapin Lukko 5.18,38 UP<\/p>\n<p>N17 100m aj TUULI: -1,7<br \/>\n1 Laura Ollikainen Varkauden Kentt\u00e4-Veikot 16,07<br \/>\n2 Essi V\u00e4\u00e4n\u00e4nen Kuopion Reipas 17,09<br \/>\n3 Anni Kaukola Kuopion Reipas 17,79<br \/>\n4 Saara Torpakko Kerim\u00e4en Urheilijat 18,91<\/p>\n<p>N17 2000m ej<br \/>\n1 Eveliina Huttunen Savonlinnan Riento 8.16,04<\/p>\n<p>N17 korkeus<br \/>\n1 Moona Kokkonen Lieksan Urheilijat 160<br \/>\n2 Anni Kaukola Kuopion Reipas 150<br \/>\n3 Elli Hiltunen Varkauden Kentt\u00e4-Veikot 150<br \/>\n4 Jutta Nuutinen Pyh\u00e4sel\u00e4n Urheilijat 140<br \/>\n5 Kati Nuutinen Pyh\u00e4sel\u00e4n Urheilijat 140<br \/>\nIlona Ik\u00e4heimo Kuopion Reipas DNS<\/p>\n<p>N17 3-loikka<br \/>\n1 Netta Karvinen Kerim\u00e4en Urheilijat 10,32 +1,4<br \/>\n2 Aida-Linnea Kukila Juankosken Kuohu 9,82 +2,0<br \/>\n3 Saara Torpakko Kerim\u00e4en Urheilijat 9,63 +1,5<br \/>\n4 Miida-Tuulia Kukila Juankosken Kuohu 9,31 +3,5<\/p>\n<p>N17 kuula<br \/>\n1 Eveliina Rouvali Kuopion Reipas 14,90<br \/>\n2 Henna Sallinen Savonlinnan Riento 13,27<br \/>\n3 Laura Karjunen Pyh\u00e4sel\u00e4n Urheilijat 11,25<br \/>\n4 Netta Karvinen Kerim\u00e4en Urheilijat 10,96<br \/>\n5 Venla Kettunen Lieksan Urheilijat 10,44<br \/>\n6 Taija Tirkkonen Keiteleen Kunto 9,95<br \/>\n7 Saara Torpakko Kerim\u00e4en Urheilijat 9,31<br \/>\n8 Johanna Sepp\u00e4nen Varkauden Kentt\u00e4-Veikot 8,69<br \/>\n9 Jenni Nuutinen Pyh\u00e4sel\u00e4n Urheilijat 8,16<br \/>\n10 Vilja Hautamaa Varkauden Kentt\u00e4-Veikot 7,42<\/p>\n<p>N17 kiekko<br \/>\n1 Laura Karjunen Pyh\u00e4sel\u00e4n Urheilijat 36,67<br \/>\n2 Henna Sallinen Savonlinnan Riento 36,52<br \/>\n3 Taija Tirkkonen Keiteleen Kunto 30,53<br \/>\n4 Laura Ollikainen Varkauden Kentt\u00e4-Veikot 29,29<br \/>\n5 Niina Asikainen Juankosken Kuohu 27,88<br \/>\n6 Netta Karvinen Kerim\u00e4en Urheilijat 26,16<br \/>\nEssi Tynkkynen Joensuun Kataja DNS<br \/>\nJohanna Sepp\u00e4nen Varkauden Kentt\u00e4-Veikot DNS<\/p>\n","protected":false},"excerpt":{"rendered":"<p>26.7.2014 Lieksa M19 100m TUULI: -2,3 1 Pyry-Pekka H\u00e4rk\u00f6nen Kuopion Reipas 11,48 2 Riku Rundelin Varkauden Kentt\u00e4-Veikot 11,80 3 Kari Paakkunainen Joensuun Kataja 11,99 4 Sami H\u00e4nninen Kuopion Reipas 12,24 Antti Koskinen Joensuun Kataja DNS M19 400m 1 Juho Pirskanen Kuopion Reipas 50,45 2 Sami H\u00e4nninen Kuopion Reipas 51,29 Lauri &hellip;<\/p>\n","protected":false},"author":3,"featured_media":0,"parent":312,"menu_order":30,"comment_status":"closed","ping_status":"closed","template":"","meta":{"footnotes":""},"categories":[26,7,23],"tags":[],"class_list":["post-2466","page","type-page","status-publish","hentry","category-siljakempas","category-tulokset","category-venlakettunen"],"_links":{"self":[{"href":"https:\/\/www.lieksanurheilijat.com\/index.php?rest_route=\/wp\/v2\/pages\/2466","targetHints":{"allow":["GET"]}}],"collection":[{"href":"https:\/\/www.lieksanurheilijat.com\/index.php?rest_route=\/wp\/v2\/pages"}],"about":[{"href":"https:\/\/www.lieksanurheilijat.com\/index.php?rest_route=\/wp\/v2\/types\/page"}],"author":[{"embeddable":true,"href":"https:\/\/www.lieksanurheilijat.com\/index.php?rest_route=\/wp\/v2\/users\/3"}],"replies":[{"embeddable":true,"href":"https:\/\/www.lieksanurheilijat.com\/index.php?rest_route=%2Fwp%2Fv2%2Fcomments&post=2466"}],"version-history":[{"count":3,"href":"https:\/\/www.lieksanurheilijat.com\/index.php?rest_route=\/wp\/v2\/pages\/2466\/revisions"}],"predecessor-version":[{"id":2473,"href":"https:\/\/www.lieksanurheilijat.com\/index.php?rest_route=\/wp\/v2\/pages\/2466\/revisions\/2473"}],"up":[{"embeddable":true,"href":"https:\/\/www.lieksanurheilijat.com\/index.php?rest_route=\/wp\/v2\/pages\/312"}],"wp:attachment":[{"href":"https:\/\/www.lieksanurheilijat.com\/index.php?rest_route=%2Fwp%2Fv2%2Fmedia&parent=2466"}],"wp:term":[{"taxonomy":"category","embeddable":true,"href":"https:\/\/www.lieksanurheilijat.com\/index.php?rest_route=%2Fwp%2Fv2%2Fcategories&post=2466"},{"taxonomy":"post_tag","embeddable":true,"href":"https:\/\/www.lieksanurheilijat.com\/index.php?rest_route=%2Fwp%2Fv2%2Ftags&post=2466"}],"curies":[{"name":"wp","href":"https:\/\/api.w.org\/{rel}","templated":true}]}}