{"id":2331,"date":"2014-07-09T22:52:26","date_gmt":"2014-07-09T19:52:26","guid":{"rendered":"https:\/\/www.lieksanurheilijat.com\/?page_id=2331"},"modified":"2014-07-09T23:10:08","modified_gmt":"2014-07-09T20:10:08","slug":"tahtikisa-35","status":"publish","type":"page","link":"https:\/\/www.lieksanurheilijat.com\/?page_id=2331","title":{"rendered":"T\u00e4htikisa 3\/5"},"content":{"rendered":"<p>9.7.2014<br \/>\nLieksa<\/p>\n<p>M Korkeus<br \/>\n1 Joona M\u00e4kinen Lieksan Urheilijat 170<br \/>\nM17 Moukari<br \/>\n1 Kimmo Martikainen Lieksan Urheilijat 52,45<br \/>\nP14 Keih\u00e4s<br \/>\n1 Eeki Kokkonen Lieksan Urheilijat 32,98 C<br \/>\nP14 Korkeus<br \/>\n1 Eeki Kokkonen Lieksan Urheilijat 140 C<br \/>\nP12 60m aj.<br \/>\n1 Gabriel Archer Helsingin Kisa-Veikot 14,39<br \/>\nP12 Keih\u00e4s<br \/>\n1 Gabriel Archer Helsingin Kisa-Veikot 13,63<br \/>\nP12 Korkeus<br \/>\n1 Gabriel Archer Helsingin Kisa-Veikot 110<br \/>\nP11 60m aj.<br \/>\n1 Benjamin Lee Helsingin Kisa-Veikot 12,23 C<br \/>\nP11 Keih\u00e4s<br \/>\n1 Niklas Hyv\u00f6nen Pyh\u00e4sel\u00e4n Urheilijat 35,85 A<br \/>\n2 Benjamin Lee Helsingin Kisa-Veikot 22,75 C<br \/>\nP11 Korkeus<br \/>\n1 Niklas Hyv\u00f6nen Pyh\u00e4sel\u00e4n Urheilijat 120 B<br \/>\n2 Benjamin Lee Helsingin Kisa-Veikot 110<br \/>\nP10 60m aj.<br \/>\n1 Jyry Pesonen Lieksan Urheilijat 14,32<br \/>\nP10 Keih\u00e4s<br \/>\n1 Jyry Pesonen Lieksan Urheilijat 17,61 C<br \/>\nP10 Korkeus<br \/>\n1 Jyry Pesonen Lieksan Urheilijat 100 C<br \/>\nP09 40m<br \/>\n1 Aarni Nyblom Lieksan Urheilijat 6,97 B<br \/>\n2 Eero Mauro Lieksan Urheilijat 7,16\u00a0C<br \/>\n3 Roope Maaninka Pyh\u00e4sel\u00e4n Urheilijat 7,46<br \/>\n4 Niko Nevalainen Lieksan Urheilijat 7,66<br \/>\n5 Niko Oinonen Lieksan Urheilijat 7,91<br \/>\n6 Miika Palviainen Lieksan Urheilijat 8,00<br \/>\nP09 Keih\u00e4s<br \/>\n1 Aarni Nyblom Lieksan Urheilijat 14,64 C<br \/>\n2 Miika Palviainen Lieksan Urheilijat 14,13 C<br \/>\n3 Eero Mauro Lieksan Urheilijat 11,87<br \/>\n4 Niko Oinonen Lieksan Urheilijat 6,81<br \/>\n5 Niko Nevalainen Lieksan Urheilijat 6,59<br \/>\nP09 Korkeus<br \/>\n1 Roope Maaninka Pyh\u00e4sel\u00e4n Urheilijat 110 A<br \/>\n2 Aarni Nyblom Lieksan Urheilijat 105 B<br \/>\n3 Eero Mauro Lieksan Urheilijat 100 C<br \/>\n4 Miika Palviainen Lieksan Urheilijat 95 C<br \/>\n5 Niko Nevalainen Lieksan Urheilijat 95 C<br \/>\nP08 40m<br \/>\n1 Kalle Boren Lieksan Urheilijat 7,93<br \/>\nP08 Keih\u00e4s<br \/>\n1 Kalle Boren Lieksan Urheilijat 6,57<br \/>\nP08 Korkeus<br \/>\n1 Kalle Boren Lieksan Urheilijat 80<br \/>\nP07 40m<br \/>\n1 Touko Nyblom Lieksan Urheilijat 8,2h<br \/>\n2 Daniel Lee Helsingin Kisa-Veikot 9,0h<br \/>\nP07 Pallo<br \/>\n1 Daniel Lee Helsingin Kisa-Veikot 12,28<br \/>\n2 Nikolas Archer Helsingin Kisa-Veikot 10,36<br \/>\n3 Touko Nyblom Lieksan Urheilijat 10,27<br \/>\nP07 Korkeus<br \/>\n1 Touko Nyblom Lieksan Urheilijat 70<br \/>\nP06 40m<br \/>\n1 Ahti Boren Lieksan Urheilijat 9,0h<br \/>\n2 Eetu Leivo Lieksan Urheilijat 9,3h<br \/>\n3 Niko Pulkkinen Lieksan Urheilijat 10,2h<br \/>\nP06 Pallo<br \/>\n1 Ahti Boren Lieksan Urheilijat 13,08 C<br \/>\n2 Niko Pulkkinen Lieksan Urheilijat 11,27<br \/>\n3 Eetu Leivo Lieksan Urheilijat 9,60<br \/>\nP06 Korkeus<br \/>\n1 Ahti Boren Lieksan Urheilijat 75<br \/>\n2 Eetu Leivo Lieksan Urheilijat 60<br \/>\n3 Niko Pulkkinen Lieksan Urheilijat 52<br \/>\nP05 40m<br \/>\n1 Onni Sainio Lieksan Urheilijat 9,8h<br \/>\n2 Topi Muikku Lieksan Urheilijat 10,6h<br \/>\nP05 Pallo<br \/>\n1 Onni Sainio Lieksan Urheilijat 11,67<br \/>\n2 Topi Muikku Lieksan Urheilijat 5,82<br \/>\nP05 Korkeus<br \/>\n1 Topi Muikku Lieksan Urheilijat 65<br \/>\n2 Onni Sainio Lieksan Urheilijat 60<br \/>\nN17 100m aj. 1. juoksu TUULI: +0,8<br \/>\n1 Sanna Jaatinen Joensuun Kataja 14,5h<br \/>\nN17 100m aj. 2. juoksu TUULI: +0,6<br \/>\n1 Sanna Jaatinen Joensuun Kataja 14,76<br \/>\nN17 Korkeus<br \/>\n1 Moona Kokkonen Lieksan Urheilijat 160<br \/>\nT15 Keih\u00e4s<br \/>\n1 Minea Suhonen Lieksan Urheilijat 35,84 A<br \/>\n2 Milja Pesonen Lieksan Urheilijat 35,06 A<br \/>\n3 Venla Kettunen Lieksan Urheilijat 34,09 A<br \/>\n4 Jutta Martikainen Lieksan Urheilijat 28,70 C<br \/>\nT15 Moukari<br \/>\n1 Venla Kettunen Lieksan Urheilijat 49,28<br \/>\n2 Milja Pesonen Lieksan Urheilijat 43,45<br \/>\n3 Jutta Martikainen Lieksan Urheilijat 32,54<br \/>\nT13 Keih\u00e4s<br \/>\n1 Riina Kettunen Lieksan Urheilijat 26,65 B<br \/>\nT13 Korkeus<br \/>\n1 Riina Kettunen Lieksan Urheilijat 136 B<br \/>\nT13 Moukari<br \/>\n1 Riina Kettunen Lieksan Urheilijat 25,48 B<br \/>\nT12 60m aj.<br \/>\n1 Milla Martikainen Lieksan Urheilijat 14,24<br \/>\nAnnika Porkka Lieksan Urheilijat DNF<br \/>\nT12 Keih\u00e4s<br \/>\n1 Milla Martikainen Lieksan Urheilijat 24,67 B<br \/>\n2 Hanna Toivanen Juuan Urheilijat 24,11 B<br \/>\n3 Lotta Martikainen Lieksan Urheilijat 18,93C<br \/>\nT12 Korkeus<br \/>\n1 Hanna Toivanen Juuan Urheilijat 115 C<br \/>\n2 Milla Martikainen Lieksan Urheilijat 100<br \/>\nT12 Moukari<br \/>\n1 Milla Martikainen Lieksan Urheilijat 26,38<br \/>\n2 Hanna Toivanen Juuan Urheilijat 22,59<br \/>\n3 Lotta Martikainen Lieksan Urheilijat 20,18<br \/>\nT11 60m aj.<br \/>\n1 Aada Kokko Joensuun Kataja 10,99 A<br \/>\n2 Heta Kettunen Lieksan Urheilijat 11,85 B<br \/>\n3 Riina Palviainen Lieksan Urheilijat 12,15 C<br \/>\nT11 Keih\u00e4s<br \/>\n1 Heta Kettunen Lieksan Urheilijat 24,24 A<br \/>\n2 Riina Palviainen Lieksan Urheilijat 22,96 B<br \/>\nT11 Korkeus<br \/>\n1 Riina Palviainen Lieksan Urheilijat 125 B<br \/>\n2 Heta Kettunen Lieksan Urheilijat 125 B<br \/>\nT11 Moukari<br \/>\n1 Riina Palviainen Lieksan Urheilijat 20,58<br \/>\nT10 60m aj.<br \/>\n1 Sara-Sofia Hyv\u00f6nen Lieksan Urheilijat 12,66 B<br \/>\n2 Maija Boren Lieksan Urheilijat 18,51<br \/>\nT10 Keih\u00e4s<br \/>\n1 Sanni Toivanen Juuan Urheilijat 14,48 B<br \/>\n2 Maija Boren Lieksan Urheilijat 8,05<br \/>\nT10 Korkeus<br \/>\n1 Sanni Toivanen Juuan Urheilijat 105 C<br \/>\n2 Maija Boren Lieksan Urheilijat 100 C<br \/>\nT10 Moukari<br \/>\n1 Sanni Toivanen Juuan Urheilijat 9,58<br \/>\nT09 40m<br \/>\n1\u00a0Sara-Sofia Hyv\u00f6nen Pyh\u00e4sel\u00e4n Urheilijat 6,92 A<br \/>\n2\u00a0Aino Pyykk\u00f6 Lieksan Urheilijat 7,45 C<br \/>\n3 Evelina Archer Helsingin Kisa-Veikot 8,80<br \/>\nT09 Keih\u00e4s<br \/>\n1 Sara-Sofia Hyv\u00f6nen Pyh\u00e4sel\u00e4n Urheilijat 13,65 B<br \/>\n2 Aino Pyykk\u00f6 Lieksan Urheilijat 6,03<br \/>\n3 Evelina Archer Helsingin Kisa-Veikot 5,58<br \/>\nT09 Korkeus<br \/>\n1 Sara-Sofia Hyv\u00f6nen Pyh\u00e4sel\u00e4n Urheilijat 110 A<br \/>\n2 Aino Pyykk\u00f6 Lieksan Urheilijat 80<br \/>\n3 Evelina Archer Helsingin Kisa-Veikot 75<br \/>\nT08 40m<br \/>\n1 Suvi Lampinen Lieksan Urheilijat 8,21<br \/>\n2\u00a0Saara Leivo Lieksan Urheilijat 8,65<br \/>\n3\u00a0Netta Martikainen Lieksan Urheilijat 9,00<br \/>\nT08 Keih\u00e4s<br \/>\n1 Netta Martikainen Lieksan Urheilijat 8,86<br \/>\n2 Suvi Lampinen Lieksan Urheilijat 2,80<br \/>\nT08 Korkeus<br \/>\n1 Netta Martikainen Lieksan Urheilijat 80<br \/>\n2 Suvi Lampinen Lieksan Urheilijat 75<br \/>\n3 Saara Leivo Lieksan Urheilijat 75<br \/>\nT07 40m<br \/>\n1 Noora Sainio Lieksan Urheilijat 9,0h<br \/>\n2 Neea Solehmainen Lieksan Urheilijat 9,8h<br \/>\n3 Kiia Lampinen Lieksan Urheilijat 11,6h<br \/>\nT07 Pallo<br \/>\n1 Noora Sainio Lieksan Urheilijat 10,87<br \/>\n2 Neea Solehmainen Lieksan Urheilijat 7,52<br \/>\nT07 Korkeus<br \/>\n1 Noora Sainio Lieksan Urheilijat 70<br \/>\n2 Neea Solehmainen Lieksan Urheilijat 65<br \/>\nT06 40m<br \/>\n1 Netta Oinonen Lieksan Urheilijat 8,5h<br \/>\n2 Titta Martikainen Lieksan Urheilijat 11,1h<br \/>\nT06 Pallo<br \/>\n1 Titta Martikainen Lieksan Urheilijat 7,67<br \/>\n2 Netta Oinonen Lieksan Urheilijat 3,81<br \/>\nT06 Korkeus<br \/>\n1 Netta Oinonen Lieksan Urheilijat 70<br \/>\n2 Titta Martikainen Lieksan Urheilijat 55<br \/>\nT05 40m<br \/>\n1 Luna Lee Helsingin Kisa-Veikot 9,3h<br \/>\n2 Noora Oinonen Lieksan Urheilijat 11,1h<br \/>\nT05 Pallo<br \/>\n1 Luna Lee Helsingin Kisa-Veikot 5,90<\/p>\n","protected":false},"excerpt":{"rendered":"<p>9.7.2014 Lieksa M Korkeus 1 Joona M\u00e4kinen Lieksan Urheilijat 170 M17 Moukari 1 Kimmo Martikainen Lieksan Urheilijat 52,45 P14 Keih\u00e4s 1 Eeki Kokkonen Lieksan Urheilijat 32,98 C P14 Korkeus 1 Eeki Kokkonen Lieksan Urheilijat 140 C P12 60m aj. 1 Gabriel Archer Helsingin Kisa-Veikot 14,39 P12 Keih\u00e4s 1 Gabriel Archer &hellip;<\/p>\n","protected":false},"author":3,"featured_media":0,"parent":312,"menu_order":41,"comment_status":"closed","ping_status":"closed","template":"","meta":{"footnotes":""},"categories":[14,34,32,31,7,23],"tags":[],"class_list":["post-2331","page","type-page","status-publish","hentry","category-aarninyblom","category-hetakettunen","category-millamartikainen","category-riinakettunen","category-tulokset","category-venlakettunen"],"_links":{"self":[{"href":"https:\/\/www.lieksanurheilijat.com\/index.php?rest_route=\/wp\/v2\/pages\/2331","targetHints":{"allow":["GET"]}}],"collection":[{"href":"https:\/\/www.lieksanurheilijat.com\/index.php?rest_route=\/wp\/v2\/pages"}],"about":[{"href":"https:\/\/www.lieksanurheilijat.com\/index.php?rest_route=\/wp\/v2\/types\/page"}],"author":[{"embeddable":true,"href":"https:\/\/www.lieksanurheilijat.com\/index.php?rest_route=\/wp\/v2\/users\/3"}],"replies":[{"embeddable":true,"href":"https:\/\/www.lieksanurheilijat.com\/index.php?rest_route=%2Fwp%2Fv2%2Fcomments&post=2331"}],"version-history":[{"count":3,"href":"https:\/\/www.lieksanurheilijat.com\/index.php?rest_route=\/wp\/v2\/pages\/2331\/revisions"}],"predecessor-version":[{"id":2334,"href":"https:\/\/www.lieksanurheilijat.com\/index.php?rest_route=\/wp\/v2\/pages\/2331\/revisions\/2334"}],"up":[{"embeddable":true,"href":"https:\/\/www.lieksanurheilijat.com\/index.php?rest_route=\/wp\/v2\/pages\/312"}],"wp:attachment":[{"href":"https:\/\/www.lieksanurheilijat.com\/index.php?rest_route=%2Fwp%2Fv2%2Fmedia&parent=2331"}],"wp:term":[{"taxonomy":"category","embeddable":true,"href":"https:\/\/www.lieksanurheilijat.com\/index.php?rest_route=%2Fwp%2Fv2%2Fcategories&post=2331"},{"taxonomy":"post_tag","embeddable":true,"href":"https:\/\/www.lieksanurheilijat.com\/index.php?rest_route=%2Fwp%2Fv2%2Ftags&post=2331"}],"curies":[{"name":"wp","href":"https:\/\/api.w.org\/{rel}","templated":true}]}}