{"id":2274,"date":"2014-06-21T16:00:08","date_gmt":"2014-06-21T13:00:08","guid":{"rendered":"https:\/\/www.lieksanurheilijat.com\/?page_id=2274"},"modified":"2014-06-22T20:40:59","modified_gmt":"2014-06-22T17:40:59","slug":"juhannuskisat2014","status":"publish","type":"page","link":"https:\/\/www.lieksanurheilijat.com\/?page_id=2274","title":{"rendered":"78. Juhannuskisat"},"content":{"rendered":"<p>21.6.2014<br \/>\nSaarij\u00e4rvi<\/p>\n<p>N Keih\u00e4s<br \/>\n1 Nadeeka Lakmali SRI 56.57<br \/>\n2 Jelena Jaakkola SoinSi 52.55<br \/>\n3 Heidi Nokelainen SimpU 50.37<br \/>\n4 Piia Pyykkinen \u00c4\u00e4nekU 49.12<br \/>\n5 Matleena Nenonen RuovPi 47.44<br \/>\n6 Jenna Jaakkola SoinSi 46.63<br \/>\n7 Janette Lepist\u00f6 LehtimJy 45.43<br \/>\n8 Noora Ruuska KannKi 45.30<br \/>\n9 Milja Lusila AsikkRai 45.14<br \/>\n10 <strong><a title=\"Jutta Heikkinen\" href=\"https:\/\/www.lieksanurheilijat.com\/yleisurheilu\/urheilijaesittelyt\/jutta-heikkinen\/\">Jutta Heikkinen<\/a> LieksU 42.64<\/strong><br \/>\n11 Jenna Siki\u00f6 HKV 40.99<br \/>\n12 Sandra Laulumaa OulHui 39.95<br \/>\n13 <strong><a title=\"Hertta Heikkinen\" href=\"https:\/\/www.lieksanurheilijat.com\/yleisurheilu\/urheilijaesittelyt\/hertta-heikkinen\/\">Hertta Heikkinen<\/a> LieksU 35.40<\/strong><\/p>\n","protected":false},"excerpt":{"rendered":"<p>21.6.2014 Saarij\u00e4rvi N Keih\u00e4s 1 Nadeeka Lakmali SRI 56.57 2 Jelena Jaakkola SoinSi 52.55 3 Heidi Nokelainen SimpU 50.37 4 Piia Pyykkinen \u00c4\u00e4nekU 49.12 5 Matleena Nenonen RuovPi 47.44 6 Jenna Jaakkola SoinSi 46.63 7 Janette Lepist\u00f6 LehtimJy 45.43 8 Noora Ruuska KannKi 45.30 9 Milja Lusila AsikkRai 45.14 10 &hellip;<\/p>\n","protected":false},"author":3,"featured_media":0,"parent":312,"menu_order":54,"comment_status":"closed","ping_status":"closed","template":"","meta":{"footnotes":""},"categories":[7],"tags":[],"class_list":["post-2274","page","type-page","status-publish","hentry","category-tulokset"],"_links":{"self":[{"href":"https:\/\/www.lieksanurheilijat.com\/index.php?rest_route=\/wp\/v2\/pages\/2274","targetHints":{"allow":["GET"]}}],"collection":[{"href":"https:\/\/www.lieksanurheilijat.com\/index.php?rest_route=\/wp\/v2\/pages"}],"about":[{"href":"https:\/\/www.lieksanurheilijat.com\/index.php?rest_route=\/wp\/v2\/types\/page"}],"author":[{"embeddable":true,"href":"https:\/\/www.lieksanurheilijat.com\/index.php?rest_route=\/wp\/v2\/users\/3"}],"replies":[{"embeddable":true,"href":"https:\/\/www.lieksanurheilijat.com\/index.php?rest_route=%2Fwp%2Fv2%2Fcomments&post=2274"}],"version-history":[{"count":1,"href":"https:\/\/www.lieksanurheilijat.com\/index.php?rest_route=\/wp\/v2\/pages\/2274\/revisions"}],"predecessor-version":[{"id":2275,"href":"https:\/\/www.lieksanurheilijat.com\/index.php?rest_route=\/wp\/v2\/pages\/2274\/revisions\/2275"}],"up":[{"embeddable":true,"href":"https:\/\/www.lieksanurheilijat.com\/index.php?rest_route=\/wp\/v2\/pages\/312"}],"wp:attachment":[{"href":"https:\/\/www.lieksanurheilijat.com\/index.php?rest_route=%2Fwp%2Fv2%2Fmedia&parent=2274"}],"wp:term":[{"taxonomy":"category","embeddable":true,"href":"https:\/\/www.lieksanurheilijat.com\/index.php?rest_route=%2Fwp%2Fv2%2Fcategories&post=2274"},{"taxonomy":"post_tag","embeddable":true,"href":"https:\/\/www.lieksanurheilijat.com\/index.php?rest_route=%2Fwp%2Fv2%2Ftags&post=2274"}],"curies":[{"name":"wp","href":"https:\/\/api.w.org\/{rel}","templated":true}]}}