{"id":1901,"date":"2014-04-29T16:38:01","date_gmt":"2014-04-29T13:38:01","guid":{"rendered":"https:\/\/www.lieksanurheilijat.com\/?page_id=1901"},"modified":"2014-05-10T08:14:13","modified_gmt":"2014-05-10T05:14:13","slug":"maaninka-holkka","status":"publish","type":"page","link":"https:\/\/www.lieksanurheilijat.com\/?page_id=1901","title":{"rendered":"Maaninka-h\u00f6lkk\u00e4"},"content":{"rendered":"<p>26.4.2014<br \/>\nMaaninka<\/p>\n<p>P15 3 km<br \/>\n1. <strong>Eppu Honkanen Lieksan Urheilijat 10.33<br \/>\n<\/strong>2. Riku Ollikainen Maaningan Mahti 10.54<br \/>\n3. Aleksi Pennanen Lepp\u00e4virran Viri 11.38<br \/>\n4. Juhani Ik\u00e4l\u00e4inen Siilinj\u00e4rven Hiihtoseura 12.15<\/p>\n","protected":false},"excerpt":{"rendered":"<p>26.4.2014 Maaninka P15 3 km 1. Eppu Honkanen Lieksan Urheilijat 10.33 2. Riku Ollikainen Maaningan Mahti 10.54 3. Aleksi Pennanen Lepp\u00e4virran Viri 11.38 4. Juhani Ik\u00e4l\u00e4inen Siilinj\u00e4rven Hiihtoseura 12.15<\/p>\n","protected":false},"author":3,"featured_media":0,"parent":312,"menu_order":70,"comment_status":"closed","ping_status":"closed","template":"","meta":{"footnotes":""},"categories":[7],"tags":[],"class_list":["post-1901","page","type-page","status-publish","hentry","category-tulokset"],"_links":{"self":[{"href":"https:\/\/www.lieksanurheilijat.com\/index.php?rest_route=\/wp\/v2\/pages\/1901","targetHints":{"allow":["GET"]}}],"collection":[{"href":"https:\/\/www.lieksanurheilijat.com\/index.php?rest_route=\/wp\/v2\/pages"}],"about":[{"href":"https:\/\/www.lieksanurheilijat.com\/index.php?rest_route=\/wp\/v2\/types\/page"}],"author":[{"embeddable":true,"href":"https:\/\/www.lieksanurheilijat.com\/index.php?rest_route=\/wp\/v2\/users\/3"}],"replies":[{"embeddable":true,"href":"https:\/\/www.lieksanurheilijat.com\/index.php?rest_route=%2Fwp%2Fv2%2Fcomments&post=1901"}],"version-history":[{"count":3,"href":"https:\/\/www.lieksanurheilijat.com\/index.php?rest_route=\/wp\/v2\/pages\/1901\/revisions"}],"predecessor-version":[{"id":1911,"href":"https:\/\/www.lieksanurheilijat.com\/index.php?rest_route=\/wp\/v2\/pages\/1901\/revisions\/1911"}],"up":[{"embeddable":true,"href":"https:\/\/www.lieksanurheilijat.com\/index.php?rest_route=\/wp\/v2\/pages\/312"}],"wp:attachment":[{"href":"https:\/\/www.lieksanurheilijat.com\/index.php?rest_route=%2Fwp%2Fv2%2Fmedia&parent=1901"}],"wp:term":[{"taxonomy":"category","embeddable":true,"href":"https:\/\/www.lieksanurheilijat.com\/index.php?rest_route=%2Fwp%2Fv2%2Fcategories&post=1901"},{"taxonomy":"post_tag","embeddable":true,"href":"https:\/\/www.lieksanurheilijat.com\/index.php?rest_route=%2Fwp%2Fv2%2Ftags&post=1901"}],"curies":[{"name":"wp","href":"https:\/\/api.w.org\/{rel}","templated":true}]}}